000
CXUS54 KLZK 011612
CF6HRO
PRELIMINARY LOCAL CLIMATOLOGICAL DATA (WS FORM: F-6)
STATION: HARRISON
MONTH: AUGUST
YEAR: 2022
LATITUDE: 36 15 N
LONGITUDE: 93 9 W
TEMPERATURE IN F: :PCPN: SNOW: WIND :SUNSHINE: SKY :PK WND
================================================================================
1 2 3 4 5 6A 6B 7 8 9 10 11 12 13 14 15 16 17 18
12Z AVG MX 2MIN
DY MAX MIN AVG DEP HDD CDD WTR SNW DPTH SPD SPD DIR MIN PSBL S-S WX SPD DR
================================================================================
1 92 71 82 3 0 17 0.00 0.0 0 5.6 15 250 M M 1 1 21 230
2 94 72 83 4 0 18 0.00 0.0 0 6.4 14 160 M M 2 3 18 160
3 96 75 86 7 0 21 0.00 0.0 0 7.2 13 170 M M 1 19 180
4 88 69 79 0 0 14 0.00 0.0 0 5.3 26 20 M M 3 13 41 10
5 92 70 81 2 0 16 0.00 0.0 0 5.9 14 150 M M 1 17 170
6 91 73 82 3 0 17 0.00 0.0 0 7.5 16 160 M M 0 20 160
7 91 73 82 3 0 17 0.00 0.0 0 6.3 16 170 M M 2 22 150
8 93 72 83 4 0 18 T 0.0 0 4.7 16 10 M M 3 3 22 10
9 87 69 78 -1 0 13 0.00 0.0 0 4.3 15 110 M M 3 20 120
10 90 67 79 0 0 14 0.00 0.0 0 4.1 14 60 M M 3 19 50
11 87 70 79 1 0 14 T 0.0 0 5.5 12 20 M M 5 M M
12 89 60 75 -3 0 10 0.00 0.0 0 3.7 12 90 M M 0 17 110
13 89 67 78 0 0 13 0.00 0.0 0 5.8 10 160 M M 2 12 14 140
14 96 63 80 2 0 15 0.00 0.0 0 4.1 12 270 M M 0 16 230
15 97 66 82 4 0 17 0.00 0.0 0 5.3 17 120 M M 1 23 130
16 81 67 74 -4 0 9 0.77 0.0 0 10.9 20 30 M M 7 13 27 40
17 71 63 67 -11 0 2 0.59 0.0 0 6.1 16 130 M M 9 13 20 130
18 84 60 72 -6 0 7 0.00 0.0 0 3.5 12 120 M M 3 12 15 100
19 85 61 73 -5 0 8 0.00 0.0 0 3.5 12 140 M M 1 14 130
20 89 64 77 0 0 12 0.23 0.0 0 5.0 16 290 M M 2 13 28 280
21 84 67 76 -1 0 11 0.80 0.0 0 4.7 15 250 M M 5 13 24 240
22 85 64 75 -2 0 10 0.00 0.0 0 4.5 12 80 M M 4 1 16 120
23 85 63 74 -3 0 9 0.00 0.0 0 4.2 16 130 M M 3 1 20 110
24 85 60 73 -4 0 8 0.00 0.0 0 3.2 13 100 M M 3 12 16 110
25 89 61 75 -1 0 10 0.00 0.0 0 2.0 10 80 M M 0 14 70
26 90 62 76 0 0 11 0.00 0.0 0 2.4 10 150 M M 1 19 110
27 88 66 77 1 0 12 0.00 0.0 0 4.8 13 170 M M 1 22 190
28 89 72 81 5 0 16 0.00 0.0 0 7.5 18 170 M M 2 23 170
29 90 69 80 5 0 15 0.47 0.0 0 7.5 16 170 M M 3 13 22 340
30 89 65 77 2 0 12 0.00 0.0 0 3.5 12 40 M M 3 12 16 300
31 89 62 76 1 0 11 0.00 0.0 0 2.0 8 100 M M 0 11 80
================================================================================
SM 2745 2063 0 397 2.86 0.0 157.0 M 74
================================================================================
AV 88.5 66.5 5.1 FASTST M M 2 MAX(MPH)
MISC ----> 26 20 41 10
================================================================================
NOTES:
# LAST OF SEVERAL OCCURRENCES
COLUMN 17 PEAK WIND IN M.P.H.
PRELIMINARY LOCAL CLIMATOLOGICAL DATA (WS FORM: F-6) , PAGE 2
STATION: HARRISON
MONTH: AUGUST
YEAR: 2022
LATITUDE: 36 15 N
LONGITUDE: 93 9 W
[TEMPERATURE DATA] [PRECIPITATION DATA] SYMBOLS USED IN COLUMN 16
AVERAGE MONTHLY: 77.5 TOTAL FOR MONTH: 2.86 1 = FOG OR MIST
DPTR FM NORMAL: -0.1 DPTR FM NORMAL: -0.56 2 = FOG REDUCING VISIBILITY
HIGHEST: 97 ON 15 GRTST 24HR 1.36 ON 16-17 TO 1/4 MILE OR LESS
LOWEST: 60 ON 18,12 3 = THUNDER
SNOW, ICE PELLETS, HAIL 4 = ICE PELLETS
TOTAL MONTH: 0.0 INCH 5 = HAIL
GRTST 24HR 0.0 6 = FREEZING RAIN OR DRIZZLE
GRTST DEPTH: 0 7 = DUSTSTORM OR SANDSTORM:
VSBY 1/2 MILE OR LESS
8 = SMOKE OR HAZE
[NO. OF DAYS WITH] [WEATHER - DAYS WITH] 9 = BLOWING SNOW
X = TORNADO
MAX 32 OR BELOW: 0 0.01 INCH OR MORE: 5
MAX 90 OR ABOVE: 12 0.10 INCH OR MORE: 5
MIN 32 OR BELOW: 0 0.50 INCH OR MORE: 3
MIN 0 OR BELOW: 0 1.00 INCH OR MORE: 0
[HDD (BASE 65) ]
TOTAL THIS MO. 0 CLEAR (SCALE 0-3) 23
DPTR FM NORMAL -1 PTCLDY (SCALE 4-7) 7
TOTAL FM JUL 1 0 CLOUDY (SCALE 8-10) 1
DPTR FM NORMAL 0
[CDD (BASE 65) ]
TOTAL THIS MO. 397
DPTR FM NORMAL 6 [PRESSURE DATA]
TOTAL FM JAN 1 1479 HIGHEST SLP 30.15 ON 12
DPTR FM NORMAL 232 LOWEST SLP 29.80 ON 28
[REMARKS]
#FINAL-08-22#