000
CXUS54 KLZK 011130
CF6HRO
PRELIMINARY LOCAL CLIMATOLOGICAL DATA (WS FORM: F-6)
STATION: HARRISON
MONTH: AUGUST
YEAR: 2021
LATITUDE: 36 15 N
LONGITUDE: 93 9 W
TEMPERATURE IN F: :PCPN: SNOW: WIND :SUNSHINE: SKY :PK WND
================================================================================
1 2 3 4 5 6A 6B 7 8 9 10 11 12 13 14 15 16 17 18
12Z AVG MX 2MIN
DY MAX MIN AVG DEP HDD CDD WTR SNW DPTH SPD SPD DIR MIN PSBL S-S WX SPD DR
================================================================================
1 82 69 76 -3 0 11 1.17 0.0 0 4.0 12 40 M M 4 138 17 20
2 84 64 74 -5 0 9 0.00 0.0 0 3.7 13 60 M M 4 18 16 40
3 83 62 73 -6 0 8 0.00 0.0 0 2.7 10 40 M M 3 18 12 40
4 82 65 74 -5 0 9 0.00 0.0 0 4.4 10 90 M M 6 1 13 160
5 85 65 75 -4 0 10 0.28 0.0 0 4.8 17 160 M M 4 13 20 320
6 82 66 74 -5 0 9 0.05 0.0 0 5.9 16 140 M M 5 13 21 150
7 88 66 77 -2 0 12 0.00 0.0 0 5.6 17 160 M M 0 18 24 150
8 89 71 80 1 0 15 0.00 0.0 0 7.9 15 180 M M 2 21 160
9 91 74 83 4 0 18 0.00 0.0 0 7.8 17 170 M M 1 25 180
10 94 74 84 5 0 19 0.00 0.0 0 7.3 16 180 M M 0 24 230
11 93 74 84 6 0 19 0.00 0.0 M 7.6 17 250 M M 0 25 240
12 96 72 84 6 0 19 0.00 0.0 0 6.7 22 30 M M 1 3 29 20
13 94 69 82 4 0 17 T 0.0 0 4.5 14 150 M M 2 3 19 320
14 84 69 77 -1 0 12 0.00 0.0 0 2.9 9 360 M M 3 13 360
15 86 64 75 -3 0 10 0.00 0.0 0 3.6 10 70 M M 1 17 30
16 87 61 74 -4 0 9 0.00 0.0 0 3.8 13 110 M M 1 1 16 120
17 89 65 77 -1 0 12 T 0.0 0 5.0 14 110 M M 2 19 150
18 80 70 75 -3 0 10 0.10 0.0 0 5.8 20 130 M M 5 1 25 150
19 86 70 78 0 0 13 0.63 0.0 0 5.1 18 180 M M 6 128 27 160
20 85 71 78 1 0 13 0.29 0.0 0 5.3 13 160 M M 4 13 18 160
21 87 69 78 1 0 13 0.43 0.0 0 5.1 20 30 M M 3 1 26 30
22 90 70 80 3 0 15 T 0.0 0 3.7 10 190 M M 2 13 16 200
23 93 73 83 6 0 18 0.00 0.0 0 4.4 12 170 M M 2 14 170
24 93 69 81 4 0 16 0.00 0.0 0 4.9 14 150 M M 0 1 18 150
25 93 68 81 5 0 16 0.00 0.0 0 3.9 12 150 M M 0 M M
26 92 71 82 6 0 17 0.00 0.0 0 4.4 13 130 M M 0 1 19 90
27 91 71 81 5 0 16 0.00 0.0 0 6.3 14 170 M M 0 19 150
28 89 68 79 3 0 14 0.00 0.0 0 6.1 17 130 M M 2 22 160
29 89 67 78 3 0 13 0.35 0.0 0 4.5 14 330 M M 2 13 19 360
30 87 68 78 3 0 13 0.00 0.0 0 5.0 18 140 M M 5 12 23 140
31 89 62 76 1 0 11 0.00 0.0 0 3.2 14 320 M M 1 20 290
================================================================================
SM 2733 2117 0 416 3.30 0.0 155.9 M 71
================================================================================
AV 88.2 68.3 5.0 FASTST M M 2 MAX(MPH)
MISC ----> 22 30 29 20
================================================================================
NOTES:
# LAST OF SEVERAL OCCURRENCES
COLUMN 17 PEAK WIND IN M.P.H.
PRELIMINARY LOCAL CLIMATOLOGICAL DATA (WS FORM: F-6) , PAGE 2
STATION: HARRISON
MONTH: AUGUST
YEAR: 2021
LATITUDE: 36 15 N
LONGITUDE: 93 9 W
[TEMPERATURE DATA] [PRECIPITATION DATA] SYMBOLS USED IN COLUMN 16
AVERAGE MONTHLY: 78.2 TOTAL FOR MONTH: 3.30 1 = FOG OR MIST
DPTR FM NORMAL: 0.6 DPTR FM NORMAL: -0.12 2 = FOG REDUCING VISIBILITY
HIGHEST: 96 ON 12 GRTST 24HR 1.17 ON 1- 1 TO 1/4 MILE OR LESS
LOWEST: 61 ON 16 3 = THUNDER
SNOW, ICE PELLETS, HAIL 4 = ICE PELLETS
TOTAL MONTH: 0.0 INCH 5 = HAIL
GRTST 24HR 0.0 6 = FREEZING RAIN OR DRIZZLE
GRTST DEPTH: 0 7 = DUSTSTORM OR SANDSTORM:
VSBY 1/2 MILE OR LESS
8 = SMOKE OR HAZE
[NO. OF DAYS WITH] [WEATHER - DAYS WITH] 9 = BLOWING SNOW
X = TORNADO
MAX 32 OR BELOW: 0 0.01 INCH OR MORE: 8
MAX 90 OR ABOVE: 11 0.10 INCH OR MORE: 7
MIN 32 OR BELOW: 0 0.50 INCH OR MORE: 2
MIN 0 OR BELOW: 0 1.00 INCH OR MORE: 1
[HDD (BASE 65) ]
TOTAL THIS MO. 0 CLEAR (SCALE 0-3) 21
DPTR FM NORMAL -1 PTCLDY (SCALE 4-7) 10
TOTAL FM JUL 1 0 CLOUDY (SCALE 8-10) 0
DPTR FM NORMAL 0
[CDD (BASE 65) ]
TOTAL THIS MO. 416
DPTR FM NORMAL 25 [PRESSURE DATA]
TOTAL FM JAN 1 1185 HIGHEST SLP 30.23 ON 14
DPTR FM NORMAL -62 LOWEST SLP 29.71 ON 31
[REMARKS]
#FINAL-08-21#