000
CXUS53 KAPX 010552
CLAHTL
CLIMATE REPORT
NATIONAL WEATHER SERVICE
1252 AM EST MON JAN 01 2024
...................................
...THE HOUGHTON LAKE MI CLIMATE SUMMARY FOR THE YEAR OF 2023...
CLIMATE NORMAL PERIOD: 1991 TO 2020
CLIMATE RECORD PERIOD: 1913 TO 2023
WEATHER OBSERVED NORMAL DEPART LAST YEAR`S
VALUE DATE(S) VALUE FROM VALUE DATE(S)
NORMAL
................................................................
TEMPERATURE (F)
RECORD
HIGH 107 07/13/1936
07/08/1936
06/01/1934
LOW -34 02/17/1979
HIGHEST 91 06/02 MM MM 91 06/15
06/21
LOWEST 02/03 MM MM -15 01/26
AVG. MAXIMUM 56.3 54.7 1.6 52.1
AVG. MINIMUM 36.5 33.6 2.9 31.3
MEAN 46.4 44.1 2.3 41.7
DAYS MAX >= 90 4 4.2 -0.2 3
DAYS MAX <= 32 43
DAYS MIN <= 32 153 168.8 -15.8 142
DAYS MIN <= 0 2 16.6 -14.6 16
PRECIPITATION (INCHES)
RECORD
MAXIMUM 35.09 2008
MINIMUM 19.32 2020
TOTALS 25.39 29.59 -4.20 21.14
DAILY AVG. 0.07 0.08 -0.01 0.08
DAYS >= .01 144 141.1 2.9 104
DAYS >= .10 67 68.7 -1.7 53
DAYS >= .50 15 18.1 -3.1 15
DAYS >= 1.00 4 4.3 -0.3 2
DAYS >= %-5.2F 0 0
DAYS >= %-5.2F 0 0
GREATEST
24 HR. TOTAL 1.64 0MM29 TO 06/29 1.44
STORM TOTAL 1.31 1.42
(MM/DD(HH)) MM
DEGREE DAYS
HEATING TOTAL 6948 7898 -950 6424
SINCE 7/1 2607 3008 -401 MM
COOLING TOTAL 276 337 -61 186
SINCE 1/1 276 337 -61 MM
FREEZE DATES
RECORD
EARLIEST MM
LATEST MM
EARLIEST 10/12
LATEST 05/26
................................................................
WIND (MPH)
AVERAGE WIND SPEED 7.3
RESULTANT WIND SPEED/DIRECTION 2/270
HIGHEST WIND SPEED/DIRECTION 179/290 DATE 11/24
HIGHEST GUST SPEED/DIRECTION 48/220 DATE 02/15
SKY COVER
POSSIBLE SUNSHINE (PERCENT) MM
AVERAGE SKY COVER 0.52
NUMBER OF DAYS FAIR 85
NUMBER OF DAYS PC 82
NUMBER OF DAYS CLOUDY 110
AVERAGE RH (PERCENT) 74
- INDICATES NEGATIVE NUMBERS.
R INDICATES RECORD WAS SET OR TIED.
MM INDICATES DATA IS MISSING.
T INDICATES TRACE AMOUNT.
$$