000
CDUS43 KIND 100538
CLIHUF


CLIMATE REPORT
NATIONAL WEATHER SERVICE INDIANAPOLIS IN
1238 AM EST TUE JAN 10 2017


...................................

...THE TERRE HAUTE IN CLIMATE SUMMARY FOR JANUARY 9 2017...

CLIMATE NORMAL PERIOD 1981 TO 2010
CLIMATE RECORD PERIOD 9999 TO 9999


WEATHER ITEM   OBSERVED TIME   NORMAL DEPARTURE LAST
                VALUE   (LST)  VALUE  FROM      YEAR
                                      NORMAL
......................................................
TEMPERATURE (F)
 YESTERDAY
  MAXIMUM         38   1151 PM  36      2       49
  MINIMUM         19   1236 AM  20     -1       34
  AVERAGE         29            28      1       42

PRECIPITATION (IN)
  YESTERDAY        0.00          0.09  -0.09     0.50
  MONTH TO DATE    0.49          0.88  -0.39     0.61
  SINCE DEC 1      2.13          3.93  -1.80     7.10
  SINCE JAN 1      0.49          0.88  -0.39     0.61

DEGREE DAYS
 HEATING
  YESTERDAY       36            37     -1       23
  MONTH TO DATE  370           333     37      272
  SINCE DEC 1   1440          1366     74      944
  SINCE JUL 1   2166          2444   -278     1772

 COOLING
  YESTERDAY        0             0      0        0
  MONTH TO DATE    0             0      0        0
  SINCE DEC 1      0             0      0        0
  SINCE JAN 1      0             0      0        0
......................................................


WIND (MPH)
  HIGHEST WIND SPEED    23   HIGHEST WIND DIRECTION     S (170)
  HIGHEST GUST SPEED    29   HIGHEST GUST DIRECTION     S (170)
  AVERAGE WIND SPEED    13.0


SKY COVER
  AVERAGE SKY COVER 0.5


WEATHER CONDITIONS
 THE FOLLOWING WEATHER WAS RECORDED YESTERDAY.
  NO SIGNIFICANT WEATHER WAS OBSERVED.


RELATIVE HUMIDITY (PERCENT)
 HIGHEST    68           600 AM
 LOWEST     48          1000 PM
 AVERAGE    58

..........................................................


THE TERRE HAUTE IN CLIMATE NORMALS FOR TODAY
                         NORMAL
 MAXIMUM TEMPERATURE (F)   36
 MINIMUM TEMPERATURE (F)   20


SUNRISE AND SUNSET
JANUARY 10 2017.......SUNRISE   809 AM EST   SUNSET   545 PM EST
JANUARY 11 2017.......SUNRISE   809 AM EST   SUNSET   546 PM EST


-  INDICATES NEGATIVE NUMBERS.
R  INDICATES RECORD WAS SET OR TIED.
MM INDICATES DATA IS MISSING.
T  INDICATES TRACE AMOUNT.




$$
