000
CDUS43 KIND 150533
CLIHUF


CLIMATE REPORT
NATIONAL WEATHER SERVICE INDIANAPOLIS IN
133 AM EDT WED OCT 15 2014


...................................

...THE TERRE HAUTE IN CLIMATE SUMMARY FOR OCTOBER 14 2014...

CLIMATE NORMAL PERIOD 1981 TO 2010
CLIMATE RECORD PERIOD 9999 TO 9999


WEATHER ITEM   OBSERVED TIME   NORMAL DEPARTURE LAST
                VALUE   (LST)  VALUE  FROM      YEAR
                                      NORMAL
......................................................
TEMPERATURE (F)
 YESTERDAY
  MAXIMUM         65    323 AM  67     -2       70
  MINIMUM         55   1159 PM  43     12       39
  AVERAGE         60            55      5       55

PRECIPITATION (IN)
  YESTERDAY        0.19          0.12   0.07     0.00
  MONTH TO DATE    6.11          1.59   4.52     1.19
  SINCE SEP 1      9.10          5.01   4.09     2.39
  SINCE JAN 1     37.23         36.29   0.94    35.42

DEGREE DAYS
 HEATING
  YESTERDAY        5            11     -6       10
  MONTH TO DATE  136           123     13       54
  SINCE SEP 1    230           196     34      107
  SINCE JUL 1    241           201     40      117

 COOLING
  YESTERDAY        0             0      0        0
  MONTH TO DATE   11            12     -1       33
  SINCE SEP 1     87           111    -24      181
  SINCE JAN 1    938           990    -52     1056
......................................................


WIND (MPH)
  HIGHEST WIND SPEED    25   HIGHEST WIND DIRECTION     S (190)
  HIGHEST GUST SPEED    33   HIGHEST GUST DIRECTION     S (180)
  AVERAGE WIND SPEED    11.3


SKY COVER
  AVERAGE SKY COVER 1.0


WEATHER CONDITIONS
 THE FOLLOWING WEATHER WAS RECORDED YESTERDAY.
  HEAVY RAIN
  RAIN
  LIGHT RAIN
  FOG


RELATIVE HUMIDITY (PERCENT)
 HIGHEST    93           300 AM
 LOWEST     67           300 PM
 AVERAGE    80

..........................................................


THE TERRE HAUTE IN CLIMATE NORMALS FOR TODAY
                         NORMAL
 MAXIMUM TEMPERATURE (F)   66
 MINIMUM TEMPERATURE (F)   43


SUNRISE AND SUNSET
OCTOBER 15 2014.......SUNRISE   759 AM EDT   SUNSET   710 PM EDT
OCTOBER 16 2014.......SUNRISE   800 AM EDT   SUNSET   709 PM EDT


-  INDICATES NEGATIVE NUMBERS.
R  INDICATES RECORD WAS SET OR TIED.
MM INDICATES DATA IS MISSING.
T  INDICATES TRACE AMOUNT.




$$
