000
CDUS43 KIND 030533
CLIHUF


CLIMATE REPORT
NATIONAL WEATHER SERVICE INDIANAPOLIS IN
1231 AM EST WED FEB 3 2016


...................................

...THE TERRE HAUTE IN CLIMATE SUMMARY FOR FEBRUARY 2 2016...

CLIMATE NORMAL PERIOD 1981 TO 2010
CLIMATE RECORD PERIOD 9999 TO 9999


WEATHER ITEM   OBSERVED TIME   NORMAL DEPARTURE LAST
                VALUE   (LST)  VALUE  FROM      YEAR
                                      NORMAL
......................................................
TEMPERATURE (F)
 YESTERDAY
  MAXIMUM         63   1032 PM  38     25       26
  MINIMUM         29    101 AM  21      8       13
  AVERAGE         46            29     17       20

PRECIPITATION (IN)
  YESTERDAY        0.34          0.06   0.28      T
  MONTH TO DATE    0.34          0.13   0.21     0.38
  SINCE DEC 1      7.51          5.54   1.97     4.89
  SINCE JAN 1      1.02          2.49  -1.47     2.11

DEGREE DAYS
 HEATING
  YESTERDAY       19            36    -17       45
  MONTH TO DATE   43            72    -29       78
  SINCE DEC 1   1809          2244   -435     2166
  SINCE JUL 1   2637          3322   -685     3466

 COOLING
  YESTERDAY        0             0      0        0
  MONTH TO DATE    0             0      0        0
  SINCE DEC 1      0             0      0        0
  SINCE JAN 1      0             0      0        0
......................................................


WIND (MPH)
  HIGHEST WIND SPEED    25   HIGHEST WIND DIRECTION     S (170)
  HIGHEST GUST SPEED    34   HIGHEST GUST DIRECTION    SE (120)
  AVERAGE WIND SPEED    15.0


SKY COVER
  AVERAGE SKY COVER 0.6


WEATHER CONDITIONS
 THE FOLLOWING WEATHER WAS RECORDED YESTERDAY.
  THUNDERSTORM
  HEAVY RAIN
  LIGHT RAIN
  FOG


RELATIVE HUMIDITY (PERCENT)
 HIGHEST   100           100 AM
 LOWEST     65          1100 AM
 AVERAGE    83

..........................................................


THE TERRE HAUTE IN CLIMATE NORMALS FOR TODAY
                         NORMAL
 MAXIMUM TEMPERATURE (F)   38
 MINIMUM TEMPERATURE (F)   21


SUNRISE AND SUNSET
FEBRUARY  3 2016......SUNRISE   755 AM EST   SUNSET   611 PM EST
FEBRUARY  4 2016......SUNRISE   754 AM EST   SUNSET   612 PM EST


-  INDICATES NEGATIVE NUMBERS.
R  INDICATES RECORD WAS SET OR TIED.
MM INDICATES DATA IS MISSING.
T  INDICATES TRACE AMOUNT.




$$
