000
CDUS43 KIND 210532
CLIHUF


CLIMATE REPORT
NATIONAL WEATHER SERVICE INDIANAPOLIS IN
132 AM EDT FRI APR 21 2017


...................................

...THE TERRE HAUTE IN CLIMATE SUMMARY FOR APRIL 20 2017...

CLIMATE NORMAL PERIOD 1981 TO 2010
CLIMATE RECORD PERIOD 9999 TO 9999


WEATHER ITEM   OBSERVED TIME   NORMAL DEPARTURE LAST
                VALUE   (LST)  VALUE  FROM      YEAR
                                      NORMAL
......................................................
TEMPERATURE (F)
 YESTERDAY
  MAXIMUM         80    253 PM  66     14       78
  MINIMUM         58   1159 PM  44     14       51
  AVERAGE         69            55     14       65

PRECIPITATION (IN)
  YESTERDAY        0.04          0.13  -0.09     0.14
  MONTH TO DATE    2.66          2.20   0.46     2.23
  SINCE MAR 1      6.23          5.57   0.66     6.23
  SINCE JAN 1     10.57          9.86   0.71     8.68

DEGREE DAYS
 HEATING
  YESTERDAY        0            11    -11        0
  MONTH TO DATE  141           274   -133      290
  SINCE MAR 1    712           965   -253      778
  SINCE JUL 1   4047          5128  -1081     4240

 COOLING
  YESTERDAY        4             1      3        0
  MONTH TO DATE   19             6     13        2
  SINCE MAR 1     21             7     14        2
  SINCE JAN 1     21             7     14        2
......................................................


WIND (MPH)
  HIGHEST WIND SPEED    22   HIGHEST WIND DIRECTION    SW (210)
  HIGHEST GUST SPEED    32   HIGHEST GUST DIRECTION    SW (210)
  AVERAGE WIND SPEED    12.6


SKY COVER
  AVERAGE SKY COVER 0.5


WEATHER CONDITIONS
 THE FOLLOWING WEATHER WAS RECORDED YESTERDAY.
  THUNDERSTORM
  LIGHT RAIN


RELATIVE HUMIDITY (PERCENT)
 HIGHEST    78           500 AM
 LOWEST     52           900 PM
 AVERAGE    65

..........................................................


THE TERRE HAUTE IN CLIMATE NORMALS FOR TODAY
                         NORMAL
 MAXIMUM TEMPERATURE (F)   66
 MINIMUM TEMPERATURE (F)   44


SUNRISE AND SUNSET
APRIL 21 2017.........SUNRISE   703 AM EDT   SUNSET   833 PM EDT
APRIL 22 2017.........SUNRISE   702 AM EDT   SUNSET   834 PM EDT


-  INDICATES NEGATIVE NUMBERS.
R  INDICATES RECORD WAS SET OR TIED.
MM INDICATES DATA IS MISSING.
T  INDICATES TRACE AMOUNT.




$$
