000
CDUS43 KIND 160532
CLIHUF


CLIMATE REPORT
NATIONAL WEATHER SERVICE INDIANAPOLIS IN
132 AM EDT TUE AUG 16 2016


...................................

...THE TERRE HAUTE IN CLIMATE SUMMARY FOR AUGUST 15 2016...

CLIMATE NORMAL PERIOD 1981 TO 2010
CLIMATE RECORD PERIOD 9999 TO 9999


WEATHER ITEM   OBSERVED TIME   NORMAL DEPARTURE LAST
                VALUE   (LST)  VALUE  FROM      YEAR
                                      NORMAL
......................................................
TEMPERATURE (F)
 YESTERDAY
  MAXIMUM         80    521 PM  84     -4       90
  MINIMUM         70    322 AM  62      8       67
  AVERAGE         75            73      2       79

PRECIPITATION (IN)
  YESTERDAY       MM             0.08  MM        0.00
  MONTH TO DATE    0.32          1.51  -1.19     0.53
  SINCE JUN 1     12.13         10.74   1.39    10.63
  SINCE JAN 1     25.91         29.18  -3.27    25.26

DEGREE DAYS
 HEATING
  YESTERDAY        0             0      0        0
  MONTH TO DATE    0             0      0        0
  SINCE JUN 1      5            14     -9       13
  SINCE JUL 1      4             1      3        0

 COOLING
  YESTERDAY       10             8      2       14
  MONTH TO DATE  196           130     66      126
  SINCE JUN 1    868           676    192      694
  SINCE JAN 1    956           762    194      838
......................................................


WIND (MPH)
  HIGHEST WIND SPEED    25   HIGHEST WIND DIRECTION    SW (210)
  HIGHEST GUST SPEED    33   HIGHEST GUST DIRECTION     S (200)
  AVERAGE WIND SPEED     9.8


SKY COVER
  AVERAGE SKY COVER 0.9


WEATHER CONDITIONS
 THE FOLLOWING WEATHER WAS RECORDED YESTERDAY.
  HEAVY RAIN
  RAIN
  LIGHT RAIN
  FOG


RELATIVE HUMIDITY (PERCENT)
 HIGHEST    97           300 AM
 LOWEST     79           500 PM
 AVERAGE    88

..........................................................


THE TERRE HAUTE IN CLIMATE NORMALS FOR TODAY
                         NORMAL
 MAXIMUM TEMPERATURE (F)   84
 MINIMUM TEMPERATURE (F)   62


SUNRISE AND SUNSET
AUGUST 16 2016........SUNRISE   703 AM EDT   SUNSET   843 PM EDT
AUGUST 17 2016........SUNRISE   704 AM EDT   SUNSET   841 PM EDT


-  INDICATES NEGATIVE NUMBERS.
R  INDICATES RECORD WAS SET OR TIED.
MM INDICATES DATA IS MISSING.
T  INDICATES TRACE AMOUNT.




$$
