326
CDUS43 KIND 020538
CLIHUF


CLIMATE REPORT
NATIONAL WEATHER SERVICE INDIANAPOLIS IN
138 AM EDT MON MAY 2 2016


...................................

...THE TERRE HAUTE IN CLIMATE SUMMARY FOR MAY 1 2016...

CLIMATE NORMAL PERIOD 1981 TO 2010
CLIMATE RECORD PERIOD 9999 TO 9999


WEATHER ITEM   OBSERVED TIME   NORMAL DEPARTURE LAST
                VALUE   (LST)  VALUE  FROM      YEAR
                                      NORMAL
......................................................
TEMPERATURE (F)
 YESTERDAY
  MAXIMUM         76    444 PM  69      7       71
  MINIMUM         57    701 AM  47     10       37
  AVERAGE         67            58      9       54

PRECIPITATION (IN)
  YESTERDAY        T             0.21  -0.21     0.00
  MONTH TO DATE    T             0.21  -0.21     0.00
  SINCE MAR 1      9.42          7.73   1.69     8.02
  SINCE JAN 1     11.87         12.02  -0.15    10.92

DEGREE DAYS
 HEATING
  YESTERDAY        0             7     -7       11
  MONTH TO DATE    0             7     -7       11
  SINCE MAR 1    817          1064   -247     1130
  SINCE JUL 1   4279          5227   -948     5764

 COOLING
  YESTERDAY        2             1      1        0
  MONTH TO DATE    2             1      1        0
  SINCE MAR 1     11            16     -5        6
  SINCE JAN 1     11            16     -5        6
......................................................


WIND (MPH)
  HIGHEST WIND SPEED    17   HIGHEST WIND DIRECTION    NW (300)
  HIGHEST GUST SPEED    22   HIGHEST GUST DIRECTION    NW (300)
  AVERAGE WIND SPEED     5.1


SKY COVER
  AVERAGE SKY COVER 0.5


WEATHER CONDITIONS
 THE FOLLOWING WEATHER WAS RECORDED YESTERDAY.
  THUNDERSTORM
  FOG


RELATIVE HUMIDITY (PERCENT)
 HIGHEST   100           200 AM
 LOWEST     57           200 PM
 AVERAGE    79

..........................................................


THE TERRE HAUTE IN CLIMATE NORMALS FOR TODAY
                         NORMAL
 MAXIMUM TEMPERATURE (F)   70
 MINIMUM TEMPERATURE (F)   47


SUNRISE AND SUNSET
MAY  2 2016...........SUNRISE   649 AM EDT   SUNSET   844 PM EDT
MAY  3 2016...........SUNRISE   647 AM EDT   SUNSET   845 PM EDT


-  INDICATES NEGATIVE NUMBERS.
R  INDICATES RECORD WAS SET OR TIED.
MM INDICATES DATA IS MISSING.
T  INDICATES TRACE AMOUNT.




$$
