000
CDUS43 KIND 020530
CLIHUF


CLIMATE REPORT
NATIONAL WEATHER SERVICE INDIANAPOLIS IN
130 AM EDT SUN APR 2 2017


...................................

...THE TERRE HAUTE IN CLIMATE SUMMARY FOR APRIL 1 2017...

CLIMATE NORMAL PERIOD 1981 TO 2010
CLIMATE RECORD PERIOD 9999 TO 9999


WEATHER ITEM   OBSERVED TIME   NORMAL DEPARTURE LAST
                VALUE   (LST)  VALUE  FROM      YEAR
                                      NORMAL
......................................................
TEMPERATURE (F)
 YESTERDAY
  MAXIMUM         58    457 PM  60     -2       54
  MINIMUM         41    730 AM  38      3       39
  AVERAGE         50            49      1       47

PRECIPITATION (IN)
  YESTERDAY        0.00          0.11  -0.11      T
  MONTH TO DATE    0.00          0.11  -0.11      T
  SINCE MAR 1      3.57          3.48   0.09     4.00
  SINCE JAN 1      7.91          7.77   0.14     6.45

DEGREE DAYS
 HEATING
  YESTERDAY       15            17     -2       18
  MONTH TO DATE   15            17     -2       18
  SINCE MAR 1    586           708   -122      506
  SINCE JUL 1   3921          4871   -950     3968

 COOLING
  YESTERDAY        0             0      0        0
  MONTH TO DATE    0             0      0        0
  SINCE MAR 1      2             1      1        0
  SINCE JAN 1      2             1      1        0
......................................................


WIND (MPH)
  HIGHEST WIND SPEED    13   HIGHEST WIND DIRECTION    NE (40)
  HIGHEST GUST SPEED    15   HIGHEST GUST DIRECTION    NE (40)
  AVERAGE WIND SPEED     5.4


SKY COVER
  AVERAGE SKY COVER 0.6


WEATHER CONDITIONS
 THE FOLLOWING WEATHER WAS RECORDED YESTERDAY.
  NO SIGNIFICANT WEATHER WAS OBSERVED.


RELATIVE HUMIDITY (PERCENT)
 HIGHEST    83          1100 PM
 LOWEST     51           500 PM
 AVERAGE    67

..........................................................


THE TERRE HAUTE IN CLIMATE NORMALS FOR TODAY
                         NORMAL
 MAXIMUM TEMPERATURE (F)   60
 MINIMUM TEMPERATURE (F)   38


SUNRISE AND SUNSET
APRIL  2 2017.........SUNRISE   732 AM EDT   SUNSET   814 PM EDT
APRIL  3 2017.........SUNRISE   730 AM EDT   SUNSET   815 PM EDT


-  INDICATES NEGATIVE NUMBERS.
R  INDICATES RECORD WAS SET OR TIED.
MM INDICATES DATA IS MISSING.
T  INDICATES TRACE AMOUNT.




$$
