000
CDUS43 KIND 150533
CLIHUF


CLIMATE REPORT
NATIONAL WEATHER SERVICE INDIANAPOLIS IN
1232 AM EST THU JAN 15 2015


...................................

...THE TERRE HAUTE IN CLIMATE SUMMARY FOR JANUARY 14 2015...

CLIMATE NORMAL PERIOD 1981 TO 2010
CLIMATE RECORD PERIOD 9999 TO 9999


WEATHER ITEM   OBSERVED TIME   NORMAL DEPARTURE LAST
                VALUE   (LST)  VALUE  FROM      YEAR
                                      NORMAL
......................................................
TEMPERATURE (F)
 YESTERDAY
  MAXIMUM         24   1002 PM  36    -12       46
  MINIMUM          9    234 AM  20    -11       25
  AVERAGE         17            28    -11       36

PRECIPITATION (IN)
  YESTERDAY        0.02          0.09  -0.07     0.04
  MONTH TO DATE    1.45          1.32   0.13     1.69
  SINCE DEC 1      4.23          4.37  -0.14     5.34
  SINCE JAN 1      1.45          1.32   0.13     1.69

DEGREE DAYS
 HEATING
  YESTERDAY       48            37     11       29
  MONTH TO DATE  609           518     91      578
  SINCE DEC 1   1542          1551     -9     1661
  SINCE JUL 1   2842          2629    213     2783

 COOLING
  YESTERDAY        0             0      0        0
  MONTH TO DATE    0             0      0        0
  SINCE DEC 1      0             0      0        0
  SINCE JAN 1      0             0      0        0
......................................................


WIND (MPH)
  HIGHEST WIND SPEED     7   HIGHEST WIND DIRECTION    NW (300)
  HIGHEST GUST SPEED     9   HIGHEST GUST DIRECTION     N (350)
  AVERAGE WIND SPEED     2.4


SKY COVER
  AVERAGE SKY COVER 0.8


WEATHER CONDITIONS
 THE FOLLOWING WEATHER WAS RECORDED YESTERDAY.
  LIGHT SNOW
  FOG
  HAZE


RELATIVE HUMIDITY (PERCENT)
 HIGHEST    83          1200 AM
 LOWEST     54           400 PM
 AVERAGE    69

..........................................................


THE TERRE HAUTE IN CLIMATE NORMALS FOR TODAY
                         NORMAL
 MAXIMUM TEMPERATURE (F)   36
 MINIMUM TEMPERATURE (F)   20


SUNRISE AND SUNSET
JANUARY 15 2015.......SUNRISE   808 AM EST   SUNSET   550 PM EST
JANUARY 16 2015.......SUNRISE   807 AM EST   SUNSET   551 PM EST


-  INDICATES NEGATIVE NUMBERS.
R  INDICATES RECORD WAS SET OR TIED.
MM INDICATES DATA IS MISSING.
T  INDICATES TRACE AMOUNT.




$$
