000
CDUS43 KIND 110535
CLIHUF


CLIMATE REPORT
NATIONAL WEATHER SERVICE INDIANAPOLIS IN
132 AM EDT FRI JUL 11 2014


...................................

...THE TERRE HAUTE IN CLIMATE SUMMARY FOR JULY 10 2014...

CLIMATE NORMAL PERIOD 1981 TO 2010
CLIMATE RECORD PERIOD 9999 TO 9999


WEATHER ITEM   OBSERVED TIME   NORMAL DEPARTURE LAST
                VALUE   (LST)  VALUE  FROM      YEAR
                                      NORMAL
......................................................
TEMPERATURE (F)
 YESTERDAY
  MAXIMUM         81    433 PM  86     -5       83
  MINIMUM         58    558 AM  65     -7       68
  AVERAGE         70            76     -6       76

PRECIPITATION (IN)
  YESTERDAY        0.00          0.17  -0.17     0.59
  MONTH TO DATE    0.99          1.34  -0.35     1.46
  SINCE JUN 1      8.91          5.78   3.13    10.25
  SINCE JAN 1     23.92         24.22  -0.30    31.28

DEGREE DAYS
 HEATING
  YESTERDAY        0             0      0        0
  MONTH TO DATE    0             0      0        0
  SINCE JUN 1      2            13    -11        7
  SINCE JUL 1      0             0      0        0

 COOLING
  YESTERDAY        5            11     -6       11
  MONTH TO DATE   68           107    -39       85
  SINCE JUN 1    355           342     13      314
  SINCE JAN 1    482           428     54      428
......................................................


WIND (MPH)
  HIGHEST WIND SPEED    12   HIGHEST WIND DIRECTION    NE (40)
  HIGHEST GUST SPEED    16   HIGHEST GUST DIRECTION    NE (30)
  AVERAGE WIND SPEED     4.3


SKY COVER
  AVERAGE SKY COVER 0.1


WEATHER CONDITIONS
 THE FOLLOWING WEATHER WAS RECORDED YESTERDAY.
  NO SIGNIFICANT WEATHER WAS OBSERVED.


RELATIVE HUMIDITY (PERCENT)
 HIGHEST   100           300 AM
 LOWEST     39           400 PM
 AVERAGE    70

..........................................................


THE TERRE HAUTE IN CLIMATE NORMALS FOR TODAY
                         NORMAL
 MAXIMUM TEMPERATURE (F)   86
 MINIMUM TEMPERATURE (F)   65


SUNRISE AND SUNSET
JULY 11 2014..........SUNRISE   632 AM EDT   SUNSET   917 PM EDT
JULY 12 2014..........SUNRISE   632 AM EDT   SUNSET   917 PM EDT


-  INDICATES NEGATIVE NUMBERS.
R  INDICATES RECORD WAS SET OR TIED.
MM INDICATES DATA IS MISSING.
T  INDICATES TRACE AMOUNT.




$$
