000
CDUS43 KIND 080535
CLIHUF


CLIMATE REPORT
NATIONAL WEATHER SERVICE INDIANAPOLIS IN
134 AM EDT FRI AUG 8 2014


...................................

...THE TERRE HAUTE IN CLIMATE SUMMARY FOR AUGUST 7 2014...

CLIMATE NORMAL PERIOD 1981 TO 2010
CLIMATE RECORD PERIOD 9999 TO 9999


WEATHER ITEM   OBSERVED TIME   NORMAL DEPARTURE LAST
                VALUE   (LST)  VALUE  FROM      YEAR
                                      NORMAL
......................................................
TEMPERATURE (F)
 YESTERDAY
  MAXIMUM         75    500 PM  84     -9       83
  MINIMUM         64    124 AM  63      1       67
  AVERAGE         70            74     -4       75

PRECIPITATION (IN)
  YESTERDAY        0.08          0.11  -0.03      T
  MONTH TO DATE    0.13          0.79  -0.66      T
  SINCE JUN 1     10.46         10.02   0.44    10.73
  SINCE JAN 1     25.47         28.46  -2.99    31.76

DEGREE DAYS
 HEATING
  YESTERDAY        0             0      0        0
  MONTH TO DATE    0             0      0        0
  SINCE JUN 1     10            14     -4        9
  SINCE JUL 1      8             1      7        2

 COOLING
  YESTERDAY        5             9     -4       10
  MONTH TO DATE   42            63    -21       46
  SINCE JUN 1    496           609   -113      549
  SINCE JAN 1    623           695    -72      663
......................................................


WIND (MPH)
  HIGHEST WIND SPEED    10   HIGHEST WIND DIRECTION     E (80)
  HIGHEST GUST SPEED    13   HIGHEST GUST DIRECTION     E (100)
  AVERAGE WIND SPEED     4.9


SKY COVER
  AVERAGE SKY COVER 0.4


WEATHER CONDITIONS
 THE FOLLOWING WEATHER WAS RECORDED YESTERDAY.
  LIGHT RAIN
  FOG


RELATIVE HUMIDITY (PERCENT)
 HIGHEST    93          1200 AM
 LOWEST     73          1100 AM
 AVERAGE    83

..........................................................


THE TERRE HAUTE IN CLIMATE NORMALS FOR TODAY
                         NORMAL
 MAXIMUM TEMPERATURE (F)   84
 MINIMUM TEMPERATURE (F)   63


SUNRISE AND SUNSET
AUGUST  8 2014........SUNRISE   655 AM EDT   SUNSET   854 PM EDT
AUGUST  9 2014........SUNRISE   656 AM EDT   SUNSET   853 PM EDT


-  INDICATES NEGATIVE NUMBERS.
R  INDICATES RECORD WAS SET OR TIED.
MM INDICATES DATA IS MISSING.
T  INDICATES TRACE AMOUNT.




$$
