000
CDUS43 KIND 210539
CLIHUF


CLIMATE REPORT
NATIONAL WEATHER SERVICE INDIANAPOLIS IN
139 AM EDT SUN JUN 21 2015


...................................

...THE TERRE HAUTE IN CLIMATE SUMMARY FOR JUNE 20 2015...

CLIMATE NORMAL PERIOD 1981 TO 2010
CLIMATE RECORD PERIOD 9999 TO 9999


WEATHER ITEM   OBSERVED TIME   NORMAL DEPARTURE LAST
                VALUE   (LST)  VALUE  FROM      YEAR
                                      NORMAL
......................................................
TEMPERATURE (F)
 YESTERDAY
  MAXIMUM         79    608 PM  85     -6       87
  MINIMUM         69    515 AM  63      6       72
  AVERAGE         74            74      0       80

PRECIPITATION (IN)
  YESTERDAY        0.00          0.11  -0.11     0.21
  MONTH TO DATE    5.08          3.14   1.94     5.63
  SINCE JUN 1      5.08          3.14   1.94     5.63
  SINCE JAN 1     19.71         21.58  -1.87    20.64

DEGREE DAYS
 HEATING
  YESTERDAY        0             0      0        0
  MONTH TO DATE   13            11      2        2
  SINCE JUN 1     13            11      2        2
  SINCE JUL 1   5850          5366    484     6039

 COOLING
  YESTERDAY        9             9      0       15
  MONTH TO DATE  178           137     41      165
  SINCE JUN 1    178           137     41      165
  SINCE JAN 1    322           223     99      292
......................................................


WIND (MPH)
  HIGHEST WIND SPEED    15   HIGHEST WIND DIRECTION    SW (230)
  HIGHEST GUST SPEED    21   HIGHEST GUST DIRECTION    SW (210)
  AVERAGE WIND SPEED     7.3


SKY COVER
  AVERAGE SKY COVER 0.7


WEATHER CONDITIONS
 THE FOLLOWING WEATHER WAS RECORDED YESTERDAY.
  FOG


RELATIVE HUMIDITY (PERCENT)
 HIGHEST    97           300 AM
 LOWEST     74           400 PM
 AVERAGE    86

..........................................................


THE TERRE HAUTE IN CLIMATE NORMALS FOR TODAY
                         NORMAL
 MAXIMUM TEMPERATURE (F)   85
 MINIMUM TEMPERATURE (F)   63


SUNRISE AND SUNSET
JUNE 21 2015..........SUNRISE   622 AM EDT   SUNSET   920 PM EDT
JUNE 22 2015..........SUNRISE   622 AM EDT   SUNSET   920 PM EDT


-  INDICATES NEGATIVE NUMBERS.
R  INDICATES RECORD WAS SET OR TIED.
MM INDICATES DATA IS MISSING.
T  INDICATES TRACE AMOUNT.




$$
