000
CDUS43 KIND 210538
CLIHUF


CLIMATE REPORT
NATIONAL WEATHER SERVICE INDIANAPOLIS IN
1237 AM EST SAT JAN 21 2017


...................................

...THE TERRE HAUTE IN CLIMATE SUMMARY FOR JANUARY 20 2017...

CLIMATE NORMAL PERIOD 1981 TO 2010
CLIMATE RECORD PERIOD 9999 TO 9999


WEATHER ITEM   OBSERVED TIME   NORMAL DEPARTURE LAST
                VALUE   (LST)  VALUE  FROM      YEAR
                                      NORMAL
......................................................
TEMPERATURE (F)
 YESTERDAY
  MAXIMUM         55   1046 PM  36     19       24
  MINIMUM         47    307 AM  20     27        6
  AVERAGE         51            28     23       15

PRECIPITATION (IN)
  YESTERDAY        0.53          0.05   0.48      T
  MONTH TO DATE    3.48          1.78   1.70     0.67
  SINCE DEC 1      5.12          4.83   0.29     7.16
  SINCE JAN 1      3.48          1.78   1.70     0.67

DEGREE DAYS
 HEATING
  YESTERDAY       14            37    -23       50
  MONTH TO DATE  627           740   -113      751
  SINCE DEC 1   1697          1773    -76     1423
  SINCE JUL 1   2423          2851   -428     2251

 COOLING
  YESTERDAY        0             0      0        0
  MONTH TO DATE    0             0      0        0
  SINCE DEC 1      0             0      0        0
  SINCE JAN 1      0             0      0        0
......................................................


WIND (MPH)
  HIGHEST WIND SPEED    17   HIGHEST WIND DIRECTION    SW (210)
  HIGHEST GUST SPEED    22   HIGHEST GUST DIRECTION     S (200)
  AVERAGE WIND SPEED     7.1


SKY COVER
  AVERAGE SKY COVER 1.0


WEATHER CONDITIONS
 THE FOLLOWING WEATHER WAS RECORDED YESTERDAY.
  HEAVY RAIN
  RAIN
  LIGHT RAIN
  FOG


RELATIVE HUMIDITY (PERCENT)
 HIGHEST   100           300 AM
 LOWEST     77           300 PM
 AVERAGE    89

..........................................................


THE TERRE HAUTE IN CLIMATE NORMALS FOR TODAY
                         NORMAL
 MAXIMUM TEMPERATURE (F)   36
 MINIMUM TEMPERATURE (F)   20


SUNRISE AND SUNSET
JANUARY 21 2017.......SUNRISE   805 AM EST   SUNSET   557 PM EST
JANUARY 22 2017.......SUNRISE   804 AM EST   SUNSET   558 PM EST


-  INDICATES NEGATIVE NUMBERS.
R  INDICATES RECORD WAS SET OR TIED.
MM INDICATES DATA IS MISSING.
T  INDICATES TRACE AMOUNT.




$$
