000
CDUS43 KIND 140535
CLIHUF


CLIMATE REPORT
NATIONAL WEATHER SERVICE INDIANAPOLIS IN
1234 AM EST WED FEB 14 2018


...................................

...THE TERRE HAUTE IN CLIMATE SUMMARY FOR FEBRUARY 13 2018...

CLIMATE NORMAL PERIOD 1981 TO 2010
CLIMATE RECORD PERIOD 9999 TO 9999


WEATHER ITEM   OBSERVED TIME   NORMAL DEPARTURE LAST
                VALUE   (LST)  VALUE  FROM      YEAR
                                      NORMAL
......................................................
TEMPERATURE (F)
 YESTERDAY
  MAXIMUM         44    354 PM  40      4       47
  MINIMUM         18    751 AM  23     -5       22
  AVERAGE         31            32     -1       35

PRECIPITATION (IN)
  YESTERDAY        0.00          0.07  -0.07     0.00
  MONTH TO DATE    0.02          0.95  -0.93     0.18
  SINCE DEC 1      2.20          6.36  -4.16     5.30
  SINCE JAN 1      1.23          3.31  -2.08     3.66

DEGREE DAYS
 HEATING
  YESTERDAY       34            33      1       30
  MONTH TO DATE  506           451     55      378
  SINCE DEC 1   2804          2623    181     2368
  SINCE JUL 1   3741          3701     40     3094

 COOLING
  YESTERDAY        0             0      0        0
  MONTH TO DATE    0             0      0        0
  SINCE DEC 1      0             0      0        0
  SINCE JAN 1      0             0      0        0
......................................................


WIND (MPH)
  HIGHEST WIND SPEED    16   HIGHEST WIND DIRECTION     E (100)
  HIGHEST GUST SPEED    19   HIGHEST GUST DIRECTION     E (100)
  AVERAGE WIND SPEED     7.9


SKY COVER
  AVERAGE SKY COVER 0.3


WEATHER CONDITIONS
 THE FOLLOWING WEATHER WAS RECORDED YESTERDAY.
  NO SIGNIFICANT WEATHER WAS OBSERVED.


RELATIVE HUMIDITY (PERCENT)
 HIGHEST    84           500 AM
 LOWEST     52          1200 PM
 AVERAGE    68

..........................................................


THE TERRE HAUTE IN CLIMATE NORMALS FOR TODAY
                         NORMAL
 MAXIMUM TEMPERATURE (F)   41
 MINIMUM TEMPERATURE (F)   23


SUNRISE AND SUNSET
FEBRUARY 14 2018......SUNRISE   742 AM EST   SUNSET   625 PM EST
FEBRUARY 15 2018......SUNRISE   741 AM EST   SUNSET   626 PM EST


-  INDICATES NEGATIVE NUMBERS.
R  INDICATES RECORD WAS SET OR TIED.
MM INDICATES DATA IS MISSING.
T  INDICATES TRACE AMOUNT.




$$
