000
CDUS43 KIND 150535
CLIHUF


CLIMATE REPORT
NATIONAL WEATHER SERVICE INDIANAPOLIS IN
134 AM EDT MON SEP 15 2014


...................................

...THE TERRE HAUTE IN CLIMATE SUMMARY FOR SEPTEMBER 14 2014...

CLIMATE NORMAL PERIOD 1981 TO 2010
CLIMATE RECORD PERIOD 9999 TO 9999


WEATHER ITEM   OBSERVED TIME   NORMAL DEPARTURE LAST
                VALUE   (LST)  VALUE  FROM      YEAR
                                      NORMAL
......................................................
TEMPERATURE (F)
 YESTERDAY
  MAXIMUM         69    430 PM  79    -10       72
  MINIMUM         39    652 AM  55    -16       40
  AVERAGE         54            67    -13       56

PRECIPITATION (IN)
  YESTERDAY        0.00          0.14  -0.14     0.00
  MONTH TO DATE    2.07          1.79   0.28     0.05
  SINCE SEP 1      2.07          1.79   0.28     0.05
  SINCE JAN 1     30.20         33.07  -2.87    33.08

DEGREE DAYS
 HEATING
  YESTERDAY       11             2      9        9
  MONTH TO DATE   33            10     23       14
  SINCE SEP 1     33            10     23       14
  SINCE JUL 1     44            15     29       24

 COOLING
  YESTERDAY        0             3     -3        0
  MONTH TO DATE   67            65      2      118
  SINCE SEP 1     67            65      2      118
  SINCE JAN 1    918           944    -26      993
......................................................


WIND (MPH)
  HIGHEST WIND SPEED     9   HIGHEST WIND DIRECTION    SW (210)
  HIGHEST GUST SPEED    12   HIGHEST GUST DIRECTION    SW (210)
  AVERAGE WIND SPEED     1.3


SKY COVER
  AVERAGE SKY COVER 0.0


WEATHER CONDITIONS
 THE FOLLOWING WEATHER WAS RECORDED YESTERDAY.
  FOG


RELATIVE HUMIDITY (PERCENT)
 HIGHEST   100           100 AM
 LOWEST     42           300 PM
 AVERAGE    71

..........................................................


THE TERRE HAUTE IN CLIMATE NORMALS FOR TODAY
                         NORMAL
 MAXIMUM TEMPERATURE (F)   79
 MINIMUM TEMPERATURE (F)   54


SUNRISE AND SUNSET
SEPTEMBER 15 2014.....SUNRISE   730 AM EDT   SUNSET   758 PM EDT
SEPTEMBER 16 2014.....SUNRISE   731 AM EDT   SUNSET   756 PM EDT


-  INDICATES NEGATIVE NUMBERS.
R  INDICATES RECORD WAS SET OR TIED.
MM INDICATES DATA IS MISSING.
T  INDICATES TRACE AMOUNT.




$$
