000
CDUS43 KIND 190530
CLIHUF


CLIMATE REPORT
NATIONAL WEATHER SERVICE INDIANAPOLIS IN
130 AM EDT WED APR 19 2017


...................................

...THE TERRE HAUTE IN CLIMATE SUMMARY FOR APRIL 18 2017...

CLIMATE NORMAL PERIOD 1981 TO 2010
CLIMATE RECORD PERIOD 9999 TO 9999


WEATHER ITEM   OBSERVED TIME   NORMAL DEPARTURE LAST
                VALUE   (LST)  VALUE  FROM      YEAR
                                      NORMAL
......................................................
TEMPERATURE (F)
 YESTERDAY
  MAXIMUM         77    407 PM  65     12       83
  MINIMUM         41    327 AM  43     -2       47
  AVERAGE         59            54      5       65

PRECIPITATION (IN)
  YESTERDAY        0.00          0.12  -0.12     0.00
  MONTH TO DATE    2.62          1.94   0.68     2.09
  SINCE MAR 1      6.19          5.31   0.88     6.09
  SINCE JAN 1     10.53          9.60   0.93     8.54

DEGREE DAYS
 HEATING
  YESTERDAY        6            11     -5        0
  MONTH TO DATE  141           252   -111      290
  SINCE MAR 1    712           943   -231      778
  SINCE JUL 1   4047          5106  -1059     4240

 COOLING
  YESTERDAY        0             1     -1        0
  MONTH TO DATE   10             4      6        0
  SINCE MAR 1     12             5      7        0
  SINCE JAN 1     12             5      7        0
......................................................


WIND (MPH)
  HIGHEST WIND SPEED    18   HIGHEST WIND DIRECTION    SE (140)
  HIGHEST GUST SPEED    23   HIGHEST GUST DIRECTION    SE (140)
  AVERAGE WIND SPEED     7.2


SKY COVER
  AVERAGE SKY COVER 0.3


WEATHER CONDITIONS
 THE FOLLOWING WEATHER WAS RECORDED YESTERDAY.
  NO SIGNIFICANT WEATHER WAS OBSERVED.


RELATIVE HUMIDITY (PERCENT)
 HIGHEST    84          1100 PM
 LOWEST     40           300 PM
 AVERAGE    62

..........................................................


THE TERRE HAUTE IN CLIMATE NORMALS FOR TODAY
                         NORMAL
 MAXIMUM TEMPERATURE (F)   65
 MINIMUM TEMPERATURE (F)   43


SUNRISE AND SUNSET
APRIL 19 2017.........SUNRISE   706 AM EDT   SUNSET   831 PM EDT
APRIL 20 2017.........SUNRISE   705 AM EDT   SUNSET   832 PM EDT


-  INDICATES NEGATIVE NUMBERS.
R  INDICATES RECORD WAS SET OR TIED.
MM INDICATES DATA IS MISSING.
T  INDICATES TRACE AMOUNT.




$$
