000
CDUS43 KIND 050538
CLIHUF


CLIMATE REPORT
NATIONAL WEATHER SERVICE INDIANAPOLIS IN
1238 AM EST TUE DEC 5 2017


...................................

...THE TERRE HAUTE IN CLIMATE SUMMARY FOR DECEMBER 4 2017...

CLIMATE NORMAL PERIOD 1981 TO 2010
CLIMATE RECORD PERIOD 9999 TO 9999


WEATHER ITEM   OBSERVED TIME   NORMAL DEPARTURE LAST
                VALUE   (LST)  VALUE  FROM      YEAR
                                      NORMAL
......................................................
TEMPERATURE (F)
 YESTERDAY
  MAXIMUM         64    735 PM  43     21       41
  MINIMUM         46   1259 AM  27     19       34
  AVERAGE         55            35     20       38

PRECIPITATION (IN)
  YESTERDAY        0.01          0.09  -0.08     0.23
  MONTH TO DATE    0.01          0.35  -0.34     0.23
  SINCE DEC 1      0.01          0.35  -0.34     0.23
  SINCE JAN 1     45.04         42.46   2.58    34.51

DEGREE DAYS
 HEATING
  YESTERDAY       10            30    -20       27
  MONTH TO DATE   80           116    -36      109
  SINCE DEC 1     80           116    -36      109
  SINCE JUL 1   1017          1194   -177      835

 COOLING
  YESTERDAY        0             0      0        0
  MONTH TO DATE    0             0      0        0
  SINCE DEC 1      0             0      0        0
  SINCE JAN 1   1129           993    136     1391
......................................................


WIND (MPH)
  HIGHEST WIND SPEED    26   HIGHEST WIND DIRECTION     S (190)
  HIGHEST GUST SPEED    36   HIGHEST GUST DIRECTION     S (190)
  AVERAGE WIND SPEED    15.2


SKY COVER
  AVERAGE SKY COVER 0.6


WEATHER CONDITIONS
 THE FOLLOWING WEATHER WAS RECORDED YESTERDAY.
  THUNDERSTORM
  LIGHT RAIN


RELATIVE HUMIDITY (PERCENT)
 HIGHEST    66           500 AM
 LOWEST     46          1200 PM
 AVERAGE    56

..........................................................


THE TERRE HAUTE IN CLIMATE NORMALS FOR TODAY
                         NORMAL
 MAXIMUM TEMPERATURE (F)   43
 MINIMUM TEMPERATURE (F)   27


SUNRISE AND SUNSET
DECEMBER  5 2017......SUNRISE   754 AM EST   SUNSET   525 PM EST
DECEMBER  6 2017......SUNRISE   755 AM EST   SUNSET   525 PM EST


-  INDICATES NEGATIVE NUMBERS.
R  INDICATES RECORD WAS SET OR TIED.
MM INDICATES DATA IS MISSING.
T  INDICATES TRACE AMOUNT.




$$
