000
CDUS43 KIND 210532
CLIHUF


CLIMATE REPORT
NATIONAL WEATHER SERVICE INDIANAPOLIS IN
132 AM EDT WED JUN 21 2017


...................................

...THE TERRE HAUTE IN CLIMATE SUMMARY FOR JUNE 20 2017...

CLIMATE NORMAL PERIOD 1981 TO 2010
CLIMATE RECORD PERIOD 9999 TO 9999


WEATHER ITEM   OBSERVED TIME   NORMAL DEPARTURE LAST
                VALUE   (LST)  VALUE  FROM      YEAR
                                      NORMAL
......................................................
TEMPERATURE (F)
 YESTERDAY
  MAXIMUM         87    432 PM  85      2       92
  MINIMUM         57    516 AM  63     -6       75
  AVERAGE         72            74     -2       84

PRECIPITATION (IN)
  YESTERDAY        T             0.11  -0.11      T
  MONTH TO DATE    2.39          3.14  -0.75     0.71
  SINCE JUN 1      2.39          3.14  -0.75     0.71
  SINCE JAN 1     25.31         21.58   3.73    14.49

DEGREE DAYS
 HEATING
  YESTERDAY        0             0      0        0
  MONTH TO DATE    2            11     -9        1
  SINCE JUN 1      2            11     -9        1
  SINCE JUL 1   4245          5366  -1121     4418

 COOLING
  YESTERDAY        7             9     -2       19
  MONTH TO DATE  181           137     44      205
  SINCE JUN 1    181           137     44      205
  SINCE JAN 1    297           223     74      293
......................................................


WIND (MPH)
  HIGHEST WIND SPEED    18   HIGHEST WIND DIRECTION     N (340)
  HIGHEST GUST SPEED    26   HIGHEST GUST DIRECTION    NW (330)
  AVERAGE WIND SPEED     7.1


SKY COVER
  AVERAGE SKY COVER 0.1


WEATHER CONDITIONS
 THE FOLLOWING WEATHER WAS RECORDED YESTERDAY.
  NO SIGNIFICANT WEATHER WAS OBSERVED.


RELATIVE HUMIDITY (PERCENT)
 HIGHEST    93           500 AM
 LOWEST     31           200 PM
 AVERAGE    62

..........................................................


THE TERRE HAUTE IN CLIMATE NORMALS FOR TODAY
                         NORMAL
 MAXIMUM TEMPERATURE (F)   85
 MINIMUM TEMPERATURE (F)   63


SUNRISE AND SUNSET
JUNE 21 2017..........SUNRISE   622 AM EDT   SUNSET   920 PM EDT
JUNE 22 2017..........SUNRISE   623 AM EDT   SUNSET   920 PM EDT


-  INDICATES NEGATIVE NUMBERS.
R  INDICATES RECORD WAS SET OR TIED.
MM INDICATES DATA IS MISSING.
T  INDICATES TRACE AMOUNT.




$$
