000
CDUS43 KIND 160533
CLIHUF


CLIMATE REPORT
NATIONAL WEATHER SERVICE INDIANAPOLIS IN
1233 AM EST TUE DEC 16 2014


...................................

...THE TERRE HAUTE IN CLIMATE SUMMARY FOR DECEMBER 15 2014...

CLIMATE NORMAL PERIOD 1981 TO 2010
CLIMATE RECORD PERIOD 9999 TO 9999


WEATHER ITEM   OBSERVED TIME   NORMAL DEPARTURE LAST
                VALUE   (LST)  VALUE  FROM      YEAR
                                      NORMAL
......................................................
TEMPERATURE (F)
 YESTERDAY
  MAXIMUM         48   1159 PM  39      9       28
  MINIMUM         43    650 PM  24     19       18
  AVERAGE         46            31     15       23

PRECIPITATION (IN)
  YESTERDAY        0.01          0.07  -0.06      T
  MONTH TO DATE    1.73          1.26   0.47     0.74
  SINCE DEC 1      1.73          1.26   0.47     0.74
  SINCE JAN 1     42.21         43.37  -1.16    42.10

DEGREE DAYS
 HEATING
  YESTERDAY       19            34    -15       42
  MONTH TO DATE  435           468    -33      546
  SINCE DEC 1    435           468    -33      546
  SINCE JUL 1   1735          1546    189     1668

 COOLING
  YESTERDAY        0             0      0        0
  MONTH TO DATE    0             0      0        0
  SINCE DEC 1      0             0      0        0
  SINCE JAN 1    939           993    -54     1056
......................................................


WIND (MPH)
  HIGHEST WIND SPEED    17   HIGHEST WIND DIRECTION    SE (140)
  HIGHEST GUST SPEED    23   HIGHEST GUST DIRECTION    SE (140)
  AVERAGE WIND SPEED    10.1


SKY COVER
  AVERAGE SKY COVER 1.0


WEATHER CONDITIONS
 THE FOLLOWING WEATHER WAS RECORDED YESTERDAY.
  LIGHT RAIN
  FOG
  HAZE


RELATIVE HUMIDITY (PERCENT)
 HIGHEST    93          1200 AM
 LOWEST     83           200 PM
 AVERAGE    88

..........................................................


THE TERRE HAUTE IN CLIMATE NORMALS FOR TODAY
                         NORMAL
 MAXIMUM TEMPERATURE (F)   39
 MINIMUM TEMPERATURE (F)   23


SUNRISE AND SUNSET
DECEMBER 16 2014......SUNRISE   803 AM EST   SUNSET   527 PM EST
DECEMBER 17 2014......SUNRISE   803 AM EST   SUNSET   527 PM EST


-  INDICATES NEGATIVE NUMBERS.
R  INDICATES RECORD WAS SET OR TIED.
MM INDICATES DATA IS MISSING.
T  INDICATES TRACE AMOUNT.




$$
