303
CDUS43 KIND 160531
CLIHUF


CLIMATE REPORT
NATIONAL WEATHER SERVICE INDIANAPOLIS IN
131 AM EDT WED AUG 16 2017


...................................

...THE TERRE HAUTE IN CLIMATE SUMMARY FOR AUGUST 15 2017...

CLIMATE NORMAL PERIOD 1981 TO 2010
CLIMATE RECORD PERIOD 9999 TO 9999


WEATHER ITEM   OBSERVED TIME   NORMAL DEPARTURE LAST
                VALUE   (LST)  VALUE  FROM      YEAR
                                      NORMAL
......................................................
TEMPERATURE (F)
 YESTERDAY
  MAXIMUM         88    400 PM  84      4       80
  MINIMUM         62    419 AM  62      0       70
  AVERAGE         75            73      2       75

PRECIPITATION (IN)
  YESTERDAY        0.00          0.08  -0.08    MM
  MONTH TO DATE    1.67          1.51   0.16     0.32
  SINCE JUN 1     12.22         10.74   1.48    12.13
  SINCE JAN 1     35.14         29.18   5.96    25.91

DEGREE DAYS
 HEATING
  YESTERDAY        0             0      0        0
  MONTH TO DATE    0             0      0        0
  SINCE JUN 1      6            14     -8        5
  SINCE JUL 1      0             1     -1        4

 COOLING
  YESTERDAY       10             8      2       10
  MONTH TO DATE   87           130    -43      196
  SINCE JUN 1    685           676      9      868
  SINCE JAN 1    801           762     39      956
......................................................


WIND (MPH)
  HIGHEST WIND SPEED    10   HIGHEST WIND DIRECTION     S (200)
  HIGHEST GUST SPEED    14   HIGHEST GUST DIRECTION     S (160)
  AVERAGE WIND SPEED     2.2


SKY COVER
  AVERAGE SKY COVER 0.3


WEATHER CONDITIONS
 THE FOLLOWING WEATHER WAS RECORDED YESTERDAY.
  FOG


RELATIVE HUMIDITY (PERCENT)
 HIGHEST    93           100 AM
 LOWEST     51           500 PM
 AVERAGE    72

..........................................................


THE TERRE HAUTE IN CLIMATE NORMALS FOR TODAY
                         NORMAL
 MAXIMUM TEMPERATURE (F)   84
 MINIMUM TEMPERATURE (F)   62


SUNRISE AND SUNSET
AUGUST 16 2017........SUNRISE   703 AM EDT   SUNSET   843 PM EDT
AUGUST 17 2017........SUNRISE   704 AM EDT   SUNSET   842 PM EDT


-  INDICATES NEGATIVE NUMBERS.
R  INDICATES RECORD WAS SET OR TIED.
MM INDICATES DATA IS MISSING.
T  INDICATES TRACE AMOUNT.




$$
