000
CDUS43 KIND 170531
CLIHUF


CLIMATE REPORT
NATIONAL WEATHER SERVICE INDIANAPOLIS IN
131 AM EDT SUN AUG 17 2014


...................................

...THE TERRE HAUTE IN CLIMATE SUMMARY FOR AUGUST 16 2014...

CLIMATE NORMAL PERIOD 1981 TO 2010
CLIMATE RECORD PERIOD 9999 TO 9999


WEATHER ITEM   OBSERVED TIME   NORMAL DEPARTURE LAST
                VALUE   (LST)  VALUE  FROM      YEAR
                                      NORMAL
......................................................
TEMPERATURE (F)
 YESTERDAY
  MAXIMUM         77    510 PM  84     -7       76
  MINIMUM         61    218 AM  62     -1       55
  AVERAGE         69            73     -4       66

PRECIPITATION (IN)
  YESTERDAY        0.12          0.09   0.03     0.00
  MONTH TO DATE    1.00          1.60  -0.60     1.03
  SINCE JUN 1     11.33         10.83   0.50    11.76
  SINCE JAN 1     26.34         29.27  -2.93    32.79

DEGREE DAYS
 HEATING
  YESTERDAY        0             0      0        0
  MONTH TO DATE    3             0      3        8
  SINCE JUN 1     13            14     -1       17
  SINCE JUL 1     11             1     10       10

 COOLING
  YESTERDAY        4             8     -4        1
  MONTH TO DATE   86           138    -52      102
  SINCE JUN 1    540           684   -144      605
  SINCE JAN 1    667           770   -103      719
......................................................


WIND (MPH)
  HIGHEST WIND SPEED    14   HIGHEST WIND DIRECTION    SW (210)
  HIGHEST GUST SPEED    19   HIGHEST GUST DIRECTION     S (190)
  AVERAGE WIND SPEED     5.9


SKY COVER
  AVERAGE SKY COVER 0.8


WEATHER CONDITIONS
 THE FOLLOWING WEATHER WAS RECORDED YESTERDAY.
  RAIN
  LIGHT RAIN
  FOG


RELATIVE HUMIDITY (PERCENT)
 HIGHEST    93           300 AM
 LOWEST     74           300 PM
 AVERAGE    84

..........................................................


THE TERRE HAUTE IN CLIMATE NORMALS FOR TODAY
                         NORMAL
 MAXIMUM TEMPERATURE (F)   84
 MINIMUM TEMPERATURE (F)   62


SUNRISE AND SUNSET
AUGUST 17 2014........SUNRISE   704 AM EDT   SUNSET   842 PM EDT
AUGUST 18 2014........SUNRISE   705 AM EDT   SUNSET   841 PM EDT


-  INDICATES NEGATIVE NUMBERS.
R  INDICATES RECORD WAS SET OR TIED.
MM INDICATES DATA IS MISSING.
T  INDICATES TRACE AMOUNT.




$$
