000
CDUS43 KIND 190531
CLIHUF


CLIMATE REPORT
NATIONAL WEATHER SERVICE INDIANAPOLIS IN
131 AM EDT THU MAY 19 2016


...................................

...THE TERRE HAUTE IN CLIMATE SUMMARY FOR MAY 18 2016...

CLIMATE NORMAL PERIOD 1981 TO 2010
CLIMATE RECORD PERIOD 9999 TO 9999


WEATHER ITEM   OBSERVED TIME   NORMAL DEPARTURE LAST
                VALUE   (LST)  VALUE  FROM      YEAR
                                      NORMAL
......................................................
TEMPERATURE (F)
 YESTERDAY
  MAXIMUM         69    235 PM  75     -6       81
  MINIMUM         47   1159 PM  53     -6       62
  AVERAGE         58            64     -6       72

PRECIPITATION (IN)
  YESTERDAY        0.00          0.24  -0.24     0.00
  MONTH TO DATE    1.61          4.13  -2.52     2.43
  SINCE MAR 1     11.03         11.65  -0.62    10.45
  SINCE JAN 1     13.48         15.94  -2.46    13.35

DEGREE DAYS
 HEATING
  YESTERDAY        7             4      3        0
  MONTH TO DATE  122           100     22       39
  SINCE MAR 1    939          1157   -218     1158
  SINCE JUL 1   4401          5320   -919     5792

 COOLING
  YESTERDAY        0             3     -3        7
  MONTH TO DATE   11            27    -16       80
  SINCE MAR 1     20            42    -22       86
  SINCE JAN 1     20            42    -22       86
......................................................


WIND (MPH)
  HIGHEST WIND SPEED    13   HIGHEST WIND DIRECTION     E (80)
  HIGHEST GUST SPEED    15   HIGHEST GUST DIRECTION     E (80)
  AVERAGE WIND SPEED     5.5


SKY COVER
  AVERAGE SKY COVER 0.5


WEATHER CONDITIONS
 THE FOLLOWING WEATHER WAS RECORDED YESTERDAY.
  FOG


RELATIVE HUMIDITY (PERCENT)
 HIGHEST    93           300 AM
 LOWEST     42           500 PM
 AVERAGE    68

..........................................................


THE TERRE HAUTE IN CLIMATE NORMALS FOR TODAY
                         NORMAL
 MAXIMUM TEMPERATURE (F)   75
 MINIMUM TEMPERATURE (F)   53


SUNRISE AND SUNSET
MAY 19 2016...........SUNRISE   632 AM EDT   SUNSET   900 PM EDT
MAY 20 2016...........SUNRISE   631 AM EDT   SUNSET   901 PM EDT


-  INDICATES NEGATIVE NUMBERS.
R  INDICATES RECORD WAS SET OR TIED.
MM INDICATES DATA IS MISSING.
T  INDICATES TRACE AMOUNT.




$$
