000
CDUS43 KIND 140532
CLIHUF


CLIMATE REPORT
NATIONAL WEATHER SERVICE INDIANAPOLIS IN
1231 AM EST SUN DEC 14 2014


...................................

...THE TERRE HAUTE IN CLIMATE SUMMARY FOR DECEMBER 13 2014...

CLIMATE NORMAL PERIOD 1981 TO 2010
CLIMATE RECORD PERIOD 9999 TO 9999


WEATHER ITEM   OBSERVED TIME   NORMAL DEPARTURE LAST
                VALUE   (LST)  VALUE  FROM      YEAR
                                      NORMAL
......................................................
TEMPERATURE (F)
 YESTERDAY
  MAXIMUM         47    452 PM  40      7       34
  MINIMUM         35    606 AM  24     11       12
  AVERAGE         41            32      9       23

PRECIPITATION (IN)
  YESTERDAY        0.00          0.08  -0.08     0.06
  MONTH TO DATE    1.72          1.12   0.60     0.36
  SINCE DEC 1      1.72          1.12   0.60     0.36
  SINCE JAN 1     42.20         43.23  -1.03    41.72

DEGREE DAYS
 HEATING
  YESTERDAY       24            33     -9       42
  MONTH TO DATE  397           401     -4      470
  SINCE DEC 1    397           401     -4      470
  SINCE JUL 1   1697          1479    218     1592

 COOLING
  YESTERDAY        0             0      0        0
  MONTH TO DATE    0             0      0        0
  SINCE DEC 1      0             0      0        0
  SINCE JAN 1    939           993    -54     1056
......................................................


WIND (MPH)
  HIGHEST WIND SPEED     8   HIGHEST WIND DIRECTION    SW (210)
  HIGHEST GUST SPEED     9   HIGHEST GUST DIRECTION    SW (220)
  AVERAGE WIND SPEED     3.4


SKY COVER
  AVERAGE SKY COVER 1.0


WEATHER CONDITIONS
 THE FOLLOWING WEATHER WAS RECORDED YESTERDAY.
  FOG
  HAZE


RELATIVE HUMIDITY (PERCENT)
 HIGHEST    92           500 AM
 LOWEST     71           100 PM
 AVERAGE    82

..........................................................


THE TERRE HAUTE IN CLIMATE NORMALS FOR TODAY
                         NORMAL
 MAXIMUM TEMPERATURE (F)   40
 MINIMUM TEMPERATURE (F)   24


SUNRISE AND SUNSET
DECEMBER 14 2014......SUNRISE   801 AM EST   SUNSET   526 PM EST
DECEMBER 15 2014......SUNRISE   802 AM EST   SUNSET   527 PM EST


-  INDICATES NEGATIVE NUMBERS.
R  INDICATES RECORD WAS SET OR TIED.
MM INDICATES DATA IS MISSING.
T  INDICATES TRACE AMOUNT.




$$
