000
CDUS43 KIND 150535
CLIHUF


CLIMATE REPORT
NATIONAL WEATHER SERVICE INDIANAPOLIS IN
135 AM EDT WED MAR 15 2017


...................................

...THE TERRE HAUTE IN CLIMATE SUMMARY FOR MARCH 14 2017...

CLIMATE NORMAL PERIOD 1981 TO 2010
CLIMATE RECORD PERIOD 9999 TO 9999


WEATHER ITEM   OBSERVED TIME   NORMAL DEPARTURE LAST
                VALUE   (LST)  VALUE  FROM      YEAR
                                      NORMAL
......................................................
TEMPERATURE (F)
 YESTERDAY
  MAXIMUM         33    349 PM  53    -20       64
  MINIMUM         21   1158 PM  32    -11       47
  AVERAGE         27            42    -15       56

PRECIPITATION (IN)
  YESTERDAY        T             0.12  -0.12     0.39
  MONTH TO DATE    1.37          1.33   0.04     1.70
  SINCE MAR 1      1.37          1.33   0.04     1.70
  SINCE JAN 1      5.71          5.62   0.09     4.15

DEGREE DAYS
 HEATING
  YESTERDAY       38            23     15        9
  MONTH TO DATE  337           356    -19      233
  SINCE MAR 1    337           356    -19      233
  SINCE JUL 1   3672          4519   -847     3695

 COOLING
  YESTERDAY        0             0      0        0
  MONTH TO DATE    0             0      0        0
  SINCE MAR 1      0             0      0        0
  SINCE JAN 1      0             0      0        0
......................................................


WIND (MPH)
  HIGHEST WIND SPEED    18   HIGHEST WIND DIRECTION     N (10)
  HIGHEST GUST SPEED    23   HIGHEST GUST DIRECTION     N (10)
  AVERAGE WIND SPEED    10.6


SKY COVER
  AVERAGE SKY COVER 0.6


WEATHER CONDITIONS
 THE FOLLOWING WEATHER WAS RECORDED YESTERDAY.
  LIGHT SNOW
  FOG


RELATIVE HUMIDITY (PERCENT)
 HIGHEST    81           600 AM
 LOWEST     50           500 PM
 AVERAGE    66

..........................................................


THE TERRE HAUTE IN CLIMATE NORMALS FOR TODAY
                         NORMAL
 MAXIMUM TEMPERATURE (F)   53
 MINIMUM TEMPERATURE (F)   32


SUNRISE AND SUNSET
MARCH 15 2017.........SUNRISE   800 AM EDT   SUNSET   756 PM EDT
MARCH 16 2017.........SUNRISE   759 AM EDT   SUNSET   757 PM EDT


-  INDICATES NEGATIVE NUMBERS.
R  INDICATES RECORD WAS SET OR TIED.
MM INDICATES DATA IS MISSING.
T  INDICATES TRACE AMOUNT.




$$
