000
CDUS43 KIND 170533
CLIHUF


CLIMATE REPORT
NATIONAL WEATHER SERVICE INDIANAPOLIS IN
132 AM EDT WED SEP 17 2014


...................................

...THE TERRE HAUTE IN CLIMATE SUMMARY FOR SEPTEMBER 16 2014...

CLIMATE NORMAL PERIOD 1981 TO 2010
CLIMATE RECORD PERIOD 9999 TO 9999


WEATHER ITEM   OBSERVED TIME   NORMAL DEPARTURE LAST
                VALUE   (LST)  VALUE  FROM      YEAR
                                      NORMAL
......................................................
TEMPERATURE (F)
 YESTERDAY
  MAXIMUM         67    410 PM  78    -11       70
  MINIMUM         47   1153 PM  54     -7       51
  AVERAGE         57            66     -9       61

PRECIPITATION (IN)
  YESTERDAY        0.00          0.11  -0.11     0.00
  MONTH TO DATE    2.81          2.02   0.79     0.05
  SINCE SEP 1      2.81          2.02   0.79     0.05
  SINCE JAN 1     30.94         33.30  -2.36    33.08

DEGREE DAYS
 HEATING
  YESTERDAY        8             2      6        4
  MONTH TO DATE   52            14     38       22
  SINCE SEP 1     52            14     38       22
  SINCE JUL 1     63            19     44       32

 COOLING
  YESTERDAY        0             3     -3        0
  MONTH TO DATE   67            71     -4      118
  SINCE SEP 1     67            71     -4      118
  SINCE JAN 1    918           950    -32      993
......................................................


WIND (MPH)
  HIGHEST WIND SPEED    10   HIGHEST WIND DIRECTION     N (360)
  HIGHEST GUST SPEED    13   HIGHEST GUST DIRECTION     N (350)
  AVERAGE WIND SPEED     3.8


SKY COVER
  AVERAGE SKY COVER 0.7


WEATHER CONDITIONS
 THE FOLLOWING WEATHER WAS RECORDED YESTERDAY.
  FOG
  FOG W/VISIBILITY <= 1/4 MILE


RELATIVE HUMIDITY (PERCENT)
 HIGHEST    93          1200 AM
 LOWEST     56           400 PM
 AVERAGE    75

..........................................................


THE TERRE HAUTE IN CLIMATE NORMALS FOR TODAY
                         NORMAL
 MAXIMUM TEMPERATURE (F)   78
 MINIMUM TEMPERATURE (F)   53


SUNRISE AND SUNSET
SEPTEMBER 17 2014.....SUNRISE   732 AM EDT   SUNSET   754 PM EDT
SEPTEMBER 18 2014.....SUNRISE   733 AM EDT   SUNSET   753 PM EDT


-  INDICATES NEGATIVE NUMBERS.
R  INDICATES RECORD WAS SET OR TIED.
MM INDICATES DATA IS MISSING.
T  INDICATES TRACE AMOUNT.




$$
