000
CDUS43 KIND 270537
CLIHUF


CLIMATE REPORT
NATIONAL WEATHER SERVICE INDIANAPOLIS IN
137 AM EDT THU AUG 27 2015


...................................

...THE TERRE HAUTE IN CLIMATE SUMMARY FOR AUGUST 26 2015...

CLIMATE NORMAL PERIOD 1981 TO 2010
CLIMATE RECORD PERIOD 9999 TO 9999


WEATHER ITEM   OBSERVED TIME   NORMAL DEPARTURE LAST
                VALUE   (LST)  VALUE  FROM      YEAR
                                      NORMAL
......................................................
TEMPERATURE (F)
 YESTERDAY
  MAXIMUM         78    320 PM  83     -5       91
  MINIMUM         50    343 AM  61    -11       66
  AVERAGE         64            72     -8       79

PRECIPITATION (IN)
  YESTERDAY        0.00          0.15  -0.15     0.15
  MONTH TO DATE    0.65          2.85  -2.20     2.69
  SINCE JUN 1     10.75         12.08  -1.33    13.02
  SINCE JAN 1     25.38         30.52  -5.14    28.03

DEGREE DAYS
 HEATING
  YESTERDAY        1             0      1        0
  MONTH TO DATE    4             0      4        3
  SINCE JUN 1     17            14      3       13
  SINCE JUL 1      4             1      3       11

 COOLING
  YESTERDAY        0             7     -7       14
  MONTH TO DATE  186           214    -28      206
  SINCE JUN 1    754           760     -6      660
  SINCE JAN 1    898           846     52      787
......................................................


WIND (MPH)
  HIGHEST WIND SPEED    12   HIGHEST WIND DIRECTION     N (340)
  HIGHEST GUST SPEED    16   HIGHEST GUST DIRECTION     N (340)
  AVERAGE WIND SPEED     4.0


SKY COVER
  AVERAGE SKY COVER 0.5


WEATHER CONDITIONS
 THE FOLLOWING WEATHER WAS RECORDED YESTERDAY.
  NO SIGNIFICANT WEATHER WAS OBSERVED.


RELATIVE HUMIDITY (PERCENT)
 HIGHEST    96           300 AM
 LOWEST     50           200 PM
 AVERAGE    73

..........................................................


THE TERRE HAUTE IN CLIMATE NORMALS FOR TODAY
                         NORMAL
 MAXIMUM TEMPERATURE (F)   83
 MINIMUM TEMPERATURE (F)   61


SUNRISE AND SUNSET
AUGUST 27 2015........SUNRISE   713 AM EDT   SUNSET   828 PM EDT
AUGUST 28 2015........SUNRISE   714 AM EDT   SUNSET   827 PM EDT


-  INDICATES NEGATIVE NUMBERS.
R  INDICATES RECORD WAS SET OR TIED.
MM INDICATES DATA IS MISSING.
T  INDICATES TRACE AMOUNT.




$$
