000
CDUS43 KIND 090535
CLIHUF


CLIMATE REPORT
NATIONAL WEATHER SERVICE INDIANAPOLIS IN
1234 AM EST TUE FEB 9 2016


...................................

...THE TERRE HAUTE IN CLIMATE SUMMARY FOR FEBRUARY 8 2016...

CLIMATE NORMAL PERIOD 1981 TO 2010
CLIMATE RECORD PERIOD 9999 TO 9999


WEATHER ITEM   OBSERVED TIME   NORMAL DEPARTURE LAST
                VALUE   (LST)  VALUE  FROM      YEAR
                                      NORMAL
......................................................
TEMPERATURE (F)
 YESTERDAY
  MAXIMUM         42   1247 AM  39      3       58
  MINIMUM         21   1159 PM  22     -1       38
  AVERAGE         32            30      2       48

PRECIPITATION (IN)
  YESTERDAY        0.06          0.07  -0.01     0.00
  MONTH TO DATE    0.40          0.56  -0.16     0.39
  SINCE DEC 1      7.57          5.97   1.60     4.90
  SINCE JAN 1      1.08          2.92  -1.84     2.12

DEGREE DAYS
 HEATING
  YESTERDAY       33            35     -2       17
  MONTH TO DATE  221           282    -61      281
  SINCE DEC 1   1987          2454   -467     2369
  SINCE JUL 1   2815          3532   -717     3669

 COOLING
  YESTERDAY        0             0      0        0
  MONTH TO DATE    0             0      0        0
  SINCE DEC 1      0             0      0        0
  SINCE JAN 1      0             0      0        0
......................................................


WIND (MPH)
  HIGHEST WIND SPEED    24   HIGHEST WIND DIRECTION    NW (310)
  HIGHEST GUST SPEED    32   HIGHEST GUST DIRECTION    NW (310)
  AVERAGE WIND SPEED    11.0


SKY COVER
  AVERAGE SKY COVER 1.0


WEATHER CONDITIONS
 THE FOLLOWING WEATHER WAS RECORDED YESTERDAY.
  LIGHT RAIN
  SNOW
  LIGHT SNOW
  FOG
  HAZE


RELATIVE HUMIDITY (PERCENT)
 HIGHEST    96           500 AM
 LOWEST     65          1200 AM
 AVERAGE    81

..........................................................


THE TERRE HAUTE IN CLIMATE NORMALS FOR TODAY
                         NORMAL
 MAXIMUM TEMPERATURE (F)   39
 MINIMUM TEMPERATURE (F)   22


SUNRISE AND SUNSET
FEBRUARY  9 2016......SUNRISE   749 AM EST   SUNSET   618 PM EST
FEBRUARY 10 2016......SUNRISE   748 AM EST   SUNSET   620 PM EST


-  INDICATES NEGATIVE NUMBERS.
R  INDICATES RECORD WAS SET OR TIED.
MM INDICATES DATA IS MISSING.
T  INDICATES TRACE AMOUNT.




$$
