000
CDUS43 KIND 150550
CLIHUF


CLIMATE REPORT
NATIONAL WEATHER SERVICE INDIANAPOLIS IN
150 AM EDT MON MAY 15 2017


...................................

...THE TERRE HAUTE IN CLIMATE SUMMARY FOR MAY 14 2017...

CLIMATE NORMAL PERIOD 1981 TO 2010
CLIMATE RECORD PERIOD 9999 TO 9999


WEATHER ITEM   OBSERVED TIME   NORMAL DEPARTURE LAST
                VALUE   (LST)  VALUE  FROM      YEAR
                                      NORMAL
......................................................
TEMPERATURE (F)
 YESTERDAY
  MAXIMUM         82    429 PM  73      9       58
  MINIMUM         54    529 AM  51      3       43
  AVERAGE         68            62      6       51

PRECIPITATION (IN)
  YESTERDAY        0.00          0.23  -0.23     0.19
  MONTH TO DATE    4.42          3.19   1.23     1.41
  SINCE MAR 1     16.24         10.71   5.53    10.83
  SINCE JAN 1     20.58         15.00   5.58    13.28

DEGREE DAYS
 HEATING
  YESTERDAY        0             5     -5       14
  MONTH TO DATE  112            83     29       74
  SINCE MAR 1    894          1140   -246      891
  SINCE JUL 1   4229          5303  -1074     4353

 COOLING
  YESTERDAY        3             2      1        0
  MONTH TO DATE   11            18     -7       11
  SINCE MAR 1     41            33      8       20
  SINCE JAN 1     41            33      8       20
......................................................


WIND (MPH)
  HIGHEST WIND SPEED    18   HIGHEST WIND DIRECTION     W (260)
  HIGHEST GUST SPEED    22   HIGHEST GUST DIRECTION     W (260)
  AVERAGE WIND SPEED     6.2


SKY COVER
  AVERAGE SKY COVER 0.0


WEATHER CONDITIONS
 THE FOLLOWING WEATHER WAS RECORDED YESTERDAY.
  NO SIGNIFICANT WEATHER WAS OBSERVED.


RELATIVE HUMIDITY (PERCENT)
 HIGHEST    86           400 AM
 LOWEST     39           200 PM
 AVERAGE    63

..........................................................


THE TERRE HAUTE IN CLIMATE NORMALS FOR TODAY
                         NORMAL
 MAXIMUM TEMPERATURE (F)   74
 MINIMUM TEMPERATURE (F)   52


SUNRISE AND SUNSET
MAY 15 2017...........SUNRISE   635 AM EDT   SUNSET   857 PM EDT
MAY 16 2017...........SUNRISE   634 AM EDT   SUNSET   857 PM EDT


-  INDICATES NEGATIVE NUMBERS.
R  INDICATES RECORD WAS SET OR TIED.
MM INDICATES DATA IS MISSING.
T  INDICATES TRACE AMOUNT.




$$
