000
CDUS43 KIND 130533
CLIHUF


CLIMATE REPORT
NATIONAL WEATHER SERVICE INDIANAPOLIS IN
1233 AM EST SAT JAN 13 2018


...................................

...THE TERRE HAUTE IN CLIMATE SUMMARY FOR JANUARY 12 2018...

CLIMATE NORMAL PERIOD 1981 TO 2010
CLIMATE RECORD PERIOD 9999 TO 9999


WEATHER ITEM   OBSERVED TIME   NORMAL DEPARTURE LAST
                VALUE   (LST)  VALUE  FROM      YEAR
                                      NORMAL
......................................................
TEMPERATURE (F)
 YESTERDAY
  MAXIMUM         32   1203 AM  36     -4       63
  MINIMUM         18    552 AM  20     -2       29
  AVERAGE         25            28     -3       46

PRECIPITATION (IN)
  YESTERDAY        T             0.09  -0.09     0.29
  MONTH TO DATE    0.58          1.15  -0.57     1.45
  SINCE DEC 1      1.55          4.20  -2.65     3.09
  SINCE JAN 1      0.58          1.15  -0.57     1.45

DEGREE DAYS
 HEATING
  YESTERDAY       40            37      3       19
  MONTH TO DATE  549           444    105      429
  SINCE DEC 1   1598          1477    121     1499
  SINCE JUL 1   2535          2555    -20     2225

 COOLING
  YESTERDAY        0             0      0        0
  MONTH TO DATE    0             0      0        0
  SINCE DEC 1      0             0      0        0
  SINCE JAN 1      0             0      0        0
......................................................


WIND (MPH)
  HIGHEST WIND SPEED    30   HIGHEST WIND DIRECTION     N (10)
  HIGHEST GUST SPEED    36   HIGHEST GUST DIRECTION     N (360)
  AVERAGE WIND SPEED    16.4


SKY COVER
  AVERAGE SKY COVER 1.0


WEATHER CONDITIONS
 THE FOLLOWING WEATHER WAS RECORDED YESTERDAY.
  LT FREEZING RAIN
  LIGHT SNOW
  FOG


RELATIVE HUMIDITY (PERCENT)
 HIGHEST    88           200 AM
 LOWEST     73           600 AM
 AVERAGE    81

..........................................................


THE TERRE HAUTE IN CLIMATE NORMALS FOR TODAY
                         NORMAL
 MAXIMUM TEMPERATURE (F)   36
 MINIMUM TEMPERATURE (F)   20


SUNRISE AND SUNSET
JANUARY 13 2018.......SUNRISE   808 AM EST   SUNSET   548 PM EST
JANUARY 14 2018.......SUNRISE   808 AM EST   SUNSET   549 PM EST


-  INDICATES NEGATIVE NUMBERS.
R  INDICATES RECORD WAS SET OR TIED.
MM INDICATES DATA IS MISSING.
T  INDICATES TRACE AMOUNT.




$$
