000
CDUS43 KIND 250533
CLIHUF


CLIMATE REPORT
NATIONAL WEATHER SERVICE INDIANAPOLIS IN
132 AM EDT WED MAR 25 2015


...................................

...THE TERRE HAUTE IN CLIMATE SUMMARY FOR MARCH 24 2015...

CLIMATE NORMAL PERIOD 1981 TO 2010
CLIMATE RECORD PERIOD 9999 TO 9999


WEATHER ITEM   OBSERVED TIME   NORMAL DEPARTURE LAST
                VALUE   (LST)  VALUE  FROM      YEAR
                                      NORMAL
......................................................
TEMPERATURE (F)
 YESTERDAY
  MAXIMUM         43   1159 PM  57    -14       40
  MINIMUM         28    321 AM  35     -7       19
  AVERAGE         36            46    -10       30

PRECIPITATION (IN)
  YESTERDAY        0.16          0.10   0.06     0.00
  MONTH TO DATE    2.42          2.52  -0.10     1.06
  SINCE MAR 1      2.42          2.52  -0.10     1.06
  SINCE JAN 1      5.32          6.81  -1.49     5.09

DEGREE DAYS
 HEATING
  YESTERDAY       29            19     10       35
  MONTH TO DATE  641           565     76      689
  SINCE MAR 1    641           565     76      689
  SINCE JUL 1   5275          4728    547     5424

 COOLING
  YESTERDAY        0             0      0        0
  MONTH TO DATE    0             0      0        0
  SINCE MAR 1      0             0      0        0
  SINCE JAN 1      0             0      0        0
......................................................


WIND (MPH)
  HIGHEST WIND SPEED    17   HIGHEST WIND DIRECTION     E (90)
  HIGHEST GUST SPEED    21   HIGHEST GUST DIRECTION     E (100)
  AVERAGE WIND SPEED     9.5


SKY COVER
  AVERAGE SKY COVER 0.6


WEATHER CONDITIONS
 THE FOLLOWING WEATHER WAS RECORDED YESTERDAY.
  THUNDERSTORM
  LIGHT RAIN
  LT FREEZING RAIN
  FOG
  HAZE


RELATIVE HUMIDITY (PERCENT)
 HIGHEST    89           100 PM
 LOWEST     72          1000 AM
 AVERAGE    81

..........................................................


THE TERRE HAUTE IN CLIMATE NORMALS FOR TODAY
                         NORMAL
 MAXIMUM TEMPERATURE (F)   57
 MINIMUM TEMPERATURE (F)   35


SUNRISE AND SUNSET
MARCH 25 2015.........SUNRISE   745 AM EDT   SUNSET   806 PM EDT
MARCH 26 2015.........SUNRISE   743 AM EDT   SUNSET   807 PM EDT


-  INDICATES NEGATIVE NUMBERS.
R  INDICATES RECORD WAS SET OR TIED.
MM INDICATES DATA IS MISSING.
T  INDICATES TRACE AMOUNT.




$$
