000
CDUS43 KIND 190532
CLIHUF


CLIMATE REPORT
NATIONAL WEATHER SERVICE INDIANAPOLIS IN
132 AM EDT TUE MAY 19 2015


...................................

...THE TERRE HAUTE IN CLIMATE SUMMARY FOR MAY 18 2015...

CLIMATE NORMAL PERIOD 1981 TO 2010
CLIMATE RECORD PERIOD 9999 TO 9999


WEATHER ITEM   OBSERVED TIME   NORMAL DEPARTURE LAST
                VALUE   (LST)  VALUE  FROM      YEAR
                                      NORMAL
......................................................
TEMPERATURE (F)
 YESTERDAY
  MAXIMUM         81    520 PM  75      6       65
  MINIMUM         62   1159 PM  53      9       37
  AVERAGE         72            64      8       51

PRECIPITATION (IN)
  YESTERDAY        0.00          0.24  -0.24     0.00
  MONTH TO DATE    2.43          4.13  -1.70     2.43
  SINCE MAR 1     10.45         11.65  -1.20    10.46
  SINCE JAN 1     13.35         15.94  -2.59    14.49

DEGREE DAYS
 HEATING
  YESTERDAY        0             4     -4       14
  MONTH TO DATE   39           100    -61      118
  SINCE MAR 1   1158          1157      1     1294
  SINCE JUL 1   5792          5320    472     6029

 COOLING
  YESTERDAY        7             3      4        0
  MONTH TO DATE   80            27     53       41
  SINCE MAR 1     86            42     44       47
  SINCE JAN 1     86            42     44       47
......................................................


WIND (MPH)
  HIGHEST WIND SPEED    17   HIGHEST WIND DIRECTION    SW (210)
  HIGHEST GUST SPEED    22   HIGHEST GUST DIRECTION    SW (210)
  AVERAGE WIND SPEED     9.1


SKY COVER
  AVERAGE SKY COVER 0.5


WEATHER CONDITIONS
 THE FOLLOWING WEATHER WAS RECORDED YESTERDAY.
  THUNDERSTORM


RELATIVE HUMIDITY (PERCENT)
 HIGHEST    90           200 AM
 LOWEST     53          1000 PM
 AVERAGE    72

..........................................................


THE TERRE HAUTE IN CLIMATE NORMALS FOR TODAY
                         NORMAL
 MAXIMUM TEMPERATURE (F)   75
 MINIMUM TEMPERATURE (F)   53


SUNRISE AND SUNSET
MAY 19 2015...........SUNRISE   632 AM EDT   SUNSET   900 PM EDT
MAY 20 2015...........SUNRISE   631 AM EDT   SUNSET   901 PM EDT


-  INDICATES NEGATIVE NUMBERS.
R  INDICATES RECORD WAS SET OR TIED.
MM INDICATES DATA IS MISSING.
T  INDICATES TRACE AMOUNT.




$$
