000
CDUS43 KIND 190801 RRB
CLIHUF

CLIMATE REPORT
NATIONAL WEATHER SERVICE INDIANAPOLIS IN
401 AM EDT MON JUN 19 2017


...................................

...THE TERRE HAUTE IN CLIMATE SUMMARY FOR JUNE 18 2017...

CLIMATE NORMAL PERIOD 1981 TO 2010
CLIMATE RECORD PERIOD 9999 TO 9999


WEATHER ITEM   OBSERVED TIME   NORMAL DEPARTURE LAST
                VALUE   (LST)  VALUE  FROM      YEAR
                                      NORMAL
......................................................
TEMPERATURE (F)
 YESTERDAY
  MAXIMUM         81    159 PM  84     -3       88
  MINIMUM         MM        MM  63     MM       61
  AVERAGE         MM            73     MM       75

PRECIPITATION (IN)
  YESTERDAY        0.55          0.11   0.44     0.00
  MONTH TO DATE    2.39          2.94  -0.55     0.71
  SINCE JUN 1      2.39          2.94  -0.55     0.71
  SINCE JAN 1     25.31         21.38   3.93    14.49

DEGREE DAYS
 HEATING
  YESTERDAY       MM             0     MM        0
  MONTH TO DATE    2            11     -9        1
  SINCE JUN 1      2            11     -9        1
  SINCE JUL 1   4245          5366  -1121     4418

 COOLING
  YESTERDAY       MM             8     MM       10
  MONTH TO DATE  157           119     38      172
  SINCE JUN 1    157           119     38      172
  SINCE JAN 1    273           205     68      260
......................................................


WIND (MPH)
  HIGHEST WIND SPEED    18   HIGHEST WIND DIRECTION     S (190)
  HIGHEST GUST SPEED    30   HIGHEST GUST DIRECTION     S (190)
  AVERAGE WIND SPEED     9.7


SKY COVER
  AVERAGE SKY COVER 0.0


WEATHER CONDITIONS
 THE FOLLOWING WEATHER WAS RECORDED YESTERDAY.
  THUNDERSTORM
  HEAVY RAIN
  RAIN
  LIGHT RAIN
  FOG


RELATIVE HUMIDITY (PERCENT)
 HIGHEST     0          1200 AM
 LOWEST      0          1200 AM
 AVERAGE     0

..........................................................


THE TERRE HAUTE IN CLIMATE NORMALS FOR TODAY
                         NORMAL
 MAXIMUM TEMPERATURE (F)   84
 MINIMUM TEMPERATURE (F)   63


SUNRISE AND SUNSET
JUNE 19 2017..........SUNRISE   622 AM EDT   SUNSET   919 PM EDT
JUNE 20 2017..........SUNRISE   622 AM EDT   SUNSET   920 PM EDT


-  INDICATES NEGATIVE NUMBERS.
R  INDICATES RECORD WAS SET OR TIED.
MM INDICATES DATA IS MISSING.
T  INDICATES TRACE AMOUNT.




$$
