136
CDUS43 KIND 200540
CLIHUF


CLIMATE REPORT
NATIONAL WEATHER SERVICE INDIANAPOLIS IN
140 AM EDT SAT MAY 20 2017


...................................

...THE TERRE HAUTE IN CLIMATE SUMMARY FOR MAY 19 2017...

CLIMATE NORMAL PERIOD 1981 TO 2010
CLIMATE RECORD PERIOD 9999 TO 9999


WEATHER ITEM   OBSERVED TIME   NORMAL DEPARTURE LAST
                VALUE   (LST)  VALUE  FROM      YEAR
                                      NORMAL
......................................................
TEMPERATURE (F)
 YESTERDAY
  MAXIMUM         82    351 PM  75      7       72
  MINIMUM         61   1125 PM  53      8       41
  AVERAGE         72            64      8       57

PRECIPITATION (IN)
  YESTERDAY        1.03          0.24   0.79     0.00
  MONTH TO DATE    5.45          4.37   1.08     1.61
  SINCE MAR 1     17.27         11.89   5.38    11.03
  SINCE JAN 1     21.61         16.18   5.43    13.48

DEGREE DAYS
 HEATING
  YESTERDAY        0             4     -4        8
  MONTH TO DATE  112           104      8      130
  SINCE MAR 1    894          1161   -267      947
  SINCE JUL 1   4229          5324  -1095     4409

 COOLING
  YESTERDAY        7             3      4        0
  MONTH TO DATE   56            30     26       11
  SINCE MAR 1     86            45     41       20
  SINCE JAN 1     86            45     41       20
......................................................


WIND (MPH)
  HIGHEST WIND SPEED    23   HIGHEST WIND DIRECTION    SW (210)
  HIGHEST GUST SPEED    34   HIGHEST GUST DIRECTION    SW (210)
  AVERAGE WIND SPEED     8.3


SKY COVER
  AVERAGE SKY COVER 0.6


WEATHER CONDITIONS
 THE FOLLOWING WEATHER WAS RECORDED YESTERDAY.
  THUNDERSTORM
  HEAVY RAIN
  RAIN
  LIGHT RAIN
  FOG


RELATIVE HUMIDITY (PERCENT)
 HIGHEST    93           700 AM
 LOWEST     55           300 PM
 AVERAGE    74

..........................................................


THE TERRE HAUTE IN CLIMATE NORMALS FOR TODAY
                         NORMAL
 MAXIMUM TEMPERATURE (F)   75
 MINIMUM TEMPERATURE (F)   53


SUNRISE AND SUNSET
MAY 20 2017...........SUNRISE   631 AM EDT   SUNSET   901 PM EDT
MAY 21 2017...........SUNRISE   630 AM EDT   SUNSET   902 PM EDT


-  INDICATES NEGATIVE NUMBERS.
R  INDICATES RECORD WAS SET OR TIED.
MM INDICATES DATA IS MISSING.
T  INDICATES TRACE AMOUNT.




$$
