218
CDUS43 KIND 240538
CLIHUF


CLIMATE REPORT
NATIONAL WEATHER SERVICE INDIANAPOLIS IN
133 AM EDT SUN APR 24 2016


...................................

...THE TERRE HAUTE IN CLIMATE SUMMARY FOR APRIL 23 2016...

CLIMATE NORMAL PERIOD 1981 TO 2010
CLIMATE RECORD PERIOD 9999 TO 9999


WEATHER ITEM   OBSERVED TIME   NORMAL DEPARTURE LAST
                VALUE   (LST)  VALUE  FROM      YEAR
                                      NORMAL
......................................................
TEMPERATURE (F)
 YESTERDAY
  MAXIMUM         69    428 PM  67      2       58
  MINIMUM         48    657 AM  45      3       35
  AVERAGE         59            56      3       47

PRECIPITATION (IN)
  YESTERDAY        0.00          0.16  -0.16     0.00
  MONTH TO DATE    2.75          2.64   0.11     4.19
  SINCE MAR 1      6.75          6.01   0.74     7.59
  SINCE JAN 1      9.20         10.30  -1.10    10.49

DEGREE DAYS
 HEATING
  YESTERDAY        6            10     -4       18
  MONTH TO DATE  301           305     -4      214
  SINCE MAR 1    789           996   -207     1017
  SINCE JUL 1   4251          5159   -908     5651

 COOLING
  YESTERDAY        0             1     -1        0
  MONTH TO DATE    2             9     -7        6
  SINCE MAR 1      2            10     -8        6
  SINCE JAN 1      2            10     -8        6
......................................................


WIND (MPH)
  HIGHEST WIND SPEED    12   HIGHEST WIND DIRECTION     N (360)
  HIGHEST GUST SPEED    16   HIGHEST GUST DIRECTION     N (10)
  AVERAGE WIND SPEED     5.2


SKY COVER
  AVERAGE SKY COVER 0.6


WEATHER CONDITIONS
 THE FOLLOWING WEATHER WAS RECORDED YESTERDAY.
  FOG


RELATIVE HUMIDITY (PERCENT)
 HIGHEST    93           100 AM
 LOWEST     45           500 PM
 AVERAGE    69

..........................................................


THE TERRE HAUTE IN CLIMATE NORMALS FOR TODAY
                         NORMAL
 MAXIMUM TEMPERATURE (F)   67
 MINIMUM TEMPERATURE (F)   45


SUNRISE AND SUNSET
APRIL 24 2016.........SUNRISE   659 AM EDT   SUNSET   836 PM EDT
APRIL 25 2016.........SUNRISE   657 AM EDT   SUNSET   837 PM EDT


-  INDICATES NEGATIVE NUMBERS.
R  INDICATES RECORD WAS SET OR TIED.
MM INDICATES DATA IS MISSING.
T  INDICATES TRACE AMOUNT.




$$
