000
CDUS43 KIND 130532
CLIHUF


CLIMATE REPORT
NATIONAL WEATHER SERVICE INDIANAPOLIS IN
131 AM EDT WED SEP 13 2017


...................................

...THE TERRE HAUTE IN CLIMATE SUMMARY FOR SEPTEMBER 12 2017...

CLIMATE NORMAL PERIOD 1981 TO 2010
CLIMATE RECORD PERIOD 9999 TO 9999


WEATHER ITEM   OBSERVED TIME   NORMAL DEPARTURE LAST
                VALUE   (LST)  VALUE  FROM      YEAR
                                      NORMAL
......................................................
TEMPERATURE (F)
 YESTERDAY
  MAXIMUM         75    417 PM  80     -5       80
  MINIMUM         56    711 AM  55      1       52
  AVERAGE         66            68     -2       66

PRECIPITATION (IN)
  YESTERDAY        T             0.14  -0.14     0.00
  MONTH TO DATE    T             1.52  -1.52     1.61
  SINCE SEP 1      T             1.52  -1.52     1.61
  SINCE JAN 1     35.84         32.80   3.04    28.57

DEGREE DAYS
 HEATING
  YESTERDAY        0             1     -1        0
  MONTH TO DATE   38             7     31        0
  SINCE SEP 1     38             7     31        0
  SINCE JUL 1     38            12     26        4

 COOLING
  YESTERDAY        1             4     -3        1
  MONTH TO DATE   13            59    -46       87
  SINCE SEP 1     13            59    -46       87
  SINCE JAN 1    923           938    -15     1235
......................................................


WIND (MPH)
  HIGHEST WIND SPEED    22   HIGHEST WIND DIRECTION    NE (60)
  HIGHEST GUST SPEED    27   HIGHEST GUST DIRECTION    NE (60)
  AVERAGE WIND SPEED     9.2


SKY COVER
  AVERAGE SKY COVER 0.4


WEATHER CONDITIONS
 THE FOLLOWING WEATHER WAS RECORDED YESTERDAY.
  LIGHT RAIN


RELATIVE HUMIDITY (PERCENT)
 HIGHEST    83           400 AM
 LOWEST     41          1200 PM
 AVERAGE    62

..........................................................


THE TERRE HAUTE IN CLIMATE NORMALS FOR TODAY
                         NORMAL
 MAXIMUM TEMPERATURE (F)   79
 MINIMUM TEMPERATURE (F)   55


SUNRISE AND SUNSET
SEPTEMBER 13 2017.....SUNRISE   729 AM EDT   SUNSET   800 PM EDT
SEPTEMBER 14 2017.....SUNRISE   730 AM EDT   SUNSET   759 PM EDT


-  INDICATES NEGATIVE NUMBERS.
R  INDICATES RECORD WAS SET OR TIED.
MM INDICATES DATA IS MISSING.
T  INDICATES TRACE AMOUNT.




$$
