257
CDUS43 KIND 210544
CLIHUF


CLIMATE REPORT
NATIONAL WEATHER SERVICE INDIANAPOLIS IN
144 AM EDT TUE MAR 21 2017


...................................

...THE TERRE HAUTE IN CLIMATE SUMMARY FOR MARCH 20 2017...

CLIMATE NORMAL PERIOD 1981 TO 2010
CLIMATE RECORD PERIOD 9999 TO 9999


WEATHER ITEM   OBSERVED TIME   NORMAL DEPARTURE LAST
                VALUE   (LST)  VALUE  FROM      YEAR
                                      NORMAL
......................................................
TEMPERATURE (F)
 YESTERDAY
  MAXIMUM         65    429 PM  55     10       47
  MINIMUM         43    835 AM  34      9       34
  AVERAGE         54            44     10       41

PRECIPITATION (IN)
  YESTERDAY        0.60          0.12   0.48     0.00
  MONTH TO DATE    2.00          2.07  -0.07     1.77
  SINCE MAR 1      2.00          2.07  -0.07     1.77
  SINCE JAN 1      6.34          6.36  -0.02     4.22

DEGREE DAYS
 HEATING
  YESTERDAY       11            21    -10       24
  MONTH TO DATE  445           486    -41      324
  SINCE MAR 1    445           486    -41      324
  SINCE JUL 1   3780          4649   -869     3786

 COOLING
  YESTERDAY        0             0      0        0
  MONTH TO DATE    0             0      0        0
  SINCE MAR 1      0             0      0        0
  SINCE JAN 1      0             0      0        0
......................................................


WIND (MPH)
  HIGHEST WIND SPEED    23   HIGHEST WIND DIRECTION    SE (140)
  HIGHEST GUST SPEED    30   HIGHEST GUST DIRECTION    SE (140)
  AVERAGE WIND SPEED    10.2


SKY COVER
  AVERAGE SKY COVER 0.7


WEATHER CONDITIONS
 THE FOLLOWING WEATHER WAS RECORDED YESTERDAY.
  THUNDERSTORM
  HEAVY RAIN
  RAIN
  LIGHT RAIN
  FOG


RELATIVE HUMIDITY (PERCENT)
 HIGHEST    77          1000 PM
 LOWEST     48           300 PM
 AVERAGE    63

..........................................................


THE TERRE HAUTE IN CLIMATE NORMALS FOR TODAY
                         NORMAL
 MAXIMUM TEMPERATURE (F)   56
 MINIMUM TEMPERATURE (F)   34


SUNRISE AND SUNSET
MARCH 21 2017.........SUNRISE   751 AM EDT   SUNSET   802 PM EDT
MARCH 22 2017.........SUNRISE   749 AM EDT   SUNSET   803 PM EDT


-  INDICATES NEGATIVE NUMBERS.
R  INDICATES RECORD WAS SET OR TIED.
MM INDICATES DATA IS MISSING.
T  INDICATES TRACE AMOUNT.




$$
