000
CDUS43 KIND 170535
CLIHUF


CLIMATE REPORT
NATIONAL WEATHER SERVICE INDIANAPOLIS IN
134 AM EDT SAT SEP 17 2016


...................................

...THE TERRE HAUTE IN CLIMATE SUMMARY FOR SEPTEMBER 16 2016...

CLIMATE NORMAL PERIOD 1981 TO 2010
CLIMATE RECORD PERIOD 9999 TO 9999


WEATHER ITEM   OBSERVED TIME   NORMAL DEPARTURE LAST
                VALUE   (LST)  VALUE  FROM      YEAR
                                      NORMAL
......................................................
TEMPERATURE (F)
 YESTERDAY
  MAXIMUM         79   1114 AM  78      1       83
  MINIMUM         64    433 AM  54     10       49
  AVERAGE         72            66      6       66

PRECIPITATION (IN)
  YESTERDAY        0.41          0.11   0.30     0.00
  MONTH TO DATE    2.04          2.02   0.02     0.85
  SINCE SEP 1      2.04          2.02   0.02     0.85
  SINCE JAN 1     29.00         33.30  -4.30    26.23

DEGREE DAYS
 HEATING
  YESTERDAY        0             2     -2        0
  MONTH TO DATE    0            14    -14       20
  SINCE SEP 1      0            14    -14       20
  SINCE JUL 1      4            19    -15       24

 COOLING
  YESTERDAY        7             3      4        1
  MONTH TO DATE  116            71     45      120
  SINCE SEP 1    116            71     45      120
  SINCE JAN 1   1264           950    314     1049
......................................................


WIND (MPH)
  HIGHEST WIND SPEED    16   HIGHEST WIND DIRECTION     W (250)
  HIGHEST GUST SPEED    22   HIGHEST GUST DIRECTION     W (250)
  AVERAGE WIND SPEED     5.0


SKY COVER
  AVERAGE SKY COVER 0.2


WEATHER CONDITIONS
 THE FOLLOWING WEATHER WAS RECORDED YESTERDAY.
  THUNDERSTORM
  HEAVY RAIN
  RAIN
  LIGHT RAIN
  FOG


RELATIVE HUMIDITY (PERCENT)
 HIGHEST    93           400 PM
 LOWEST     71          1100 AM
 AVERAGE    82

..........................................................


THE TERRE HAUTE IN CLIMATE NORMALS FOR TODAY
                         NORMAL
 MAXIMUM TEMPERATURE (F)   78
 MINIMUM TEMPERATURE (F)   53


SUNRISE AND SUNSET
SEPTEMBER 17 2016.....SUNRISE   733 AM EDT   SUNSET   754 PM EDT
SEPTEMBER 18 2016.....SUNRISE   734 AM EDT   SUNSET   752 PM EDT


-  INDICATES NEGATIVE NUMBERS.
R  INDICATES RECORD WAS SET OR TIED.
MM INDICATES DATA IS MISSING.
T  INDICATES TRACE AMOUNT.




$$
