996
CDUS43 KIND 280535
CLIHUF


CLIMATE REPORT
NATIONAL WEATHER SERVICE INDIANAPOLIS IN
1233 AM EST MON NOV 28 2016


...................................

...THE TERRE HAUTE IN CLIMATE SUMMARY FOR NOVEMBER 27 2016...

CLIMATE NORMAL PERIOD 1981 TO 2010
CLIMATE RECORD PERIOD 9999 TO 9999


WEATHER ITEM   OBSERVED TIME   NORMAL DEPARTURE LAST
                VALUE   (LST)  VALUE  FROM      YEAR
                                      NORMAL
......................................................
TEMPERATURE (F)
 YESTERDAY
  MAXIMUM         47    407 PM  47      0       62
  MINIMUM         31    521 AM  30      1       44
  AVERAGE         39            38      1       53

PRECIPITATION (IN)
  YESTERDAY        0.00          0.12  -0.12     1.65
  MONTH TO DATE    0.80          3.44  -2.64     4.57
  SINCE SEP 1      6.45         10.43  -3.98     7.91
  SINCE JAN 1     33.41         41.71  -8.30    33.29

DEGREE DAYS
 HEATING
  YESTERDAY       26            27     -1       12
  MONTH TO DATE  478           568    -90      457
  SINCE SEP 1    673           990   -317      755
  SINCE JUL 1    677           995   -318      759

 COOLING
  YESTERDAY        0             0      0        0
  MONTH TO DATE    4             0      4        3
  SINCE SEP 1    243           114    129      164
  SINCE JAN 1   1391           993    398     1093
......................................................


WIND (MPH)
  HIGHEST WIND SPEED    17   HIGHEST WIND DIRECTION     S (190)
  HIGHEST GUST SPEED    22   HIGHEST GUST DIRECTION     S (200)
  AVERAGE WIND SPEED     9.5


SKY COVER
  AVERAGE SKY COVER 0.3


WEATHER CONDITIONS
 THE FOLLOWING WEATHER WAS RECORDED YESTERDAY.
  FOG
  HAZE


RELATIVE HUMIDITY (PERCENT)
 HIGHEST    92           800 AM
 LOWEST     58          1100 PM
 AVERAGE    75

..........................................................


THE TERRE HAUTE IN CLIMATE NORMALS FOR TODAY
                         NORMAL
 MAXIMUM TEMPERATURE (F)   46
 MINIMUM TEMPERATURE (F)   30


SUNRISE AND SUNSET
NOVEMBER 28 2016......SUNRISE   748 AM EST   SUNSET   527 PM EST
NOVEMBER 29 2016......SUNRISE   749 AM EST   SUNSET   526 PM EST


-  INDICATES NEGATIVE NUMBERS.
R  INDICATES RECORD WAS SET OR TIED.
MM INDICATES DATA IS MISSING.
T  INDICATES TRACE AMOUNT.




$$
