000
CDUS43 KIND 110545
CLIHUF


CLIMATE REPORT
NATIONAL WEATHER SERVICE INDIANAPOLIS IN
1244 AM EST WED JAN 11 2017


...................................

...THE TERRE HAUTE IN CLIMATE SUMMARY FOR JANUARY 10 2017...

CLIMATE NORMAL PERIOD 1981 TO 2010
CLIMATE RECORD PERIOD 9999 TO 9999


WEATHER ITEM   OBSERVED TIME   NORMAL DEPARTURE LAST
                VALUE   (LST)  VALUE  FROM      YEAR
                                      NORMAL
......................................................
TEMPERATURE (F)
 YESTERDAY
  MAXIMUM         56    648 PM  36     20       34
  MINIMUM         35   1159 PM  20     15       11
  AVERAGE         46            28     18       23

PRECIPITATION (IN)
  YESTERDAY        0.44          0.09   0.35      T
  MONTH TO DATE    0.93          0.97  -0.04     0.61
  SINCE DEC 1      2.57          4.02  -1.45     7.10
  SINCE JAN 1      0.93          0.97  -0.04     0.61

DEGREE DAYS
 HEATING
  YESTERDAY       19            37    -18       42
  MONTH TO DATE  389           370     19      314
  SINCE DEC 1   1459          1403     56      986
  SINCE JUL 1   2185          2481   -296     1814

 COOLING
  YESTERDAY        0             0      0        0
  MONTH TO DATE    0             0      0        0
  SINCE DEC 1      0             0      0        0
  SINCE JAN 1      0             0      0        0
......................................................


WIND (MPH)
  HIGHEST WIND SPEED    32   HIGHEST WIND DIRECTION     W (290)
  HIGHEST GUST SPEED    46   HIGHEST GUST DIRECTION    NW (300)
  AVERAGE WIND SPEED    19.4


SKY COVER
  AVERAGE SKY COVER 0.9


WEATHER CONDITIONS
 THE FOLLOWING WEATHER WAS RECORDED YESTERDAY.
  THUNDERSTORM
  HEAVY RAIN
  RAIN
  LIGHT RAIN
  FOG


RELATIVE HUMIDITY (PERCENT)
 HIGHEST    86          1200 PM
 LOWEST     52          1200 AM
 AVERAGE    69

..........................................................


THE TERRE HAUTE IN CLIMATE NORMALS FOR TODAY
                         NORMAL
 MAXIMUM TEMPERATURE (F)   36
 MINIMUM TEMPERATURE (F)   20


SUNRISE AND SUNSET
JANUARY 11 2017.......SUNRISE   809 AM EST   SUNSET   546 PM EST
JANUARY 12 2017.......SUNRISE   809 AM EST   SUNSET   547 PM EST


-  INDICATES NEGATIVE NUMBERS.
R  INDICATES RECORD WAS SET OR TIED.
MM INDICATES DATA IS MISSING.
T  INDICATES TRACE AMOUNT.




$$
