000
CDUS43 KIND 202047
CLIHUF


CLIMATE REPORT
NATIONAL WEATHER SERVICE INDIANAPOLIS IN
447 PM EDT THU AUG 20 2015


...................................

...THE TERRE HAUTE IN CLIMATE SUMMARY FOR AUGUST 20 2015...
VALID TODAY AS OF 0400 PM LOCAL TIME.

CLIMATE NORMAL PERIOD 1981 TO 2010
CLIMATE RECORD PERIOD 9999 TO 9999


WEATHER ITEM   OBSERVED TIME   NORMAL DEPARTURE LAST
                VALUE   (LST)  VALUE  FROM      YEAR
                                      NORMAL
......................................................
TEMPERATURE (F)
 TODAY
  MAXIMUM         78    259 PM  84     -6       82
  MINIMUM         57    617 AM  62     -5       64
  AVERAGE         68            73     -5       73

PRECIPITATION (IN)
  TODAY            T             0.12  -0.12     0.14
  MONTH TO DATE    0.63          2.06  -1.43     1.28
  SINCE JUN 1     10.73         11.29  -0.56    11.61
  SINCE JAN 1     25.36         29.73  -4.37    26.62

......................................................


WIND (MPH)
  HIGHEST WIND SPEED    17   HIGHEST WIND DIRECTION     W (250)
  HIGHEST GUST SPEED    24   HIGHEST GUST DIRECTION     W (260)
  AVERAGE WIND SPEED     9.0


SKY COVER
  AVERAGE SKY COVER 0.2


WEATHER CONDITIONS
 THE FOLLOWING WEATHER WAS RECORDED TODAY.
  LIGHT RAIN
  HAZE


RELATIVE HUMIDITY (PERCENT)
 HIGHEST    93           400 AM
 LOWEST     35           300 PM

..........................................................


THE TERRE HAUTE IN CLIMATE NORMALS FOR TOMORROW
                         NORMAL
 MAXIMUM TEMPERATURE (F)   84
 MINIMUM TEMPERATURE (F)   62


SUNRISE AND SUNSET
AUGUST 20 2015........SUNRISE   706 AM EDT   SUNSET   838 PM EDT
AUGUST 21 2015........SUNRISE   707 AM EDT   SUNSET   837 PM EDT


-  INDICATES NEGATIVE NUMBERS.
R  INDICATES RECORD WAS SET OR TIED.
MM INDICATES DATA IS MISSING.
T  INDICATES TRACE AMOUNT.




$$
