000
CDUS43 KIND 130536
CLIHUF


CLIMATE REPORT
NATIONAL WEATHER SERVICE INDIANAPOLIS IN
134 AM EDT THU JUL 13 2017


...................................

...THE TERRE HAUTE IN CLIMATE SUMMARY FOR JULY 12 2017...

CLIMATE NORMAL PERIOD 1981 TO 2010
CLIMATE RECORD PERIOD 9999 TO 9999


WEATHER ITEM   OBSERVED TIME   NORMAL DEPARTURE LAST
                VALUE   (LST)  VALUE  FROM      YEAR
                                      NORMAL
......................................................
TEMPERATURE (F)
 YESTERDAY
  MAXIMUM         93    355 PM  86      7       86
  MINIMUM         67    358 AM  65      2       67
  AVERAGE         80            75      5       77

PRECIPITATION (IN)
  YESTERDAY        1.01          0.18   0.83     0.36
  MONTH TO DATE    1.90          1.69   0.21     4.17
  SINCE JUN 1      7.78          6.13   1.65     8.66
  SINCE JAN 1     30.70         24.57   6.13    22.44

DEGREE DAYS
 HEATING
  YESTERDAY        0             0      0        0
  MONTH TO DATE    0             0      0        4
  SINCE JUN 1      6            13     -7        5
  SINCE JUL 1      0             0      0        4

 COOLING
  YESTERDAY       15            10      5       12
  MONTH TO DATE  142           127     15      101
  SINCE JUN 1    386           362     24      419
  SINCE JAN 1    502           448     54      507
......................................................


WIND (MPH)
  HIGHEST WIND SPEED    46   HIGHEST WIND DIRECTION    NE (60)
  HIGHEST GUST SPEED    61   HIGHEST GUST DIRECTION    NE (50)
  AVERAGE WIND SPEED     8.6


SKY COVER
  AVERAGE SKY COVER 0.1


WEATHER CONDITIONS
 THE FOLLOWING WEATHER WAS RECORDED YESTERDAY.
  THUNDERSTORM
  HEAVY RAIN
  RAIN
  LIGHT RAIN
  FOG


RELATIVE HUMIDITY (PERCENT)
 HIGHEST    94          1000 PM
 LOWEST     56           300 PM
 AVERAGE    75

..........................................................


THE TERRE HAUTE IN CLIMATE NORMALS FOR TODAY
                         NORMAL
 MAXIMUM TEMPERATURE (F)   86
 MINIMUM TEMPERATURE (F)   65


SUNRISE AND SUNSET
JULY 13 2017..........SUNRISE   633 AM EDT   SUNSET   916 PM EDT
JULY 14 2017..........SUNRISE   634 AM EDT   SUNSET   916 PM EDT


-  INDICATES NEGATIVE NUMBERS.
R  INDICATES RECORD WAS SET OR TIED.
MM INDICATES DATA IS MISSING.
T  INDICATES TRACE AMOUNT.




$$
