000
CDUS43 KIND 160532
CLIHUF


CLIMATE REPORT
NATIONAL WEATHER SERVICE INDIANAPOLIS IN
131 AM EDT SAT MAY 16 2015


...................................

...THE TERRE HAUTE IN CLIMATE SUMMARY FOR MAY 15 2015...

CLIMATE NORMAL PERIOD 1981 TO 2010
CLIMATE RECORD PERIOD 9999 TO 9999


WEATHER ITEM   OBSERVED TIME   NORMAL DEPARTURE LAST
                VALUE   (LST)  VALUE  FROM      YEAR
                                      NORMAL
......................................................
TEMPERATURE (F)
 YESTERDAY
  MAXIMUM         84    347 PM  74     10       57
  MINIMUM         63   1216 AM  52     11       45
  AVERAGE         74            63     11       51

PRECIPITATION (IN)
  YESTERDAY        0.89          0.23   0.66     0.25
  MONTH TO DATE    2.18          3.42  -1.24     2.23
  SINCE MAR 1     10.20         10.94  -0.74    10.26
  SINCE JAN 1     13.10         15.23  -2.13    14.29

DEGREE DAYS
 HEATING
  YESTERDAY        0             5     -5       14
  MONTH TO DATE   39            88    -49       73
  SINCE MAR 1   1158          1145     13     1249
  SINCE JUL 1   5792          5308    484     5984

 COOLING
  YESTERDAY        9             2      7        0
  MONTH TO DATE   60            20     40       41
  SINCE MAR 1     66            35     31       47
  SINCE JAN 1     66            35     31       47
......................................................


WIND (MPH)
  HIGHEST WIND SPEED    45   HIGHEST WIND DIRECTION    SW (210)
  HIGHEST GUST SPEED    60   HIGHEST GUST DIRECTION    SW (220)
  AVERAGE WIND SPEED     9.4


SKY COVER
  AVERAGE SKY COVER 0.5


WEATHER CONDITIONS
 THE FOLLOWING WEATHER WAS RECORDED YESTERDAY.
  THUNDERSTORM
  HEAVY RAIN
  RAIN
  LIGHT RAIN
  FOG
  HAZE


RELATIVE HUMIDITY (PERCENT)
 HIGHEST    93          1000 PM
 LOWEST     58           300 PM
 AVERAGE    76

..........................................................


THE TERRE HAUTE IN CLIMATE NORMALS FOR TODAY
                         NORMAL
 MAXIMUM TEMPERATURE (F)   74
 MINIMUM TEMPERATURE (F)   52


SUNRISE AND SUNSET
MAY 16 2015...........SUNRISE   635 AM EDT   SUNSET   857 PM EDT
MAY 17 2015...........SUNRISE   634 AM EDT   SUNSET   858 PM EDT


-  INDICATES NEGATIVE NUMBERS.
R  INDICATES RECORD WAS SET OR TIED.
MM INDICATES DATA IS MISSING.
T  INDICATES TRACE AMOUNT.




$$
