000
CDUS43 KIND 220537
CLIHUF


CLIMATE REPORT
NATIONAL WEATHER SERVICE INDIANAPOLIS IN
136 AM EDT FRI JUL 22 2016


...................................

...THE TERRE HAUTE IN CLIMATE SUMMARY FOR JULY 21 2016...

CLIMATE NORMAL PERIOD 1981 TO 2010
CLIMATE RECORD PERIOD 9999 TO 9999


WEATHER ITEM   OBSERVED TIME   NORMAL DEPARTURE LAST
                VALUE   (LST)  VALUE  FROM      YEAR
                                      NORMAL
......................................................
TEMPERATURE (F)
 YESTERDAY
  MAXIMUM         91    447 PM  86      5       84
  MINIMUM         71    504 AM  64      7       62
  AVERAGE         81            75      6       73

PRECIPITATION (IN)
  YESTERDAY        0.00          0.18  -0.18     0.00
  MONTH TO DATE    5.99          3.38   2.61     2.38
  SINCE JUN 1     10.48          7.82   2.66    10.02
  SINCE JAN 1     24.26         26.26  -2.00    24.65

DEGREE DAYS
 HEATING
  YESTERDAY        0             0      0        0
  MONTH TO DATE    4             0      4        0
  SINCE JUN 1      5            13     -8       13
  SINCE JUL 1      4             0      4        0

 COOLING
  YESTERDAY       16            10      6        8
  MONTH TO DATE  215           217     -2      202
  SINCE JUN 1    533           452     81      458
  SINCE JAN 1    621           538     83      602
......................................................


WIND (MPH)
  HIGHEST WIND SPEED    14   HIGHEST WIND DIRECTION     S (190)
  HIGHEST GUST SPEED    16   HIGHEST GUST DIRECTION    SW (210)
  AVERAGE WIND SPEED     5.9


SKY COVER
  AVERAGE SKY COVER 0.1


WEATHER CONDITIONS
 THE FOLLOWING WEATHER WAS RECORDED YESTERDAY.
  FOG
  HAZE


RELATIVE HUMIDITY (PERCENT)
 HIGHEST    94          1200 AM
 LOWEST     64           100 PM
 AVERAGE    79

..........................................................


THE TERRE HAUTE IN CLIMATE NORMALS FOR TODAY
                         NORMAL
 MAXIMUM TEMPERATURE (F)   85
 MINIMUM TEMPERATURE (F)   64


SUNRISE AND SUNSET
JULY 22 2016..........SUNRISE   641 AM EDT   SUNSET   910 PM EDT
JULY 23 2016..........SUNRISE   641 AM EDT   SUNSET   909 PM EDT


-  INDICATES NEGATIVE NUMBERS.
R  INDICATES RECORD WAS SET OR TIED.
MM INDICATES DATA IS MISSING.
T  INDICATES TRACE AMOUNT.




$$
