000
CDUS43 KIND 200534
CLIHUF


CLIMATE REPORT
NATIONAL WEATHER SERVICE INDIANAPOLIS IN
131 AM EDT SUN JUL 20 2014


...................................

...THE TERRE HAUTE IN CLIMATE SUMMARY FOR JULY 19 2014...

CLIMATE NORMAL PERIOD 1981 TO 2010
CLIMATE RECORD PERIOD 9999 TO 9999


WEATHER ITEM   OBSERVED TIME   NORMAL DEPARTURE LAST
                VALUE   (LST)  VALUE  FROM      YEAR
                                      NORMAL
......................................................
TEMPERATURE (F)
 YESTERDAY
  MAXIMUM         77    450 PM  86     -9       93
  MINIMUM         52    525 AM  64    -12       75
  AVERAGE         65            75    -10       84

PRECIPITATION (IN)
  YESTERDAY        0.00          0.17  -0.17     0.00
  MONTH TO DATE    1.86          3.03  -1.17     1.46
  SINCE JUN 1      9.78          7.47   2.31    10.25
  SINCE JAN 1     24.79         25.91  -1.12    31.28

DEGREE DAYS
 HEATING
  YESTERDAY        0             0      0        0
  MONTH TO DATE    3             0      3        0
  SINCE JUN 1      5            13     -8        7
  SINCE JUL 1      3             0      3        0

 COOLING
  YESTERDAY        0            10    -10       19
  MONTH TO DATE  110           197    -87      205
  SINCE JUN 1    397           432    -35      434
  SINCE JAN 1    524           518      6      548
......................................................


WIND (MPH)
  HIGHEST WIND SPEED    13   HIGHEST WIND DIRECTION     E (70)
  HIGHEST GUST SPEED    18   HIGHEST GUST DIRECTION    NE (50)
  AVERAGE WIND SPEED     3.8


SKY COVER
  AVERAGE SKY COVER 0.3


WEATHER CONDITIONS
 THE FOLLOWING WEATHER WAS RECORDED YESTERDAY.
  FOG
  FOG W/VISIBILITY <= 1/4 MILE


RELATIVE HUMIDITY (PERCENT)
 HIGHEST    93           300 AM
 LOWEST     60           100 PM
 AVERAGE    77

..........................................................


THE TERRE HAUTE IN CLIMATE NORMALS FOR TODAY
                         NORMAL
 MAXIMUM TEMPERATURE (F)   86
 MINIMUM TEMPERATURE (F)   64


SUNRISE AND SUNSET
JULY 20 2014..........SUNRISE   638 AM EDT   SUNSET   912 PM EDT
JULY 21 2014..........SUNRISE   639 AM EDT   SUNSET   911 PM EDT


-  INDICATES NEGATIVE NUMBERS.
R  INDICATES RECORD WAS SET OR TIED.
MM INDICATES DATA IS MISSING.
T  INDICATES TRACE AMOUNT.




$$
