000
CDUS43 KIND 072133
CLIHUF


CLIMATE REPORT
NATIONAL WEATHER SERVICE INDIANAPOLIS IN
433 PM EST TUE NOV 7 2017


...................................

...THE TERRE HAUTE IN CLIMATE SUMMARY FOR NOVEMBER 7 2017...
VALID TODAY AS OF 0400 PM LOCAL TIME.

CLIMATE NORMAL PERIOD 1981 TO 2010
CLIMATE RECORD PERIOD 9999 TO 9999


WEATHER ITEM   OBSERVED TIME   NORMAL DEPARTURE LAST
                VALUE   (LST)  VALUE  FROM      YEAR
                                      NORMAL
......................................................
TEMPERATURE (F)
 TODAY
  MAXIMUM         52    302 PM  57     -5       68
  MINIMUM         44    918 AM  37      7       38
  AVERAGE         48            47      1       53

PRECIPITATION (IN)
  TODAY            0.08          0.12  -0.04     0.00
  MONTH TO DATE    1.97          0.92   1.05     0.01
  SINCE SEP 1      7.67          7.91  -0.24     5.66
  SINCE JAN 1     43.51         39.19   4.32    32.62

......................................................


WIND (MPH)
  HIGHEST WIND SPEED    17   HIGHEST WIND DIRECTION    NE (60)
  HIGHEST GUST SPEED    23   HIGHEST GUST DIRECTION    NE (30)
  AVERAGE WIND SPEED    11.4


SKY COVER
  AVERAGE SKY COVER 0.9


WEATHER CONDITIONS
 THE FOLLOWING WEATHER WAS RECORDED TODAY.
  LIGHT RAIN


RELATIVE HUMIDITY (PERCENT)
 HIGHEST    89           200 AM
 LOWEST     56           200 PM

..........................................................


THE TERRE HAUTE IN CLIMATE NORMALS FOR TOMORROW
                         NORMAL
 MAXIMUM TEMPERATURE (F)   57
 MINIMUM TEMPERATURE (F)   37


SUNRISE AND SUNSET
NOVEMBER  7 2017......SUNRISE   724 AM EST   SUNSET   541 PM EST
NOVEMBER  8 2017......SUNRISE   725 AM EST   SUNSET   540 PM EST


-  INDICATES NEGATIVE NUMBERS.
R  INDICATES RECORD WAS SET OR TIED.
MM INDICATES DATA IS MISSING.
T  INDICATES TRACE AMOUNT.




$$
