000
CDUS43 KIND 170531
CLIHUF


CLIMATE REPORT
NATIONAL WEATHER SERVICE INDIANAPOLIS IN
130 AM EDT THU JUL 17 2014


...................................

...THE TERRE HAUTE IN CLIMATE SUMMARY FOR JULY 16 2014...

CLIMATE NORMAL PERIOD 1981 TO 2010
CLIMATE RECORD PERIOD 9999 TO 9999


WEATHER ITEM   OBSERVED TIME   NORMAL DEPARTURE LAST
                VALUE   (LST)  VALUE  FROM      YEAR
                                      NORMAL
......................................................
TEMPERATURE (F)
 YESTERDAY
  MAXIMUM         75    514 PM  86    -11       92
  MINIMUM         53    434 AM  64    -11       69
  AVERAGE         64            75    -11       81

PRECIPITATION (IN)
  YESTERDAY        0.00          0.19  -0.19     0.00
  MONTH TO DATE    1.86          2.46  -0.60     1.46
  SINCE JUN 1      9.78          6.90   2.88    10.25
  SINCE JAN 1     24.79         25.34  -0.55    31.28

DEGREE DAYS
 HEATING
  YESTERDAY        1             0      1        0
  MONTH TO DATE    2             0      2        0
  SINCE JUN 1      4            13     -9        7
  SINCE JUL 1      2             0      2        0

 COOLING
  YESTERDAY        0            10    -10       16
  MONTH TO DATE  108           167    -59      150
  SINCE JUN 1    395           402     -7      379
  SINCE JAN 1    522           488     34      493
......................................................


WIND (MPH)
  HIGHEST WIND SPEED    12   HIGHEST WIND DIRECTION     N (340)
  HIGHEST GUST SPEED    14   HIGHEST GUST DIRECTION     N (340)
  AVERAGE WIND SPEED     4.8


SKY COVER
  AVERAGE SKY COVER 0.2


WEATHER CONDITIONS
 THE FOLLOWING WEATHER WAS RECORDED YESTERDAY.
  NO SIGNIFICANT WEATHER WAS OBSERVED.


RELATIVE HUMIDITY (PERCENT)
 HIGHEST    93           100 AM
 LOWEST     46           500 PM
 AVERAGE    70

..........................................................


THE TERRE HAUTE IN CLIMATE NORMALS FOR TODAY
                         NORMAL
 MAXIMUM TEMPERATURE (F)   86
 MINIMUM TEMPERATURE (F)   64


SUNRISE AND SUNSET
JULY 17 2014..........SUNRISE   636 AM EDT   SUNSET   914 PM EDT
JULY 18 2014..........SUNRISE   637 AM EDT   SUNSET   914 PM EDT


-  INDICATES NEGATIVE NUMBERS.
R  INDICATES RECORD WAS SET OR TIED.
MM INDICATES DATA IS MISSING.
T  INDICATES TRACE AMOUNT.




$$
