000
CDUS43 KIND 080534
CLIHUF


CLIMATE REPORT
NATIONAL WEATHER SERVICE INDIANAPOLIS IN
133 AM EDT TUE APR 8 2014


...................................

...THE TERRE HAUTE IN CLIMATE SUMMARY FOR APRIL 7 2014...

CLIMATE NORMAL PERIOD 1981 TO 2010
CLIMATE RECORD PERIOD 9999 TO 9999


WEATHER ITEM   OBSERVED TIME   NORMAL DEPARTURE LAST
                VALUE   (LST)  VALUE  FROM      YEAR
                                      NORMAL
......................................................
TEMPERATURE (F)
 YESTERDAY
  MAXIMUM         50   1113 AM  62    -12       75
  MINIMUM         44   1159 PM  40      4       53
  AVERAGE         47            51     -4       64

PRECIPITATION (IN)
  YESTERDAY        0.74          0.11   0.63     0.00
  MONTH TO DATE    3.99          0.67   3.32      T
  SINCE MAR 1      5.74          4.04   1.70     1.53
  SINCE JAN 1      9.77          8.33   1.44     9.18

DEGREE DAYS
 HEATING
  YESTERDAY       18            15      3        1
  MONTH TO DATE  108           110     -2      132
  SINCE MAR 1    970           801    169     1016
  SINCE JUL 1   5705          4964    741     4937

 COOLING
  YESTERDAY        0             0      0        0
  MONTH TO DATE    0             0      0        0
  SINCE MAR 1      0             1     -1        0
  SINCE JAN 1      0             1     -1        0
......................................................


WIND (MPH)
  HIGHEST WIND SPEED    23   HIGHEST WIND DIRECTION    NW (330)
  HIGHEST GUST SPEED    32   HIGHEST GUST DIRECTION     N (350)
  AVERAGE WIND SPEED    10.3


SKY COVER
  AVERAGE SKY COVER 0.9


WEATHER CONDITIONS
 THE FOLLOWING WEATHER WAS RECORDED YESTERDAY.
  RAIN
  LIGHT RAIN
  FOG


RELATIVE HUMIDITY (PERCENT)
 HIGHEST    92           300 PM
 LOWEST     61           600 AM
 AVERAGE    77

..........................................................


THE TERRE HAUTE IN CLIMATE NORMALS FOR TODAY
                         NORMAL
 MAXIMUM TEMPERATURE (F)   62
 MINIMUM TEMPERATURE (F)   40


SUNRISE AND SUNSET
APRIL  8 2014.........SUNRISE   723 AM EDT   SUNSET   820 PM EDT
APRIL  9 2014.........SUNRISE   721 AM EDT   SUNSET   821 PM EDT


-  INDICATES NEGATIVE NUMBERS.
R  INDICATES RECORD WAS SET OR TIED.
MM INDICATES DATA IS MISSING.
T  INDICATES TRACE AMOUNT.




$$
