000
CDUS43 KIND 290550
CLIHUF


CLIMATE REPORT
NATIONAL WEATHER SERVICE INDIANAPOLIS IN
150 AM EDT WED JUL 29 2015


...................................

...THE TERRE HAUTE IN CLIMATE SUMMARY FOR JULY 28 2015...

CLIMATE NORMAL PERIOD 1981 TO 2010
CLIMATE RECORD PERIOD 9999 TO 9999


WEATHER ITEM   OBSERVED TIME   NORMAL DEPARTURE LAST
                VALUE   (LST)  VALUE  FROM      YEAR
                                      NORMAL
......................................................
TEMPERATURE (F)
 YESTERDAY
  MAXIMUM         93    527 PM  85      8       75
  MINIMUM         73    602 AM  64      9       53
  AVERAGE         83            74      9       64

PRECIPITATION (IN)
  YESTERDAY        T             0.13  -0.13     0.00
  MONTH TO DATE    2.38          4.42  -2.04     2.41
  SINCE JUN 1     10.02          8.86   1.16    10.33
  SINCE JAN 1     24.65         27.30  -2.65    25.34

DEGREE DAYS
 HEATING
  YESTERDAY        0             0      0        1
  MONTH TO DATE    0             0      0        7
  SINCE JUN 1     13            13      0        9
  SINCE JUL 1      0             0      0        7

 COOLING
  YESTERDAY       18             9      9        0
  MONTH TO DATE  277           283     -6      161
  SINCE JUN 1    533           518     15      448
  SINCE JAN 1    677           604     73      575
......................................................


WIND (MPH)
  HIGHEST WIND SPEED    10   HIGHEST WIND DIRECTION     S (200)
  HIGHEST GUST SPEED    12   HIGHEST GUST DIRECTION    SW (240)
  AVERAGE WIND SPEED     3.1


SKY COVER
  AVERAGE SKY COVER 0.2


WEATHER CONDITIONS
 THE FOLLOWING WEATHER WAS RECORDED YESTERDAY.
  FOG


RELATIVE HUMIDITY (PERCENT)
 HIGHEST    94          1200 AM
 LOWEST     56           200 PM
 AVERAGE    75

..........................................................


THE TERRE HAUTE IN CLIMATE NORMALS FOR TODAY
                         NORMAL
 MAXIMUM TEMPERATURE (F)   85
 MINIMUM TEMPERATURE (F)   64


SUNRISE AND SUNSET
JULY 29 2015..........SUNRISE   646 AM EDT   SUNSET   905 PM EDT
JULY 30 2015..........SUNRISE   647 AM EDT   SUNSET   904 PM EDT


-  INDICATES NEGATIVE NUMBERS.
R  INDICATES RECORD WAS SET OR TIED.
MM INDICATES DATA IS MISSING.
T  INDICATES TRACE AMOUNT.




$$
