433
CDUS43 KIND 210544
CLIHUF


CLIMATE REPORT
NATIONAL WEATHER SERVICE INDIANAPOLIS IN
142 AM EDT SUN MAY 21 2017


...................................

...THE TERRE HAUTE IN CLIMATE SUMMARY FOR MAY 20 2017...

CLIMATE NORMAL PERIOD 1981 TO 2010
CLIMATE RECORD PERIOD 9999 TO 9999


WEATHER ITEM   OBSERVED TIME   NORMAL DEPARTURE LAST
                VALUE   (LST)  VALUE  FROM      YEAR
                                      NORMAL
......................................................
TEMPERATURE (F)
 YESTERDAY
  MAXIMUM         82    426 PM  75      7       65
  MINIMUM         60    723 AM  53      7       52
  AVERAGE         71            64      7       59

PRECIPITATION (IN)
  YESTERDAY        0.64          0.24   0.40     0.14
  MONTH TO DATE    6.09          4.61   1.48     1.75
  SINCE MAR 1     17.91         12.13   5.78    11.17
  SINCE JAN 1     22.25         16.42   5.83    13.62

DEGREE DAYS
 HEATING
  YESTERDAY        0             4     -4        6
  MONTH TO DATE  112           108      4      136
  SINCE MAR 1    894          1165   -271      953
  SINCE JUL 1   4229          5328  -1099     4415

 COOLING
  YESTERDAY        6             3      3        0
  MONTH TO DATE   62            33     29       11
  SINCE MAR 1     92            48     44       20
  SINCE JAN 1     92            48     44       20
......................................................


WIND (MPH)
  HIGHEST WIND SPEED    20   HIGHEST WIND DIRECTION     S (170)
  HIGHEST GUST SPEED    26   HIGHEST GUST DIRECTION    SE (150)
  AVERAGE WIND SPEED    10.2


SKY COVER
  AVERAGE SKY COVER 0.7


WEATHER CONDITIONS
 THE FOLLOWING WEATHER WAS RECORDED YESTERDAY.
  THUNDERSTORM
  HEAVY RAIN
  RAIN
  LIGHT RAIN
  FOG


RELATIVE HUMIDITY (PERCENT)
 HIGHEST    93           100 AM
 LOWEST     65           400 PM
 AVERAGE    79

..........................................................


THE TERRE HAUTE IN CLIMATE NORMALS FOR TODAY
                         NORMAL
 MAXIMUM TEMPERATURE (F)   76
 MINIMUM TEMPERATURE (F)   54


SUNRISE AND SUNSET
MAY 21 2017...........SUNRISE   630 AM EDT   SUNSET   902 PM EDT
MAY 22 2017...........SUNRISE   630 AM EDT   SUNSET   903 PM EDT


-  INDICATES NEGATIVE NUMBERS.
R  INDICATES RECORD WAS SET OR TIED.
MM INDICATES DATA IS MISSING.
T  INDICATES TRACE AMOUNT.




$$
