000
CXUS51 KCAR 010700
CF6HUL
PRELIMINARY LOCAL CLIMATOLOGICAL DATA (WS FORM: F-6)
STATION: HOULTON ME
MONTH: DECEMBER
YEAR: 2022
LATITUDE: 46 7 N
LONGITUDE: 67 48 W
TEMPERATURE IN F: :PCPN: SNOW: WIND :SUNSHINE: SKY :PK WND
================================================================================
1 2 3 4 5 6A 6B 7 8 9 10 11 12 13 14 15 16 17 18
12Z AVG MX 2MIN
DY MAX MIN AVG DEP HDD CDD WTR SNW DPTH SPD SPD DIR MIN PSBL S-S WX SPD DR
================================================================================
1 40 27 34 8 31 0 0.20 M M 11.2 23 260 M M 6 18 38 280
2 29 21 25 -1 40 0 0.00 M M 6.7 17 280 M M 2 30 280
3 52 29 41 15 24 0 0.56 M M 11.3 26 250 M M 9 18 37 250
4 41 17 29 4 36 0 0.00 M M 8.5 22 290 M M 7 35 300
5 41 18 30 5 35 0 0.00 M M 7.0 15 190 M M 1 28 180
6 45 37 41 17 24 0 0.00 M M 6.7 15 150 M M 4 23 150
7 52 36 44 20 21 0 1.43 M M 4.9 13 170 M M 10 1 23 160
8 50 29 40 16 25 0 0.02 M M 11.0 21 330 M M 9 1 31 340
9 32 17 25 2 40 0 0.00 M M 15.7 25 350 M M 3 39 350
10 24 11 18 -5 47 0 0.00 M M 12.7 21 20 M M 0 28 10
11 22 6 14 -8 51 0 0.00 M M 2.2 8 10 M M 0 12 360
12 22 8 15 -7 50 0 T M M 5.2 16 350 M M 2 22 360
13 26 15 21 -1 44 0 T M M 8.7 17 310 M M 8 1 27 330
14 39 15 27 6 38 0 0.03 M M 15.1 33 10 M M 10 1 53 360
15 38 30 34 13 31 0 T M M 10.8 18 40 M M 10 26 30
16 34 31 33 12 32 0 T M M 11.7 21 70 M M 10 32 80
17 35 31 33 13 32 0 0.38 M M 13.5 22 50 M M 10 12 32 40
18 32 30 31 11 34 0 0.30 M M 7.1 10 10 M M 10 1 14 10
19 33 29 31 11 34 0 0.05 M M 8.1 13 350 M M 10 1 21 340
20 33 26 30 11 35 0 0.05 M M 7.5 16 350 M M 9 1 26 340
21 30 19 25 6 40 0 T M M 3.9 12 270 M M 9 1 17 250
22 23 5 14 -5 51 0 0.00 M M 3.5 16 110 M M 1 26 100
23 M 20 M M M M M M M 15.7 31 100 M M 8 16 55 90
24 40 15 28 10 37 0 0.00 M M 10.9 32 90 M M 5 1 55 80
25 20 13 17 -1 48 0 0.00 M M 8.4 18 220 M M 7 25 220
26 25 13 19 1 46 0 0.00 M M 8.4 18 260 M M 5 31 240
27 26 2 14 -3 51 0 T M M 7.1 18 250 M M 7 26 250
28 24 2 13 -4 52 0 T M M 2.8 10 180 M M 9 1 16 190
29 32 23 28 11 37 0 T M M 2.8 9 150 M M 9 1 16 150
30 44 32 38 22 27 0 0.01 M M 5.2 10 190 M M 10 1 20 170
31 47 34 41 25 24 0 T M M 3.6 12 220 M M 8 1 16 190
================================================================================
SM 1031 641 1117 0 3.03 M 257.9 M 208
================================================================================
AV 34.4 20.7 8.3 FASTST M M 7 MAX(MPH)
MISC ----> 33 10 55 90
================================================================================
NOTES:
# LAST OF SEVERAL OCCURRENCES
COLUMN 17 PEAK WIND IN M.P.H.
PRELIMINARY LOCAL CLIMATOLOGICAL DATA (WS FORM: F-6) , PAGE 2
STATION: HOULTON ME
MONTH: DECEMBER
YEAR: 2022
LATITUDE: 46 7 N
LONGITUDE: 67 48 W
[TEMPERATURE DATA] [PRECIPITATION DATA] SYMBOLS USED IN COLUMN 16
AVERAGE MONTHLY: 27.5 TOTAL FOR MONTH: 3.03 1 = FOG OR MIST
DPTR FM NORMAL: 6.6 DPTR FM NORMAL: -0.34 2 = FOG REDUCING VISIBILITY
HIGHEST: 52 ON 7, 3 GRTST 24HR 1.45 ON 7- 8 TO 1/4 MILE OR LESS
LOWEST: 2 ON 28,27 3 = THUNDER
SNOW, ICE PELLETS, HAIL 4 = ICE PELLETS
TOTAL MONTH: M 5 = HAIL
GRTST 24HR M ON M 6 = FREEZING RAIN OR DRIZZLE
GRTST DEPTH: M ON M 7 = DUSTSTORM OR SANDSTORM:
VSBY 1/2 MILE OR LESS
8 = SMOKE OR HAZE
[NO. OF DAYS WITH] [WEATHER - DAYS WITH] 9 = BLOWING SNOW
X = TORNADO
MAX 32 OR BELOW: 14 0.01 INCH OR MORE: 10
MAX 90 OR ABOVE: 0 0.10 INCH OR MORE: 5
MIN 32 OR BELOW: 28 0.50 INCH OR MORE: 2
MIN 0 OR BELOW: 0 1.00 INCH OR MORE: 1
[HDD (BASE 65) ]
TOTAL THIS MO. 1117 CLEAR (SCALE 0-3) 7
DPTR FM NORMAL -250 PTCLDY (SCALE 4-7) 8
TOTAL FM JUL 1 2742 CLOUDY (SCALE 8-10) 16
DPTR FM NORMAL -646
[CDD (BASE 65) ]
TOTAL THIS MO. 0
DPTR FM NORMAL 0 [PRESSURE DATA]
TOTAL FM JAN 1 250 HIGHEST SLP 30.59 ON 22
DPTR FM NORMAL 44 LOWEST SLP 29.06 ON 24
[REMARKS]
#FINAL-12-22#