030
CXUS51 KCAR 010600
CF6HUL
PRELIMINARY LOCAL CLIMATOLOGICAL DATA (WS FORM: F-6)
STATION: HOULTON ME
MONTH: DECEMBER
YEAR: 2020
LATITUDE: 46 7 N
LONGITUDE: 67 48 W
TEMPERATURE IN F: :PCPN: SNOW: WIND :SUNSHINE: SKY :PK WND
================================================================================
1 2 3 4 5 6A 6B 7 8 9 10 11 12 13 14 15 16 17 18
12Z AVG MX 2MIN
DY MAX MIN AVG DEP HDD CDD WTR SNW DPTH SPD SPD DIR MIN PSBL S-S WX SPD DR
================================================================================
1 60 53 57 31 8 0 2.24 M M 12.8 22 170 M M 10 1 38 170
2 53 34 44 19 21 0 T M M 8.2 16 170 M M 6 24 180
3 41 28 35 10 30 0 0.00 M M 7.0 14 240 M M 4 19 230
4 42 28 35 11 30 0 T M M 4.1 15 220 M M 5 1 20 210
5 34 29 32 8 33 0 0.50 M M 7.8 25 20 M M 10 12 32 20
6 34 27 31 7 34 0 0.33 M M 13.2 25 10 M M 10 128 34 20
7 30 25 28 5 37 0 T M M 9.2 17 340 M M 10 1 23 310
8 28 23 26 3 39 0 T M M 6.7 15 360 M M 9 1 20 360
9 26 19 23 1 42 0 T M M 4.8 14 260 M M 9 1 18 320
10 30 19 25 3 40 0 T M M 2.5 14 330 M M 10 1 19 330
11 32 18 25 4 40 0 0.00 M M 2.3 8 190 M M 6 12 210
12 31 22 27 6 38 0 0.09 M M 3.6 12 70 M M 7 1 16 60
13 35 31 33 13 32 0 0.16 M M 4.2 13 80 M M 10 16 19 120
14 34 23 29 9 36 0 T M M 5.8 14 260 M M 8 20 270
15 25 3 14 -6 51 0 T M M 11.6 23 270 M M 7 1 34 310
16 10 -2 4 -15 61 0 0.00 M M 7.3 15 300 M M 0 21 330
17 11 -1 5 -14 60 0 0.00 M M 6.8 15 10 M M 5 18 360
18 19 3 11 -7 54 0 0.00 M M 11.0 18 350 M M 9 18 23 360
19 21 3 12 -6 53 0 0.00 M M 0.8 10 340 M M 2 1 13 330
20 33 4 19 1 46 0 0.02 M M 3.5 10 160 M M 7 1 17 160
21 35 32 34 17 31 0 0.01 M M 4.9 15 10 M M 10 1 18 360
22 35 30 33 16 32 0 0.00 M M 7.9 15 290 M M 10 22 280
23 33 10 22 6 43 0 T M M 7.8 16 290 M M 5 33 300
24 48 20 34 18 31 0 T M M 9.2 16 180 M M 8 1 26 170
25 58 48 53 37 12 0 0.15 M M 12.5 22 160 M M 10 1 37 170
26 56 24 40 24 25 0 0.40 M M 9.0 20 190 M M 9 1 35 130
27 26 11 19 4 46 0 0.00 M M 5.8 15 260 M M 1 20 300
28 40 12 26 11 39 0 0.02 M M 8.8 16 150 M M 7 1 25 180
29 39 15 27 12 38 0 0.02 M M 11.8 24 270 M M 5 1 33 280
30 29 14 22 8 43 0 0.01 M M 7.1 17 290 M M 3 1 25 310
31 35 22 29 15 36 0 0.07 M M 10.7 21 260 M M 8 18 27 280
================================================================================
SM 1063 627 1161 0 4.02 M 228.7 M 220
================================================================================
AV 34.3 20.2 7.4 FASTST M M 7 MAX(MPH)
MISC ----> 25 20 38 170
================================================================================
NOTES:
# LAST OF SEVERAL OCCURRENCES
COLUMN 17 PEAK WIND IN M.P.H.
PRELIMINARY LOCAL CLIMATOLOGICAL DATA (WS FORM: F-6) , PAGE 2
STATION: HOULTON ME
MONTH: DECEMBER
YEAR: 2020
LATITUDE: 46 7 N
LONGITUDE: 67 48 W
[TEMPERATURE DATA] [PRECIPITATION DATA] SYMBOLS USED IN COLUMN 16
AVERAGE MONTHLY: 27.3 TOTAL FOR MONTH: 4.02 1 = FOG OR MIST
DPTR FM NORMAL: 7.9 DPTR FM NORMAL: 0.73 2 = FOG REDUCING VISIBILITY
HIGHEST: 60 ON 1 GRTST 24HR 2.60 ON 30- 1 TO 1/4 MILE OR LESS
LOWEST: -2 ON 16 3 = THUNDER
SNOW, ICE PELLETS, HAIL 4 = ICE PELLETS
TOTAL MONTH: M 5 = HAIL
GRTST 24HR M ON M 6 = FREEZING RAIN OR DRIZZLE
GRTST DEPTH: M ON M 7 = DUSTSTORM OR SANDSTORM:
VSBY 1/2 MILE OR LESS
8 = SMOKE OR HAZE
[NO. OF DAYS WITH] [WEATHER - DAYS WITH] 9 = BLOWING SNOW
X = TORNADO
MAX 32 OR BELOW: 13 0.01 INCH OR MORE: 13
MAX 90 OR ABOVE: 0 0.10 INCH OR MORE: 6
MIN 32 OR BELOW: 28 0.50 INCH OR MORE: 1
MIN 0 OR BELOW: 2 1.00 INCH OR MORE: 1
[HDD (BASE 65) ]
TOTAL THIS MO. 1161 CLEAR (SCALE 0-3) 3
DPTR FM NORMAL -251 PTCLDY (SCALE 4-7) 14
TOTAL FM JUL 1 2994 CLOUDY (SCALE 8-10) 14
DPTR FM NORMAL -525
[CDD (BASE 65) ]
TOTAL THIS MO. 0
DPTR FM NORMAL 0 [PRESSURE DATA]
TOTAL FM JAN 1 410 HIGHEST SLP M ON M
DPTR FM NORMAL 219 LOWEST SLP 29.20 ON 6
[REMARKS]
#FINAL-12-20#