000
CXUS56 KTFX 011110
CF6HVR
PRELIMINARY LOCAL CLIMATOLOGICAL DATA (WS FORM: F-6)
STATION: HAVRE MT
MONTH: AUGUST
YEAR: 2021
LATITUDE: 48 32 N
LONGITUDE: 109 46 W
TEMPERATURE IN F: :PCPN: SNOW: WIND :SUNSHINE: SKY :PK WND
================================================================================
1 2 3 4 5 6A 6B 7 8 9 10 11 12 13 14 15 16 17 18
12Z AVG MX 2MIN
DY MAX MIN AVG DEP HDD CDD WTR SNW DPTH SPD SPD DIR MIN PSBL S-S WX SPD DR
================================================================================
1 99 64 82 10 0 17 0.00 0.0 0 13.1 24 80 M M 0 31 80
2 95 68 82 10 0 17 T 0.0 0 8.4 33 260 M M 3 8 45 260
3 88 62 75 3 0 10 0.02 0.0 0 7.4 18 320 M M 5 8 25 310
4 93 58 76 4 0 11 0.01 0.0 0 5.8 35 320 M M 1 38 44 320
5 90 63 77 5 0 12 0.02 0.0 0 7.3 18 80 M M 2 3 27 50
6 95 64 80 9 0 15 0.00 0.0 0 7.0 20 220 M M 0 8 26 220
7 91 66 79 8 0 14 0.00 0.0 0 15.1 29 270 M M 1 37 270
8 72 55 64 -7 1 0 0.29 0.0 0 8.1 23 360 M M 6 1 31 10
9 73 52 63 -8 2 0 0.02 0.0 0 11.6 21 280 M M 6 12 29 290
10 84 54 69 -2 0 4 0.00 0.0 0 13.8 26 300 M M 2 35 220
11 91 53 72 2 0 7 0.00 0.0 0 13.4 29 310 M M 1 40 320
12 82 57 70 0 0 5 T 0.0 0 5.7 14 110 M M 6 20 110
13 91 47 69 -1 0 4 0.00 0.0 0 5.4 14 320 M M 0 19 320
14 97 50 74 5 0 9 0.00 0.0 0 7.1 17 210 M M 0 8 24 210
15 97 66 82 13 0 17 0.00 0.0 0 11.2 21 280 M M 3 8 28 270
16 98 64 81 12 0 16 0.00 0.0 0 16.7 37 270 M M 3 8 50 270
17 78 48 63 -5 2 0 0.49 0.0 0 16.5 33 20 M M 3 138 44 10
18 56 48 52 -16 13 0 0.14 0.0 0 5.8 13 40 M M 10 13 17 40
19 61 49 55 -13 10 0 0.02 0.0 0 5.2 13 80 M M 7 17 70
20 73 48 61 -6 4 0 0.00 0.0 0 8.1 21 320 M M 7 3 27 300
21 71 43 57 -10 8 0 0.00 0.0 0 10.5 25 90 M M 4 35 70
22 80 52 66 -1 0 1 0.00 0.0 0 12.8 26 290 M M 5 1 35 240
23 78 48 63 -3 2 0 0.00 0.0 0 9.4 22 310 M M 0 29 310
24 67 43 55 -11 10 0 0.00 0.0 0 10.2 23 310 M M 4 32 310
25 77 42 60 -6 5 0 0.00 0.0 0 11.1 22 90 M M 0 31 80
26 80 48 64 -1 1 0 0.00 0.0 0 4.8 18 80 M M 1 24 80
27 72 51 62 -3 3 0 0.02 0.0 0 9.0 23 200 M M 5 31 190
28 78 47 63 -1 2 0 0.00 0.0 0 10.3 16 280 M M 3 24 290
29 82 47 65 1 0 0 0.00 0.0 0 7.1 16 240 M M 0 22 250
30 89 42 66 2 0 1 0.01 0.0 0 5.8 26 120 M M 0 3 35 120
31 87 52 70 7 0 5 0.00 0.0 0 8.9 23 320 M M 0 33 320
================================================================================
SM 2565 1651 63 165 1.04 0.0 292.6 M 88
================================================================================
AV 82.7 53.3 9.4 FASTST M M 3 MAX(MPH)
MISC ----> 37 270 50 270
================================================================================
NOTES:
# LAST OF SEVERAL OCCURRENCES
COLUMN 17 PEAK WIND IN M.P.H.
PRELIMINARY LOCAL CLIMATOLOGICAL DATA (WS FORM: F-6) , PAGE 2
STATION: HAVRE MT
MONTH: AUGUST
YEAR: 2021
LATITUDE: 48 32 N
LONGITUDE: 109 46 W
[TEMPERATURE DATA] [PRECIPITATION DATA] SYMBOLS USED IN COLUMN 16
AVERAGE MONTHLY: 68.0 TOTAL FOR MONTH: 1.04 1 = FOG OR MIST
DPTR FM NORMAL: -0.4 DPTR FM NORMAL: 0.12 2 = FOG REDUCING VISIBILITY
HIGHEST: 99 ON 1 GRTST 24HR 0.63 ON 17-18 TO 1/4 MILE OR LESS
LOWEST: 42 ON 30,25 3 = THUNDER
SNOW, ICE PELLETS, HAIL 4 = ICE PELLETS
TOTAL MONTH: 0.0 INCH 5 = HAIL
GRTST 24HR 0.0 6 = FREEZING RAIN OR DRIZZLE
GRTST DEPTH: 0 7 = DUSTSTORM OR SANDSTORM:
VSBY 1/2 MILE OR LESS
8 = SMOKE OR HAZE
[NO. OF DAYS WITH] [WEATHER - DAYS WITH] 9 = BLOWING SNOW
X = TORNADO
MAX 32 OR BELOW: 0 0.01 INCH OR MORE: 10
MAX 90 OR ABOVE: 11 0.10 INCH OR MORE: 3
MIN 32 OR BELOW: 0 0.50 INCH OR MORE: 0
MIN 0 OR BELOW: 0 1.00 INCH OR MORE: 0
[HDD (BASE 65) ]
TOTAL THIS MO. 63 CLEAR (SCALE 0-3) 19
DPTR FM NORMAL 14 PTCLDY (SCALE 4-7) 11
TOTAL FM JUL 1 63 CLOUDY (SCALE 8-10) 1
DPTR FM NORMAL -10
[CDD (BASE 65) ]
TOTAL THIS MO. 165
DPTR FM NORMAL 11 [PRESSURE DATA]
TOTAL FM JAN 1 631 HIGHEST SLP 30.22 ON 13
DPTR FM NORMAL 251 LOWEST SLP 29.53 ON 31
[REMARKS]
#FINAL-08-21#