000
CXUS56 KMTR 010900
CF6HWD
PRELIMINARY LOCAL CLIMATOLOGICAL DATA (WS FORM: F-6)
STATION: HAYWARD AIRPORT
MONTH: SEPTEMBER
YEAR: 2021
LATITUDE: 37 39 N
LONGITUDE: 122 7 W
TEMPERATURE IN F: :PCPN: SNOW: WIND :SUNSHINE: SKY :PK WND
================================================================================
1 2 3 4 5 6A 6B 7 8 9 10 11 12 13 14 15 16 17 18
12Z AVG MX 2MIN
DY MAX MIN AVG DEP HDD CDD WTR SNW DPTH SPD SPD DIR MIN PSBL S-S WX SPD DR
================================================================================
1 71 57 64 -4 1 0 0.00 M M 9.4 17 310 M M 3 22 310
2 70 57 64 -4 1 0 0.00 M M 7.1 16 290 M M 5 8 19 290
3 72 55 64 -4 1 0 0.00 M M 7.1 18 290 M M 4 8 21 290
4 79 52 66 -2 0 1 0.00 M M 5.4 12 280 M M 2 8 14 290
5 86 53 70 2 0 5 0.00 M M 4.0 14 280 M M 0 18 16 290
6 89 56 73 5 0 8 0.00 M M 3.6 14 290 M M 0 8 16 280
7 77 59 68 0 0 3 0.00 M M 5.1 14 290 M M 0 16 290
8 84 61 73 5 0 8 0.00 M M 5.3 17 300 M M 0 19 290
9 73 60 67 -1 0 2 0.00 M M 7.4 16 290 M M 1 19 290
10 71 60 66 -2 0 1 0.01 M M 6.4 16 280 M M 4 1 19 280
11 75 56 66 -2 0 1 0.00 M M 5.9 20 290 M M 1 23 290
12 82 56 69 1 0 4 0.00 M M 4.8 14 290 M M 0 17 290
13 80 58 69 1 0 4 0.00 M M 5.7 16 290 M M 0 19 290
14 78 56 67 -1 0 2 0.00 M M 6.0 15 310 M M 0 18 310
15 73 57 65 -3 0 0 0.00 M M 8.1 21 310 M M 5 18 24 310
16 69 58 64 -3 1 0 0.00 M M 8.6 17 310 M M 7 20 290
17 71 58 65 -2 0 0 0.00 M M 8.0 16 300 M M 5 20 300
18 71 58 65 -2 0 0 0.00 M M 7.9 16 280 M M 8 20 270
19 73 59 66 -1 0 1 T M M 8.1 22 280 M M 4 1 25 290
20 86 55 71 4 0 6 0.00 M M 5.0 13 300 M M 0 15 290
21 93 60 77 10 0 12 0.00 M M 6.1 18 300 M M 0 22 300
22 80 56 68 1 0 3 0.00 M M 5.7 17 290 M M 0 19 280
23 84 53 69 2 0 4 0.00 M M 4.2 13 290 M M 1 18 14 290
24 78 57 68 1 0 3 0.00 M M 5.3 13 290 M M 0 1 16 300
25 69 58 64 -3 1 0 0.00 M M 8.0 17 290 M M 7 18 21 300
26 66 58 62 -4 3 0 0.00 M M 8.4 16 300 M M 6 21 280
27 71 59 65 -1 0 0 0.00 M M 7.7 18 290 M M 9 1 23 300
28 74 55 65 -1 0 0 0.00 M M 7.7 22 270 M M 0 26 270
29 75 52 64 -2 1 0 0.00 M M 5.5 16 310 M M 0 19 290
30 85 53 69 3 0 4 0.00 M M 4.2 16 290 M M 0 19 290
================================================================================
SM 2305 1702 9 72 0.01 M 191.7 M 72
================================================================================
AV 76.8 56.7 6.4 FASTST M M 2 MAX(MPH)
MISC ----> # 22 280 26 270
================================================================================
NOTES:
# LAST OF SEVERAL OCCURRENCES
COLUMN 17 PEAK WIND IN M.P.H.
PRELIMINARY LOCAL CLIMATOLOGICAL DATA (WS FORM: F-6) , PAGE 2
STATION: HAYWARD AIRPORT
MONTH: SEPTEMBER
YEAR: 2021
LATITUDE: 37 39 N
LONGITUDE: 122 7 W
[TEMPERATURE DATA] [PRECIPITATION DATA] SYMBOLS USED IN COLUMN 16
AVERAGE MONTHLY: 66.8 TOTAL FOR MONTH: 0.01 1 = FOG OR MIST
DPTR FM NORMAL: -0.5 DPTR FM NORMAL: -0.07 2 = FOG REDUCING VISIBILITY
HIGHEST: 93 ON 21 GRTST 24HR 0.01 ON 10-10 TO 1/4 MILE OR LESS
LOWEST: 52 ON 29, 4 3 = THUNDER
SNOW, ICE PELLETS, HAIL 4 = ICE PELLETS
TOTAL MONTH: M 5 = HAIL
GRTST 24HR M ON M 6 = FREEZING RAIN OR DRIZZLE
GRTST DEPTH: M ON M 7 = DUSTSTORM OR SANDSTORM:
VSBY 1/2 MILE OR LESS
8 = SMOKE OR HAZE
[NO. OF DAYS WITH] [WEATHER - DAYS WITH] 9 = BLOWING SNOW
X = TORNADO
MAX 32 OR BELOW: 0 0.01 INCH OR MORE: 1
MAX 90 OR ABOVE: 1 0.10 INCH OR MORE: 0
MIN 32 OR BELOW: 0 0.50 INCH OR MORE: 0
MIN 0 OR BELOW: 0 1.00 INCH OR MORE: 0
[HDD (BASE 65) ]
TOTAL THIS MO. 9 CLEAR (SCALE 0-3) 19
DPTR FM NORMAL -16 PTCLDY (SCALE 4-7) 10
TOTAL FM JUL 1 42 CLOUDY (SCALE 8-10) 1
DPTR FM NORMAL -27
[CDD (BASE 65) ]
TOTAL THIS MO. 72
DPTR FM NORMAL -22 [PRESSURE DATA]
TOTAL FM JAN 1 260 HIGHEST SLP M ON M
DPTR FM NORMAL -65 LOWEST SLP 29.77 ON 1
[REMARKS]
#FINAL-09-21#