000
CXUS52 KMFL 011030
CF6HWO
PRELIMINARY LOCAL CLIMATOLOGICAL DATA (WS FORM: F-6)
STATION: NORTH PERRY ARPT
MONTH: APRIL
YEAR: 2022
LATITUDE: 26 0 N
LONGITUDE: 80 14 W
TEMPERATURE IN F: :PCPN: SNOW: WIND :SUNSHINE: SKY :PK WND
================================================================================
1 2 3 4 5 6A 6B 7 8 9 10 11 12 13 14 15 16 17 18
12Z AVG MX 2MIN
DY MAX MIN AVG DEP HDD CDD WTR SNW DPTH SPD SPD DIR MIN PSBL S-S WX SPD DR
================================================================================
1 89 76 83 9 0 18 0.00 M M 8.8 17 170 M M 6 22 160
2 91 71 81 7 0 16 0.01 0.0 0 8.5 25 340 M M 5 3 30 330
3 85 69 77 2 0 12 0.26 0.0 0 6.9 15 160 M M 4 13 19 160
4 84 73 79 4 0 14 T 0.0 0 8.6 18 100 M M 5 3 22 100
5 87 75 81 6 0 16 0.00 0.0 0 10.8 21 150 M M 3 30 140
6 91 77 84 9 0 19 0.00 0.0 0 10.8 18 190 M M 2 26 150
7 93 77 85 10 0 20 T 0.0 0 11.7 22 250 M M 3 3 29 260
8 82 64 73 -2 0 8 0.00 0.0 0 11.5 22 310 M M 3 27 320
9 81 60 71 -5 0 6 0.00 M M 10.8 24 260 M M 1 31 240
10 79 52 66 -10 0 1 0.00 0.0 0 9.3 20 90 M M 1 25 80
11 79 62 71 -5 0 6 0.00 0.0 0 10.9 22 90 M M 4 28 90
12 82 70 76 0 0 11 0.00 0.0 0 14.2 22 100 M M 6 28 100
13 83 73 78 2 0 13 0.00 0.0 0 12.9 20 90 M M 3 29 110
14 86 75 81 5 0 16 0.00 0.0 0 10.5 21 120 M M 3 27 120
15 84 73 79 3 0 14 0.04 0.0 0 9.8 22 80 M M 3 3 28 50
16 85 72 79 3 0 14 0.00 0.0 0 10.2 18 120 M M 3 23 120
17 86 70 78 1 0 13 0.06 0.0 0 10.0 20 100 M M 3 27 110
18 88 72 80 3 0 15 0.02 0.0 0 6.0 15 120 M M 3 3 20 90
19 88 70 79 2 0 14 0.00 0.0 0 11.4 21 50 M M 2 25 50
20 83 73 78 1 0 13 T M M 15.0 26 60 M M 6 34 60
21 82 72 77 0 0 12 T M M 16.5 24 90 M M 5 31 70
22 83 73 78 1 0 13 T M M 18.6 26 80 M M 9 35 70
23 82 72 77 -1 0 12 0.01 M M 15.3 23 70 M M 7 31 90
24 85 71 78 0 0 13 0.00 M M 13.0 21 90 M M 4 32 90
25 85 74 80 2 0 15 0.00 0.0 0 12.3 18 80 M M 4 24 110
26 85 73 79 1 0 14 T 0.0 0 9.3 17 90 M M 3 24 90
27 87 67 77 -1 0 12 0.00 0.0 0 5.8 17 130 M M 3 23 130
28 87 71 79 1 0 14 1.02 M M 4.9 28 350 M M 5 3 59 10
29 85 70 78 0 0 13 0.04 M M 6.5 16 70 M M 8 3 21 70
30 84 68 76 -2 0 11 0.84 M M 8.3 16 60 M M 5 13 19 80
================================================================================
SM 2551 2115 0 388 2.30 0.0 319.1 M 122
================================================================================
AV 85.0 70.5 10.6 FASTST M M 4 MAX(MPH)
MISC ----> 28 350 59 10
================================================================================
NOTES:
# LAST OF SEVERAL OCCURRENCES
COLUMN 17 PEAK WIND IN M.P.H.
PRELIMINARY LOCAL CLIMATOLOGICAL DATA (WS FORM: F-6) , PAGE 2
STATION: NORTH PERRY ARPT
MONTH: APRIL
YEAR: 2022
LATITUDE: 26 0 N
LONGITUDE: 80 14 W
[TEMPERATURE DATA] [PRECIPITATION DATA] SYMBOLS USED IN COLUMN 16
AVERAGE MONTHLY: 77.8 TOTAL FOR MONTH: 2.30 1 = FOG OR MIST
DPTR FM NORMAL: 1.4 DPTR FM NORMAL: -0.88 2 = FOG REDUCING VISIBILITY
HIGHEST: 93 ON 7 GRTST 24HR 1.02 ON 28-28 TO 1/4 MILE OR LESS
LOWEST: 52 ON 10 3 = THUNDER
SNOW, ICE PELLETS, HAIL 4 = ICE PELLETS
TOTAL MONTH: 0.0 INCH 5 = HAIL
GRTST 24HR 0.0 6 = FREEZING RAIN OR DRIZZLE
GRTST DEPTH: 0 7 = DUSTSTORM OR SANDSTORM:
VSBY 1/2 MILE OR LESS
8 = SMOKE OR HAZE
[NO. OF DAYS WITH] [WEATHER - DAYS WITH] 9 = BLOWING SNOW
X = TORNADO
MAX 32 OR BELOW: 0 0.01 INCH OR MORE: 9
MAX 90 OR ABOVE: 3 0.10 INCH OR MORE: 3
MIN 32 OR BELOW: 0 0.50 INCH OR MORE: 2
MIN 0 OR BELOW: 0 1.00 INCH OR MORE: 1
[HDD (BASE 65) ]
TOTAL THIS MO. 0 CLEAR (SCALE 0-3) 11
DPTR FM NORMAL -1 PTCLDY (SCALE 4-7) 18
TOTAL FM JUL 1 76 CLOUDY (SCALE 8-10) 1
DPTR FM NORMAL -43
[CDD (BASE 65) ]
TOTAL THIS MO. 388
DPTR FM NORMAL 45 [PRESSURE DATA]
TOTAL FM JAN 1 1074 HIGHEST SLP 30.25 ON 21
DPTR FM NORMAL 164 LOWEST SLP 29.85 ON 7
[REMARKS]
#FINAL-04-22#