000
CXUS54 KHGX 011410
CF6IAH
PRELIMINARY LOCAL CLIMATOLOGICAL DATA (WS FORM: F-6)
STATION: HOUSTON INTERCONTINENTAL
MONTH: APRIL
YEAR: 2022
LATITUDE: 29 58 N
LONGITUDE: 95 21 W
TEMPERATURE IN F: :PCPN: SNOW: WIND :SUNSHINE: SKY :PK WND
================================================================================
1 2 3 4 5 6A 6B 7 8 9 10 11 12 13 14 15 16 17 18
12Z AVG MX 2MIN
DY MAX MIN AVG DEP HDD CDD WTR SNW DPTH SPD SPD DIR MIN PSBL S-S WX SPD DR
================================================================================
1 79 49 64 -3 1 0 0.00 0.0 0 8.3 18 140 M M 3 25 120
2 85 54 70 3 0 5 0.00 0.0 0 4.8 12 340 M M 4 17 310
3 82 56 69 2 0 4 0.00 0.0 0 8.2 22 140 M M 3 12 28 150
4 76 64 70 2 0 5 0.06 0.0 0 9.5 20 140 M M 10 18 23 150
5 90 72 81 13 0 16 T 0.0 0 7.0 15 160 M M 8 18 22 160
6 82 62 72 4 0 7 0.00 0.0 0 13.4 26 340 M M 4 18 35 350
7 76 54 65 -3 0 0 0.00 0.0 0 13.2 28 330 M M 0 41 360
8 77 48 63 -5 2 0 0.00 0.0 0 9.6 26 330 M M 0 37 300
9 84 44 64 -4 1 0 0.00 0.0 0 7.6 16 180 M M 0 26 160
10 81 65 73 4 0 8 T 0.0 0 15.8 28 160 M M 5 44 160
11 82 69 76 7 0 11 0.15 0.0 0 14.5 30 150 M M 9 13 41 160
12 82 73 78 9 0 13 T 0.0 0 13.3 36 150 M M 10 43 150
13 82 67 75 6 0 10 0.03 0.0 0 10.0 23 160 M M 8 18 33 160
14 83 55 69 -1 0 4 0.00 0.0 0 11.0 18 100 M M 2 25 100
15 82 62 72 2 0 7 0.03 0.0 0 8.1 17 160 M M 8 1 23 160
16 83 73 78 8 0 13 T 0.0 0 7.1 15 150 M M 9 21 170
17 89 69 79 9 0 14 0.00 0.0 0 6.1 13 170 M M 8 19 210
18 80 62 71 1 0 6 0.00 0.0 0 12.2 20 360 M M 2 28 60
19 76 54 65 -6 0 0 0.00 0.0 0 16.8 28 140 M M 6 47 140
20 84 70 77 6 0 12 T 0.0 0 16.5 25 160 M M 9 38 160
21 85 74 80 9 0 15 0.00 0.0 0 14.3 25 130 M M 8 32 130
22 84 71 78 7 0 13 0.00 0.0 0 15.7 24 120 M M 5 32 130
23 84 71 78 6 0 13 0.00 0.0 0 16.0 28 150 M M 6 37 140
24 87 70 79 7 0 14 0.00 0.0 0 12.7 28 140 M M 5 36 150
25 85 63 74 2 0 9 1.72 0.0 0 10.7 26 100 M M 8 13 35 20
26 79 62 71 -1 0 6 0.00 0.0 0 8.9 17 70 M M 7 23 70
27 81 57 69 -3 0 4 0.00 0.0 0 8.3 16 140 M M 2 23 100
28 83 62 73 0 0 8 0.00 0.0 0 10.4 23 130 M M 6 1 29 130
29 86 66 76 3 0 11 0.00 0.0 0 12.0 22 150 M M 5 31 170
30 89 72 81 8 0 16 T 0.0 0 7.7 20 120 M M 7 24 120
================================================================================
SM 2478 1890 4 244 1.99 0.0 329.7 M 167
================================================================================
AV 82.6 63.0 11.0 FASTST M M 6 MAX(MPH)
MISC ----> 36 150 47 140
================================================================================
NOTES:
# LAST OF SEVERAL OCCURRENCES
COLUMN 17 PEAK WIND IN M.P.H.
PRELIMINARY LOCAL CLIMATOLOGICAL DATA (WS FORM: F-6) , PAGE 2
STATION: HOUSTON INTERCONTINENTAL
MONTH: APRIL
YEAR: 2022
LATITUDE: 29 58 N
LONGITUDE: 95 21 W
[TEMPERATURE DATA] [PRECIPITATION DATA] SYMBOLS USED IN COLUMN 16
AVERAGE MONTHLY: 72.8 TOTAL FOR MONTH: 1.99 1 = FOG OR MIST
DPTR FM NORMAL: 2.8 DPTR FM NORMAL: -1.96 2 = FOG REDUCING VISIBILITY
HIGHEST: 90 ON 5 GRTST 24HR 1.72 ON 25-25 TO 1/4 MILE OR LESS
LOWEST: 44 ON 9 3 = THUNDER
SNOW, ICE PELLETS, HAIL 4 = ICE PELLETS
TOTAL MONTH: 0.0 INCH 5 = HAIL
GRTST 24HR 0.0 6 = FREEZING RAIN OR DRIZZLE
GRTST DEPTH: 0 7 = DUSTSTORM OR SANDSTORM:
VSBY 1/2 MILE OR LESS
8 = SMOKE OR HAZE
[NO. OF DAYS WITH] [WEATHER - DAYS WITH] 9 = BLOWING SNOW
X = TORNADO
MAX 32 OR BELOW: 0 0.01 INCH OR MORE: 5
MAX 90 OR ABOVE: 1 0.10 INCH OR MORE: 2
MIN 32 OR BELOW: 0 0.50 INCH OR MORE: 1
MIN 0 OR BELOW: 0 1.00 INCH OR MORE: 1
[HDD (BASE 65) ]
TOTAL THIS MO. 4 CLEAR (SCALE 0-3) 7
DPTR FM NORMAL -27 PTCLDY (SCALE 4-7) 15
TOTAL FM JUL 1 1129 CLOUDY (SCALE 8-10) 8
DPTR FM NORMAL -135
[CDD (BASE 65) ]
TOTAL THIS MO. 244
DPTR FM NORMAL 65 [PRESSURE DATA]
TOTAL FM JAN 1 334 HIGHEST SLP 30.29 ON 26
DPTR FM NORMAL 21 LOWEST SLP 29.55 ON 5
[REMARKS]
#FINAL-04-22#