000
CXUS53 KICT 031123
CLMICT
CLIMATE REPORT
NATIONAL WEATHER SERVICE WICHITA KANSAS
523 AM CST SAT FEB 03 2024
...................................
...THE WICHITA EISENHOWER NATIONAL CLIMATE SUMMARY FOR THE MONTH OF JANUARY 2024...
CLIMATE NORMAL PERIOD 1991 TO 2020
CLIMATE RECORD PERIOD 1888 TO 2024
WEATHER OBSERVED NORMAL DEPART LAST YEAR`S
VALUE DATE(S) VALUE FROM VALUE DATE(S)
NORMAL
................................................................
TEMPERATURE (F)
RECORD
HIGH 75 01/08/2002
01/22/1967
LOW -15 01/12/1912
HIGHEST 69 01/31 63 01/16
LOWEST -4 01/14 7 01/31
AVG. MAXIMUM 38.0 43.9 -5.9 47.6
AVG. MINIMUM 19.7 22.5 -2.8 25.5
MEAN 28.8 33.2 -4.4 36.6
DAYS MAX >= 90 0 0.0 0.0 0
DAYS MAX <= 32 9 6.5 2.5 3
DAYS MIN <= 32 27 27.7 -0.7 26
DAYS MIN <= 0 3 0.3 2.7 0
PRECIPITATION (INCHES)
RECORD
MAXIMUM 6.29 1949
MINIMUM 0.00 1986
1919
1914
TOTALS 1.76 0.85 0.91 1.25
DAILY AVG. 0.06 0.03 0.03 0.04
DAYS >= .01 7 4.8 2.2 6
DAYS >= .10 2 1.8 0.2 3
DAYS >= .50 1 0.5 0.5 1
DAYS >= 1.00 1 0.1 0.9 0
GREATEST
24 HR. TOTAL 1.07 01/08 TO 01/08
SNOWFALL (INCHES)
RECORDS
TOTAL 19.7 1987
TOTALS 6.3 2.7 3.6 1.6
SINCE 7/1 14.3 6.8 7.5 5.0
SNOWDEPTH AVG. 0 0
DAYS >= 1.0 3 0.8 2.2 1
GREATEST
SNOW DEPTH 3 01/09 1 01/25
24 HR TOTAL 6.3 1.6
DEGREE DAYS
HEATING TOTAL 1113 986 127 875
SINCE 7/1 2621 2735 -114 MM
COOLING TOTAL 0 0 0 0
SINCE 1/1 0 0 0 MM
................................................................
WIND (MPH)
AVERAGE WIND SPEED 10.3
HIGHEST WIND SPEED/DIRECTION 36/330 DATE 01/09
36/330 01/12
36/340 01/18
HIGHEST GUST SPEED/DIRECTION 52/320 DATE 01/09
SKY COVER
POSSIBLE SUNSHINE (PERCENT) MM
AVERAGE SKY COVER 0.58
NUMBER OF DAYS FAIR 8
NUMBER OF DAYS PC 14
NUMBER OF DAYS CLOUDY 9
AVERAGE RH (PERCENT) 72
WEATHER CONDITIONS. NUMBER OF DAYS WITH
THUNDERSTORM 0 MIXED PRECIP 0
HEAVY RAIN 0 RAIN 2
LIGHT RAIN 6 FREEZING RAIN 1
LT FREEZING RAIN 1 HAIL 0
HEAVY SNOW 0 SNOW 2
LIGHT SNOW 9 SLEET 0
FOG 16 FOG W/VIS <= 1/4 MILE 6
HAZE 4
- INDICATES NEGATIVE NUMBERS.
R INDICATES RECORD WAS SET OR TIED.
MM INDICATES DATA IS MISSING.
T INDICATES TRACE AMOUNT.
$$