000
CXUS53 KUNR 011526
CLMIEN
CLIMATE REPORT
NATIONAL WEATHER SERVICE RAPID CITY SD
926 AM MDT SAT APR 01 2023
...................................
...THE PINE RIDGE SD CLIMATE SUMMARY FOR THE MONTH OF MARCH 2023...
CLIMATE NORMAL PERIOD 1991 TO 2020
CLIMATE RECORD PERIOD 9999 TO 9999
WEATHER OBSERVED NORMAL DEPART LAST YEAR`S
VALUE DATE(S) VALUE FROM VALUE DATE(S)
NORMAL
................................................................
TEMPERATURE (F)
HIGHEST 60 03/14 80 03/28
03/30
LOWEST 4 03/13 -16 03/10
AVG. MAXIMUM 40.5 51.0 -10.5 50.3
AVG. MINIMUM 17.7 23.8 -6.1 19.1
MEAN 29.1 37.4 -8.3 34.7
DAYS MAX >= 90 0 0
DAYS MAX <= 32 9 8
DAYS MIN <= 32 31 28
DAYS MIN <= 0 0 3
PRECIPITATION (INCHES)
TOTALS MM 0.81 MM 0.03
DAILY AVG. MM 0.03 MM 0.00
DAYS >= .01 MM 2
DAYS >= .10 MM 0
DAYS >= .50 MM 0
DAYS >= 1.00 MM 0
GREATEST
24 HR. TOTAL MM 0.02
DEGREE DAYS
HEATING TOTAL 1104 856 248 932
SINCE 7/1 6699 6053 646 MM
COOLING TOTAL 0 0 0 0
SINCE 1/1 0 0 0 MM
................................................................
WIND (MPH)
AVERAGE WIND SPEED 9.3
HIGHEST WIND SPEED/DIRECTION 46/180 DATE 03/10
HIGHEST GUST SPEED/DIRECTION 61/180 DATE 03/10
AVERAGE RH (PERCENT) 73
WEATHER CONDITIONS. NUMBER OF DAYS WITH
THUNDERSTORM 0 MIXED PRECIP 0
HEAVY RAIN 0 RAIN 0
LIGHT RAIN 1 FREEZING RAIN 0
LT FREEZING RAIN 1 HAIL 0
HEAVY SNOW 2 SNOW 5
LIGHT SNOW 12 SLEET 0
FOG 16 FOG W/VIS <= 1/4 MILE 4
HAZE 7
- INDICATES NEGATIVE NUMBERS.
R INDICATES RECORD WAS SET OR TIED.
MM INDICATES DATA IS MISSING.
T INDICATES TRACE AMOUNT.
$$