000
CXUS52 KILM 021012
CF6ILM
PRELIMINARY LOCAL CLIMATOLOGICAL DATA (WS FORM: F-6)
STATION: WILMINGTON NORTH CAROLINA
MONTH: NOVEMBER
YEAR: 2023
LATITUDE: 34 16 N
LONGITUDE: 77 55 W
TEMPERATURE IN F: :PCPN: SNOW: WIND :SUNSHINE: SKY :PK WND
================================================================================
1 2 3 4 5 6A 6B 7 8 9 10 11 12 13 14 15 16 17 18
12Z AVG MX 2MIN
DY MAX MIN AVG DEP HDD CDD WTR SNW DPTH SPD SPD DIR MIN PSBL S-S WX SPD DR
================================================================================
1 55 34 45 -15 20 0 0.00 0.0 0 10.7 24 330 M M 2 34 320
2 60 34 47 -13 18 0 0.00 0.0 0 7.9 17 20 M M 0 22 20
3 70 35 53 -7 12 0 0.00 0.0 0 6.4 15 50 M M 0 20 50
4 76 52 64 5 1 0 0.00 0.0 0 7.9 16 30 M M 8 22 10
5 78 48 63 4 2 0 0.00 0.0 0 4.6 16 10 M M 0 22 10
6 76 44 60 1 5 0 0.00 0.0 0 2.8 13 50 M M 1 17 90
7 81 47 64 6 1 0 0.00 0.0 0 6.1 15 240 M M 0 18 23 240
8 79 53 66 8 0 1 0.00 0.0 0 4.8 13 100 M M 0 12 17 110
9 82 60 71 13 0 6 0.00 0.0 0 9.3 20 250 M M 0 27 230
10 80 55 68 10 0 3 0.00 0.0 0 10.4 20 40 M M 3 27 260
11 55 50 53 -4 12 0 0.18 0.0 0 9.7 15 30 M M 10 1 20 20
12 55 51 53 -4 12 0 0.61 0.0 0 13.0 21 30 M M 10 1 27 10
13 66 45 56 -1 9 0 0.00 0.0 0 6.3 16 10 M M 4 20 20
14 68 44 56 0 9 0 0.00 0.0 0 6.4 17 40 M M 0 22 40
15 65 45 55 -1 10 0 0.00 0.0 0 8.1 13 30 M M 1 16 30
16 73 52 63 7 2 0 0.00 0.0 0 8.8 18 100 M M 1 25 100
17 76 56 66 10 0 1 0.29 0.0 0 6.5 14 100 M M 4 1 20 120
18 78 54 66 11 0 1 T 0.0 0 7.1 16 360 M M 3 1 21 340
19 66 40 53 -2 12 0 0.00 0.0 0 5.4 13 40 M M 0 18 20
20 66 38 52 -3 13 0 0.00 0.0 0 8.0 16 70 M M 6 23 70
21 74 52 63 9 2 0 0.16 0.0 0 11.6 22 170 M M 8 1 33 130
22 72 52 62 8 3 0 2.57 0.0 0 9.4 26 340 M M 7 13 35 330
23 61 42 52 -2 13 0 0.00 0.0 0 4.4 13 360 M M 0 17 10
24 62 45 54 0 11 0 T 0.0 0 2.0 9 330 M M 3 13 290
25 57 44 51 -3 14 0 0.00 0.0 0 11.4 22 30 M M 4 31 40
26 53 43 48 -5 17 0 0.31 0.0 0 5.4 12 360 M M 8 1 15 360
27 60 41 51 -2 14 0 0.01 0.0 0 7.2 17 300 M M 5 1 24 330
28 52 33 43 -10 22 0 0.00 0.0 0 6.6 17 280 M M 0 27 280
29 51 27 39 -14 26 0 0.00 0.0 0 3.6 12 40 M M 0 14 40
30 61 29 45 -7 20 0 0.00 0.0 0 1.8 9 130 M M 0 14 140
================================================================================
SM 2008 1345 280 12 4.13 0.0 213.6 M 88
================================================================================
AV 66.9 44.8 7.1 FASTST M M 3 MAX(MPH)
MISC ----> 26 340 35 330
================================================================================
NOTES:
# LAST OF SEVERAL OCCURRENCES
COLUMN 17 PEAK WIND IN M.P.H.
PRELIMINARY LOCAL CLIMATOLOGICAL DATA (WS FORM: F-6) , PAGE 2
STATION: WILMINGTON NORTH CAROLINA
MONTH: NOVEMBER
YEAR: 2023
LATITUDE: 34 16 N
LONGITUDE: 77 55 W
[TEMPERATURE DATA] [PRECIPITATION DATA] SYMBOLS USED IN COLUMN 16
AVERAGE MONTHLY: 55.9 TOTAL FOR MONTH: 4.13 1 = FOG OR MIST
DPTR FM NORMAL: -0.2 DPTR FM NORMAL: 0.57 2 = FOG REDUCING VISIBILITY
HIGHEST: 82 ON 9 GRTST 24HR 2.72 ON 21-22 TO 1/4 MILE OR LESS
LOWEST: 27 ON 29 3 = THUNDER
SNOW, ICE PELLETS, HAIL 4 = ICE PELLETS
TOTAL MONTH: 0.0 INCH 5 = HAIL
GRTST 24HR 0.0 6 = FREEZING RAIN OR DRIZZLE
GRTST DEPTH: 0 7 = DUSTSTORM OR SANDSTORM:
VSBY 1/2 MILE OR LESS
8 = SMOKE OR HAZE
[NO. OF DAYS WITH] [WEATHER - DAYS WITH] 9 = BLOWING SNOW
X = TORNADO
MAX 32 OR BELOW: 0 0.01 INCH OR MORE: 7
MAX 90 OR ABOVE: 0 0.10 INCH OR MORE: 6
MIN 32 OR BELOW: 2 0.50 INCH OR MORE: 2
MIN 0 OR BELOW: 0 1.00 INCH OR MORE: 1
[HDD (BASE 65) ]
TOTAL THIS MO. 280 CLEAR (SCALE 0-3) 17
DPTR FM NORMAL -8 PTCLDY (SCALE 4-7) 10
TOTAL FM JUL 1 347 CLOUDY (SCALE 8-10) 3
DPTR FM NORMAL -26
[CDD (BASE 65) ]
TOTAL THIS MO. 12
DPTR FM NORMAL -10 [PRESSURE DATA]
TOTAL FM JAN 1 2252 HIGHEST SLP 30.50 ON 2
DPTR FM NORMAL 125 LOWEST SLP 29.67 ON 22
[REMARKS]
#FINAL-11-23#