000
CXUS53 KIND 010600
CF6IND
PRELIMINARY LOCAL CLIMATOLOGICAL DATA (WS FORM: F-6)
STATION: INDIANAPOLIS IN
MONTH: MAY
YEAR: 2020
LATITUDE: 39 43 N
LONGITUDE: 86 17 W
TEMPERATURE IN F: :PCPN: SNOW: WIND :SUNSHINE: SKY :PK WND
================================================================================
1 2 3 4 5 6A 6B 7 8 9 10 11 12 13 14 15 16 17 18
12Z AVG MX 2MIN
DY MAX MIN AVG DEP HDD CDD WTR SNW DPTH SPD SPD DIR MIN PSBL S-S WX SPD DR
================================================================================
1 66 39 53 -5 12 0 0.01 0.0 0 6.2 14 290 M M 3 20 360
2 82 54 68 10 0 3 0.01 0.0 0 11.5 23 230 M M 7 31 230
3 74 48 61 2 4 0 0.59 0.0 0 6.5 21 320 M M 8 13 27 320
4 65 45 55 -4 10 0 0.00 0.0 0 8.8 16 100 M M 6 22 90
5 58 40 49 -10 16 0 0.13 0.0 0 12.6 28 90 M M 10 34 100
6 60 39 50 -10 15 0 0.00 0.0 0 12.1 23 330 M M 5 32 330
7 68 41 55 -5 10 0 0.00 0.0 0 13.2 26 260 M M 5 34 250
8 55 36 46 -14 19 0 0.13 0.0 0 14.5 30 340 M M 6 1 38 360
9 55 27 41 -19 24 0 0.00 0.0 0 7.4 18 250 M M 2 26 260
10 62 38 50 -11 15 0 T 0.0 0 18.2 36 290 M M 8 3 47 270
11 49 36 43 -18 22 0 T 0.0 0 9.7 20 280 M M 9 25 290
12 61 35 48 -13 17 0 0.00 0.0 0 6.0 16 240 M M 6 8 22 220
13 60 44 52 -10 13 0 0.00 0.0 0 10.8 23 130 M M 8 29 120
14 79 53 66 4 0 1 0.62 0.0 0 10.8 32 300 M M 8 13 42 280
15 75 63 69 7 0 4 0.06 0.0 0 10.8 22 200 M M 7 1 29 190
16 80 58 69 6 0 4 T 0.0 0 7.9 15 100 M M 7 1 21 100
17 74 63 69 6 0 4 1.53 0.0 0 10.0 25 190 M M 10 13 31 180
18 67 56 62 -1 3 0 0.87 0.0 0 5.2 15 280 M M 9 1 17 280
19 66 56 61 -3 4 0 0.33 0.0 0 10.0 21 110 M M 10 1 28 120
20 58 54 56 -8 9 0 T 0.0 0 14.4 21 100 M M 10 29 70
21 61 54 58 -6 7 0 T 0.0 0 8.5 15 100 M M 10 1 19 100
22 75 57 66 2 0 1 0.00 0.0 0 2.5 12 180 M M 8 1 14 190
23 79 61 70 5 0 5 1.64 T 0 7.9 41 270 M M 7 1235 55 270
24 85 61 73 8 0 8 0.04 0.0 0 6.4 25 230 M M 6 13 33 220
25 88 65 77 11 0 12 0.00 0.0 0 6.9 14 160 M M 5 16 150
26 86 67 77 11 0 12 T 0.0 0 7.5 17 140 M M 5 24 130
27 82 68 75 9 0 10 0.01 0.0 0 9.2 22 160 M M 8 27 190
28 81 64 73 7 0 8 1.13 0.0 0 9.0 24 250 M M 8 13 33 240
29 78 62 70 3 0 5 0.03 0.0 0 9.0 17 290 M M 6 1 22 290
30 73 54 64 -3 1 0 0.00 0.0 0 8.6 16 340 M M 4 25 350
31 72 54 63 -4 2 0 0.00 0.0 0 6.8 14 10 M M 3 21 340
================================================================================
SM 2174 1592 203 77 7.13 T 288.9 M 214
================================================================================
AV 70.1 51.4 9.3 FASTST M M 7 MAX(MPH)
MISC ----> 41 270 55 270
================================================================================
NOTES:
# LAST OF SEVERAL OCCURRENCES
COLUMN 17 PEAK WIND IN M.P.H.
PRELIMINARY LOCAL CLIMATOLOGICAL DATA (WS FORM: F-6) , PAGE 2
STATION: INDIANAPOLIS IN
MONTH: MAY
YEAR: 2020
LATITUDE: 39 43 N
LONGITUDE: 86 17 W
[TEMPERATURE DATA] [PRECIPITATION DATA] SYMBOLS USED IN COLUMN 16
AVERAGE MONTHLY: 60.7 TOTAL FOR MONTH: 7.13 1 = FOG OR MIST
DPTR FM NORMAL: -2.0 DPTR FM NORMAL: 2.08 2 = FOG REDUCING VISIBILITY
HIGHEST: 88 ON 25 GRTST 24HR 2.38 ON 17-18 TO 1/4 MILE OR LESS
LOWEST: 27 ON 9 3 = THUNDER
SNOW, ICE PELLETS, HAIL 4 = ICE PELLETS
TOTAL MONTH: T 5 = HAIL
GRTST 24HR T ON 23-23 6 = FREEZING RAIN OR DRIZZLE
GRTST DEPTH: 0 7 = DUSTSTORM OR SANDSTORM:
VSBY 1/2 MILE OR LESS
8 = SMOKE OR HAZE
[NO. OF DAYS WITH] [WEATHER - DAYS WITH] 9 = BLOWING SNOW
X = TORNADO
MAX 32 OR BELOW: 0 0.01 INCH OR MORE: 15
MAX 90 OR ABOVE: 0 0.10 INCH OR MORE: 9
MIN 32 OR BELOW: 1 0.50 INCH OR MORE: 6
MIN 0 OR BELOW: 0 1.00 INCH OR MORE: 3
[HDD (BASE 65) ]
TOTAL THIS MO. 203 CLEAR (SCALE 0-3) 2
DPTR FM NORMAL 63 PTCLDY (SCALE 4-7) 20
TOTAL FM JUL 1 5004 CLOUDY (SCALE 8-10) 9
DPTR FM NORMAL -359
[CDD (BASE 65) ]
TOTAL THIS MO. 77
DPTR FM NORMAL 8 [PRESSURE DATA]
TOTAL FM JAN 1 81 HIGHEST SLP M ON M
DPTR FM NORMAL -3 LOWEST SLP 29.71 ON 17
[REMARKS]
#FINAL-05-20#