000
CDUS43 KIND 200539
CLIIND


CLIMATE REPORT
NATIONAL WEATHER SERVICE INDIANAPOLIS IN
1238 AM EST SAT DEC 20 2014


...................................

...THE INDIANAPOLIS IN CLIMATE SUMMARY FOR DECEMBER 19 2014...

CLIMATE NORMAL PERIOD 1981 TO 2010
CLIMATE RECORD PERIOD 1871 TO 2014


WEATHER ITEM   OBSERVED TIME   RECORD YEAR NORMAL DEPARTURE LAST
                VALUE   (LST)  VALUE       VALUE  FROM      YEAR
                                                  NORMAL
..................................................................
TEMPERATURE (F)
 YESTERDAY
  MAXIMUM         29   1159 PM  67    1877  38     -9       50
  MINIMUM         19    735 AM -12    1884  23     -4       34
  AVERAGE         24                        30     -6       42

PRECIPITATION (IN)
  YESTERDAY        0.00          1.49 1995   0.10  -0.10     0.00
  MONTH TO DATE    1.61                      1.92  -0.31     1.01
  SINCE DEC 1      1.61                      1.92  -0.31     1.01
  SINCE JAN 1     40.63                     41.19  -0.56    42.49

SNOWFALL (IN)
  YESTERDAY        0.0           8.3  1973   0.3   -0.3      0.0
  MONTH TO DATE    0.1                       3.7   -3.6      8.8
  SINCE DEC 1      0.1                       3.7   -3.6      8.8
  SINCE JUL 1      2.8                       4.8   -2.0      8.9
  SNOW DEPTH       0

DEGREE DAYS
 HEATING
  YESTERDAY       41                        35      6       23
  MONTH TO DATE  591                       605    -14      682
  SINCE DEC 1    591                       605    -14      682
  SINCE JUL 1   1870                      1647    223     1826

 COOLING
  YESTERDAY        0                         0      0        0
  MONTH TO DATE    0                         0      0        0
  SINCE DEC 1      0                         0      0        0
  SINCE JAN 1    900                      1066   -166     1160
..................................................................


WIND (MPH)
  HIGHEST WIND SPEED     9   HIGHEST WIND DIRECTION     W (270)
  HIGHEST GUST SPEED    10   HIGHEST GUST DIRECTION     W (270)
  AVERAGE WIND SPEED     3.0


SKY COVER
  AVERAGE SKY COVER 0.7


WEATHER CONDITIONS
 THE FOLLOWING WEATHER WAS RECORDED YESTERDAY.
  FOG
  HAZE


RELATIVE HUMIDITY (PERCENT)
 HIGHEST    92          1200 AM
 LOWEST     75           200 PM
 AVERAGE    84

..........................................................


THE INDIANAPOLIS IN CLIMATE NORMALS FOR TODAY
                         NORMAL    RECORD    YEAR
 MAXIMUM TEMPERATURE (F)   37        66      1949
                                             1877
 MINIMUM TEMPERATURE (F)   23       -12      1963


SUNRISE AND SUNSET
DECEMBER 20 2014......SUNRISE   802 AM EST   SUNSET   523 PM EST
DECEMBER 21 2014......SUNRISE   803 AM EST   SUNSET   524 PM EST


-  INDICATES NEGATIVE NUMBERS.
R  INDICATES RECORD WAS SET OR TIED.
MM INDICATES DATA IS MISSING.
T  INDICATES TRACE AMOUNT.




$$
