000
CDUS43 KIND 240037
CLIIND


CLIMATE REPORT
NATIONAL WEATHER SERVICE INDIANAPOLIS IN
737 PM EST FRI JAN 23 2015


...................................

...THE INDIANAPOLIS IN CLIMATE SUMMARY FOR JANUARY 23 2015...
VALID AS OF 0700 PM LOCAL TIME.

CLIMATE NORMAL PERIOD 1981 TO 2010
CLIMATE RECORD PERIOD 1871 TO 2015


WEATHER ITEM   OBSERVED TIME   RECORD YEAR NORMAL DEPARTURE LAST
                VALUE   (LST)  VALUE       VALUE  FROM      YEAR
                                                  NORMAL
..................................................................
TEMPERATURE (F)
 TODAY
  MAXIMUM         34    246 PM  67    1909  36     -2        9
  MINIMUM         26   1018 AM -18    1936  20      6       -3
  AVERAGE         30                        28      2        3

PRECIPITATION (IN)
  TODAY            0.00          0.90 1950   0.08  -0.08      T
  MONTH TO DATE    1.62                      2.02  -0.40     2.28
  SINCE DEC 1      4.17                      5.19  -1.02     6.72
  SINCE JAN 1      1.62                      2.02  -0.40     2.28

SNOWFALL (IN)
  TODAY            0.0           2.5  1963   0.3   -0.3       T
  MONTH TO DATE    2.3                       6.3   -4.0     24.9
  SINCE DEC 1      2.4                      13.2  -10.8     33.7
  SINCE JUL 1      5.1                      14.3   -9.2     33.8
  SNOW DEPTH       0

..................................................................


WIND (MPH)
  HIGHEST WIND SPEED    14   HIGHEST WIND DIRECTION     N (340)
  HIGHEST GUST SPEED    16   HIGHEST GUST DIRECTION     N (340)
  AVERAGE WIND SPEED     4.7


SKY COVER
  AVERAGE SKY COVER 0.9


WEATHER CONDITIONS
 THE FOLLOWING WEATHER WAS RECORDED TODAY.
  NO SIGNIFICANT WEATHER WAS OBSERVED.


RELATIVE HUMIDITY (PERCENT)
 HIGHEST    81           600 AM
 LOWEST     64           300 PM

..........................................................


THE INDIANAPOLIS IN CLIMATE NORMALS FOR TOMORROW
                         NORMAL    RECORD    YEAR
 MAXIMUM TEMPERATURE (F)   36        70      1967
 MINIMUM TEMPERATURE (F)   20       -16      1963


SUNRISE AND SUNSET
JANUARY 23 2015.......SUNRISE   800 AM EST   SUNSET   554 PM EST
JANUARY 24 2015.......SUNRISE   800 AM EST   SUNSET   555 PM EST


-  INDICATES NEGATIVE NUMBERS.
R  INDICATES RECORD WAS SET OR TIED.
MM INDICATES DATA IS MISSING.
T  INDICATES TRACE AMOUNT.




$$
