000
CDUS43 KIND 240544
CLIIND


CLIMATE REPORT
NATIONAL WEATHER SERVICE INDIANAPOLIS IN
144 AM EDT WED AUG 24 2016


...................................

...THE INDIANAPOLIS IN CLIMATE SUMMARY FOR AUGUST 23 2016...

CLIMATE NORMAL PERIOD 1981 TO 2010
CLIMATE RECORD PERIOD 1871 TO 2016


WEATHER ITEM   OBSERVED TIME   RECORD YEAR NORMAL DEPARTURE LAST
                VALUE   (LST)  VALUE       VALUE  FROM      YEAR
                                                  NORMAL
..................................................................
TEMPERATURE (F)
 YESTERDAY
  MAXIMUM         81    403 PM  96    1936  84     -3       84
  MINIMUM         62    648 AM  46    1890  64     -2       62
  AVERAGE         72                        74     -2       73

PRECIPITATION (IN)
  YESTERDAY        0.00          2.07 1877   0.10  -0.10      T
  MONTH TO DATE    4.11                      2.33   1.78     1.55
  SINCE JUN 1     14.30                     11.13   3.17    23.05
  SINCE JAN 1     31.81                     28.53   3.28    36.18

SNOWFALL (IN)
  YESTERDAY        0.0           0.0    MM   0.0    0.0      0.0
  MONTH TO DATE    0.0                       0.0    0.0      0.0
  SINCE JUN 1      0.0                       0.0    0.0       T
  SINCE JUL 1      0.0                       0.0    0.0      0.0
  SNOW DEPTH       0

DEGREE DAYS
 HEATING
  YESTERDAY        0                         0      0        0
  MONTH TO DATE    0                         0      0        0
  SINCE JUN 1      3                        17    -14       16
  SINCE JUL 1      2                         1      1        0

 COOLING
  YESTERDAY        7                         9     -2        8
  MONTH TO DATE  296                       223     73      204
  SINCE JUN 1    959                       772    187      759
  SINCE JAN 1   1060                       856    204      907
..................................................................


WIND (MPH)
  HIGHEST WIND SPEED    16   HIGHEST WIND DIRECTION     S (180)
  HIGHEST GUST SPEED    20   HIGHEST GUST DIRECTION     S (190)
  AVERAGE WIND SPEED     7.1


SKY COVER
  AVERAGE SKY COVER 0.6


WEATHER CONDITIONS
 THE FOLLOWING WEATHER WAS RECORDED YESTERDAY.
  NO SIGNIFICANT WEATHER WAS OBSERVED.


RELATIVE HUMIDITY (PERCENT)
 HIGHEST    90           500 AM
 LOWEST     51           200 PM
 AVERAGE    71

..........................................................


THE INDIANAPOLIS IN CLIMATE NORMALS FOR TODAY
                         NORMAL    RECORD    YEAR
 MAXIMUM TEMPERATURE (F)   84        98      1936
 MINIMUM TEMPERATURE (F)   64        49      1927


SUNRISE AND SUNSET
AUGUST 24 2016........SUNRISE   706 AM EDT   SUNSET   828 PM EDT
AUGUST 25 2016........SUNRISE   707 AM EDT   SUNSET   826 PM EDT


-  INDICATES NEGATIVE NUMBERS.
R  INDICATES RECORD WAS SET OR TIED.
MM INDICATES DATA IS MISSING.
T  INDICATES TRACE AMOUNT.




$$
