000
CDUS43 KIND 150531
CLIIND


CLIMATE REPORT
NATIONAL WEATHER SERVICE INDIANAPOLIS IN
1231 AM EST FRI DEC 15 2017


...................................

...THE INDIANAPOLIS IN CLIMATE SUMMARY FOR DECEMBER 14 2017...

CLIMATE NORMAL PERIOD 1981 TO 2010
CLIMATE RECORD PERIOD 1871 TO 2017


WEATHER ITEM   OBSERVED TIME   RECORD YEAR NORMAL DEPARTURE LAST
                VALUE   (LST)  VALUE       VALUE  FROM      YEAR
                                                  NORMAL
..................................................................
TEMPERATURE (F)
 YESTERDAY
  MAXIMUM         32   1215 AM  68    1984  39     -7       20
  MINIMUM         22   1006 PM  -4    1901  25     -3        3
  AVERAGE         27                        32     -5       12

PRECIPITATION (IN)
  YESTERDAY        0.00          2.12 1971   0.09  -0.09     0.00
  MONTH TO DATE    0.20                      1.43  -1.23     0.76
  SINCE DEC 1      0.20                      1.43  -1.23     0.76
  SINCE JAN 1     46.53                     40.70   5.83    45.18

SNOWFALL (IN)
  YESTERDAY        0.0           6.9  1899   0.2   -0.2      0.0
  MONTH TO DATE    0.4                       2.4   -2.0      3.9
  SINCE DEC 1      0.4                       2.4   -2.0      3.9
  SINCE JUL 1      0.4                       3.5   -3.1      3.9
  SNOW DEPTH       0

DEGREE DAYS
 HEATING
  YESTERDAY       38                        33      5       53
  MONTH TO DATE  421                       434    -13      485
  SINCE DEC 1    421                       434    -13      485
  SINCE JUL 1   1325                      1476   -151     1178

 COOLING
  YESTERDAY        0                         0      0        0
  MONTH TO DATE    0                         0      0        0
  SINCE DEC 1      0                         0      0        0
  SINCE JAN 1   1164                      1066     98     1443
..................................................................


WIND (MPH)
  HIGHEST WIND SPEED    32   HIGHEST WIND DIRECTION    NW (300)
  HIGHEST GUST SPEED    38   HIGHEST GUST DIRECTION    NW (300)
  AVERAGE WIND SPEED     9.2


SKY COVER
  AVERAGE SKY COVER 0.8


WEATHER CONDITIONS
 THE FOLLOWING WEATHER WAS RECORDED YESTERDAY.
  NO SIGNIFICANT WEATHER WAS OBSERVED.


RELATIVE HUMIDITY (PERCENT)
 HIGHEST    69           100 AM
 LOWEST     39           300 PM
 AVERAGE    54

..........................................................


THE INDIANAPOLIS IN CLIMATE NORMALS FOR TODAY
                         NORMAL    RECORD    YEAR
 MAXIMUM TEMPERATURE (F)   39        69      1948
                                             1933
 MINIMUM TEMPERATURE (F)   24       -10      1951
                                             1901


SUNRISE AND SUNSET
DECEMBER 15 2017......SUNRISE   759 AM EST   SUNSET   522 PM EST
DECEMBER 16 2017......SUNRISE   800 AM EST   SUNSET   522 PM EST


-  INDICATES NEGATIVE NUMBERS.
R  INDICATES RECORD WAS SET OR TIED.
MM INDICATES DATA IS MISSING.
T  INDICATES TRACE AMOUNT.




$$
