000
CDUS43 KIND 240534
CLIIND


CLIMATE REPORT
NATIONAL WEATHER SERVICE INDIANAPOLIS IN
133 AM EDT SUN JUL 24 2016


...................................

...THE INDIANAPOLIS IN CLIMATE SUMMARY FOR JULY 23 2016...

CLIMATE NORMAL PERIOD 1981 TO 2010
CLIMATE RECORD PERIOD 1871 TO 2016


WEATHER ITEM   OBSERVED TIME   RECORD YEAR NORMAL DEPARTURE LAST
                VALUE   (LST)  VALUE       VALUE  FROM      YEAR
                                                  NORMAL
..................................................................
TEMPERATURE (F)
 YESTERDAY
  MAXIMUM         90    508 PM 102    2012  85      5       84
                                      1934
  MINIMUM         72    533 AM  46    1947  66      6       64
  AVERAGE         81                        75      6       74

PRECIPITATION (IN)
  YESTERDAY        0.00          1.61 2014   0.14  -0.14     0.00
  MONTH TO DATE    5.37                      3.53   1.84    11.88
  SINCE JUN 1      9.90                      7.78   2.12    20.24
  SINCE JAN 1     27.41                     25.18   2.23    33.37

SNOWFALL (IN)
  YESTERDAY        0.0           0.0    MM   0.0    0.0      0.0
  MONTH TO DATE    0.0                       0.0    0.0      0.0
  SINCE JUN 1      0.0                       0.0    0.0       T
  SINCE JUL 1      0.0                       0.0    0.0      0.0
  SNOW DEPTH       0

DEGREE DAYS
 HEATING
  YESTERDAY        0                         0      0        0
  MONTH TO DATE    2                         0      2        0
  SINCE JUN 1      3                        16    -13       16
  SINCE JUL 1      2                         0      2        0

 COOLING
  YESTERDAY       16                        10      6        9
  MONTH TO DATE  251                       245      6      195
  SINCE JUN 1    546                       471     75      446
  SINCE JAN 1    647                       555     92      594
..................................................................


WIND (MPH)
  HIGHEST WIND SPEED    10   HIGHEST WIND DIRECTION    SW (230)
  HIGHEST GUST SPEED    14   HIGHEST GUST DIRECTION    SW (220)
  AVERAGE WIND SPEED     3.9


SKY COVER
  AVERAGE SKY COVER 0.5


WEATHER CONDITIONS
 THE FOLLOWING WEATHER WAS RECORDED YESTERDAY.
  NO SIGNIFICANT WEATHER WAS OBSERVED.


RELATIVE HUMIDITY (PERCENT)
 HIGHEST    93           200 AM
 LOWEST     56           500 PM
 AVERAGE    75

..........................................................


THE INDIANAPOLIS IN CLIMATE NORMALS FOR TODAY
                         NORMAL    RECORD    YEAR
 MAXIMUM TEMPERATURE (F)   85       105      1934
 MINIMUM TEMPERATURE (F)   66        52      1947


SUNRISE AND SUNSET
JULY 24 2016..........SUNRISE   637 AM EDT   SUNSET   905 PM EDT
JULY 25 2016..........SUNRISE   638 AM EDT   SUNSET   904 PM EDT


-  INDICATES NEGATIVE NUMBERS.
R  INDICATES RECORD WAS SET OR TIED.
MM INDICATES DATA IS MISSING.
T  INDICATES TRACE AMOUNT.




$$
