000
CDUS43 KIND 200540
CLIIND


CLIMATE REPORT
NATIONAL WEATHER SERVICE INDIANAPOLIS IN
140 AM EDT SAT MAY 20 2017


...................................

...THE INDIANAPOLIS IN CLIMATE SUMMARY FOR MAY 19 2017...

CLIMATE NORMAL PERIOD 1981 TO 2010
CLIMATE RECORD PERIOD 1871 TO 2017


WEATHER ITEM   OBSERVED TIME   RECORD YEAR NORMAL DEPARTURE LAST
                VALUE   (LST)  VALUE       VALUE  FROM      YEAR
                                                  NORMAL
..................................................................
TEMPERATURE (F)
 YESTERDAY
  MAXIMUM         81    440 PM  90    1977  74      7       71
  MINIMUM         60   1159 PM  32    2002  54      6       45
  AVERAGE         71                        64      7       58

PRECIPITATION (IN)
  YESTERDAY        0.60          1.36 1943   0.17   0.43     0.00
  MONTH TO DATE    5.26                      3.12   2.14     3.21
  SINCE MAR 1     15.58                     10.49   5.09    13.27
  SINCE JAN 1     21.03                     15.47   5.56    16.98

SNOWFALL (IN)
  YESTERDAY        0.0           0.0    MM   0.0    0.0      0.0
  MONTH TO DATE    0.0                       0.0    0.0       T
  SINCE MAR 1      1.0                       2.8   -1.8      1.2
  SINCE JUL 1      9.7                      25.9  -16.2     13.3
  SNOW DEPTH       0

DEGREE DAYS
 HEATING
  YESTERDAY        0                         4     -4        7
  MONTH TO DATE  130                       107     23      153
  SINCE MAR 1    971                      1186   -215      985
  SINCE JUL 1   4255                      5329  -1074     4438

 COOLING
  YESTERDAY        6                         2      4        0
  MONTH TO DATE   51                        28     23       10
  SINCE MAR 1     83                        43     40       28
  SINCE JAN 1     83                        43     40       28
..................................................................


WIND (MPH)
  HIGHEST WIND SPEED    22   HIGHEST WIND DIRECTION    NW (300)
  HIGHEST GUST SPEED    26   HIGHEST GUST DIRECTION    NW (300)
  AVERAGE WIND SPEED     8.8


SKY COVER
  AVERAGE SKY COVER 0.8


WEATHER CONDITIONS
 THE FOLLOWING WEATHER WAS RECORDED YESTERDAY.
  THUNDERSTORM
  RAIN
  LIGHT RAIN
  FOG
  HAZE


RELATIVE HUMIDITY (PERCENT)
 HIGHEST    90           300 AM
 LOWEST     62           500 PM
 AVERAGE    76

..........................................................


THE INDIANAPOLIS IN CLIMATE NORMALS FOR TODAY
                         NORMAL    RECORD    YEAR
 MAXIMUM TEMPERATURE (F)   74        90      1977
                                             1941
                                             1921
 MINIMUM TEMPERATURE (F)   54        38      1894


SUNRISE AND SUNSET
MAY 20 2017...........SUNRISE   626 AM EDT   SUNSET   858 PM EDT
MAY 21 2017...........SUNRISE   625 AM EDT   SUNSET   859 PM EDT


-  INDICATES NEGATIVE NUMBERS.
R  INDICATES RECORD WAS SET OR TIED.
MM INDICATES DATA IS MISSING.
T  INDICATES TRACE AMOUNT.




$$
