000
CDUS43 KIND 220532
CLIIND


CLIMATE REPORT
NATIONAL WEATHER SERVICE INDIANAPOLIS IN
1231 AM EST THU JAN 22 2015


...................................

...THE INDIANAPOLIS IN CLIMATE SUMMARY FOR JANUARY 21 2015...

CLIMATE NORMAL PERIOD 1981 TO 2010
CLIMATE RECORD PERIOD 1871 TO 2015


WEATHER ITEM   OBSERVED TIME   RECORD YEAR NORMAL DEPARTURE LAST
                VALUE   (LST)  VALUE       VALUE  FROM      YEAR
                                                  NORMAL
..................................................................
TEMPERATURE (F)
 YESTERDAY
  MAXIMUM         43    130 PM  68    1906  36      7       32
  MINIMUM         30    908 AM -21    1984  20     10        2
  AVERAGE         37                        28      9       17

PRECIPITATION (IN)
  YESTERDAY        T             2.25 1959   0.08  -0.08     0.06
  MONTH TO DATE    1.62                      1.87  -0.25     2.27
  SINCE DEC 1      4.17                      5.04  -0.87     6.71
  SINCE JAN 1      1.62                      1.87  -0.25     2.27

SNOWFALL (IN)
  YESTERDAY        0.0           3.5  2007   0.2   -0.2      1.1
  MONTH TO DATE    2.3                       5.7   -3.4     24.4
  SINCE DEC 1      2.4                      12.6  -10.2     33.2
  SINCE JUL 1      5.1                      13.7   -8.6     33.3
  SNOW DEPTH       0

DEGREE DAYS
 HEATING
  YESTERDAY       28                        37     -9       48
  MONTH TO DATE  855                       777     78      883
  SINCE DEC 1   1829                      1811     18     1962
  SINCE JUL 1   3108                      2853    255     3106

 COOLING
  YESTERDAY        0                         0      0        0
  MONTH TO DATE    0                         0      0        0
  SINCE DEC 1      0                         0      0        0
  SINCE JAN 1      0                         0      0        0
..................................................................


WIND (MPH)
  HIGHEST WIND SPEED    26   HIGHEST WIND DIRECTION     W (280)
  HIGHEST GUST SPEED    33   HIGHEST GUST DIRECTION     W (280)
  AVERAGE WIND SPEED    11.7


SKY COVER
  AVERAGE SKY COVER 0.8


WEATHER CONDITIONS
 THE FOLLOWING WEATHER WAS RECORDED YESTERDAY.
  LIGHT RAIN
  FOG


RELATIVE HUMIDITY (PERCENT)
 HIGHEST   100           100 AM
 LOWEST     65          1200 PM
 AVERAGE    83

..........................................................


THE INDIANAPOLIS IN CLIMATE NORMALS FOR TODAY
                         NORMAL    RECORD    YEAR
 MAXIMUM TEMPERATURE (F)   36        64      1964
                                             1887
 MINIMUM TEMPERATURE (F)   20       -17      1936


SUNRISE AND SUNSET
JANUARY 22 2015.......SUNRISE   801 AM EST   SUNSET   553 PM EST
JANUARY 23 2015.......SUNRISE   800 AM EST   SUNSET   554 PM EST


-  INDICATES NEGATIVE NUMBERS.
R  INDICATES RECORD WAS SET OR TIED.
MM INDICATES DATA IS MISSING.
T  INDICATES TRACE AMOUNT.




$$
