000
CDUS43 KIND 190532
CLIIND


CLIMATE REPORT
NATIONAL WEATHER SERVICE INDIANAPOLIS IN
132 AM EDT TUE MAY 19 2015


...................................

...THE INDIANAPOLIS IN CLIMATE SUMMARY FOR MAY 18 2015...

CLIMATE NORMAL PERIOD 1981 TO 2010
CLIMATE RECORD PERIOD 1871 TO 2015


WEATHER ITEM   OBSERVED TIME   RECORD YEAR NORMAL DEPARTURE LAST
                VALUE   (LST)  VALUE       VALUE  FROM      YEAR
                                                  NORMAL
..................................................................
TEMPERATURE (F)
 YESTERDAY
  MAXIMUM         79    450 PM  90    1962  73      6       63
  MINIMUM         62   1159 PM  35    1973  53      9       38
  AVERAGE         71                        63      8       51

PRECIPITATION (IN)
  YESTERDAY        T             2.36 1929   0.17  -0.17     0.00
  MONTH TO DATE    0.94                      2.95  -2.01     2.98
  SINCE MAR 1      8.47                     10.32  -1.85    10.75
  SINCE JAN 1     11.62                     15.30  -3.68    15.54

SNOWFALL (IN)
  YESTERDAY        0.0           0.0    MM   0.0    0.0      0.0
  MONTH TO DATE    0.0                       0.0    0.0       T
  SINCE MAR 1      5.9                       2.8    3.1      3.4
  SINCE JUL 1     25.6                      25.9   -0.3     55.7
  SNOW DEPTH       0

DEGREE DAYS
 HEATING
  YESTERDAY        0                         4     -4       14
  MONTH TO DATE   36                       103    -67      141
  SINCE MAR 1   1139                      1182    -43     1397
  SINCE JUL 1   5865                      5325    540     6194

 COOLING
  YESTERDAY        6                         2      4        0
  MONTH TO DATE   83                        26     57       31
  SINCE MAR 1     89                        41     48       35
  SINCE JAN 1     89                        41     48       35
..................................................................


WIND (MPH)
  HIGHEST WIND SPEED    18   HIGHEST WIND DIRECTION     W (260)
  HIGHEST GUST SPEED    22   HIGHEST GUST DIRECTION    SW (240)
  AVERAGE WIND SPEED    11.5


SKY COVER
  AVERAGE SKY COVER 0.9


WEATHER CONDITIONS
 THE FOLLOWING WEATHER WAS RECORDED YESTERDAY.
  THUNDERSTORM
  LIGHT RAIN


RELATIVE HUMIDITY (PERCENT)
 HIGHEST    84          1200 AM
 LOWEST     58          1100 PM
 AVERAGE    71

..........................................................


THE INDIANAPOLIS IN CLIMATE NORMALS FOR TODAY
                         NORMAL    RECORD    YEAR
 MAXIMUM TEMPERATURE (F)   74        90      1977
 MINIMUM TEMPERATURE (F)   54        32      2002


SUNRISE AND SUNSET
MAY 19 2015...........SUNRISE   627 AM EDT   SUNSET   856 PM EDT
MAY 20 2015...........SUNRISE   627 AM EDT   SUNSET   857 PM EDT


-  INDICATES NEGATIVE NUMBERS.
R  INDICATES RECORD WAS SET OR TIED.
MM INDICATES DATA IS MISSING.
T  INDICATES TRACE AMOUNT.




$$
