000
CDUS43 KIND 250546
CLIIND


CLIMATE REPORT
NATIONAL WEATHER SERVICE INDIANAPOLIS IN
1243 AM EST THU DEC 25 2014


...................................

...THE INDIANAPOLIS IN CLIMATE SUMMARY FOR DECEMBER 24 2014...

CLIMATE NORMAL PERIOD 1981 TO 2010
CLIMATE RECORD PERIOD 1871 TO 2014


WEATHER ITEM   OBSERVED TIME   RECORD YEAR NORMAL DEPARTURE LAST
                VALUE   (LST)  VALUE       VALUE  FROM      YEAR
                                                  NORMAL
..................................................................
TEMPERATURE (F)
 YESTERDAY
  MAXIMUM         45   1207 AM  68    1889  37      8       19
  MINIMUM         34   1159 PM -17    1983  22     12        5
  AVERAGE         40                        30     10       12

PRECIPITATION (IN)
  YESTERDAY        0.52          1.54 1964   0.10   0.42      T
  MONTH TO DATE    2.34                      2.45  -0.11     4.44
  SINCE DEC 1      2.34                      2.45  -0.11     4.44
  SINCE JAN 1     41.36                     41.72  -0.36    45.92

SNOWFALL (IN)
  YESTERDAY        T             5.9  2002   0.2   -0.2       T
  MONTH TO DATE    0.1                       4.9   -4.8      8.8
  SINCE DEC 1      0.1                       4.9   -4.8      8.8
  SINCE JUL 1      2.8                       6.0   -3.2      8.9
  SNOW DEPTH       0

DEGREE DAYS
 HEATING
  YESTERDAY       25                        36    -11       53
  MONTH TO DATE  732                       781    -49      837
  SINCE DEC 1    732                       781    -49      837
  SINCE JUL 1   2011                      1823    188     1981

 COOLING
  YESTERDAY        0                         0      0        0
  MONTH TO DATE    0                         0      0        0
  SINCE DEC 1      0                         0      0        0
  SINCE JAN 1    900                      1066   -166     1160
..................................................................


WIND (MPH)
  HIGHEST WIND SPEED    23   HIGHEST WIND DIRECTION     W (260)
  HIGHEST GUST SPEED    27   HIGHEST GUST DIRECTION     W (270)
  AVERAGE WIND SPEED    14.1


SKY COVER
  AVERAGE SKY COVER 1.0


WEATHER CONDITIONS
 THE FOLLOWING WEATHER WAS RECORDED YESTERDAY.
  RAIN
  LIGHT RAIN
  SNOW
  FOG


RELATIVE HUMIDITY (PERCENT)
 HIGHEST   100          1200 AM
 LOWEST     92           100 PM
 AVERAGE    96

..........................................................


THE INDIANAPOLIS IN CLIMATE NORMALS FOR TODAY
                         NORMAL    RECORD    YEAR
 MAXIMUM TEMPERATURE (F)   36        64      1893
 MINIMUM TEMPERATURE (F)   22       -15      1983


SUNRISE AND SUNSET
DECEMBER 25 2014......SUNRISE   804 AM EST   SUNSET   526 PM EST
DECEMBER 26 2014......SUNRISE   805 AM EST   SUNSET   527 PM EST


-  INDICATES NEGATIVE NUMBERS.
R  INDICATES RECORD WAS SET OR TIED.
MM INDICATES DATA IS MISSING.
T  INDICATES TRACE AMOUNT.




$$
