000
CDUS43 KIND 202335
CLIIND


CLIMATE REPORT
NATIONAL WEATHER SERVICE INDIANAPOLIS IN
735 PM EDT SUN JUL 20 2014


...................................

...THE INDIANAPOLIS IN CLIMATE SUMMARY FOR JULY 20 2014...
VALID AS OF 0700 PM LOCAL TIME.

CLIMATE NORMAL PERIOD 1981 TO 2010
CLIMATE RECORD PERIOD 1871 TO 2014


WEATHER ITEM   OBSERVED TIME   RECORD YEAR NORMAL DEPARTURE LAST
                VALUE   (LST)  VALUE       VALUE  FROM      YEAR
                                                  NORMAL
..................................................................
TEMPERATURE (F)
 TODAY
  MAXIMUM         81    410 PM 103    1934  85     -4       83
  MINIMUM         60    520 AM  49    1947  66     -6       69
  AVERAGE         71                        75     -4       76

PRECIPITATION (IN)
  TODAY            0.00          4.00 1969   0.13  -0.13     0.89
  MONTH TO DATE    0.94                      3.11  -2.17     2.14
  SINCE JUN 1      7.98                      7.36   0.62     5.80
  SINCE JAN 1     25.41                     24.76   0.65    27.63

SNOWFALL (IN)
  TODAY            0.0           0.0    MM   0.0    0.0      0.0
  MONTH TO DATE    0.0                       0.0    0.0      0.0
  SINCE JUN 1      0.0                       0.0    0.0      0.0
  SINCE JUL 1      0.0                       0.0    0.0      0.0
  SNOW DEPTH       0

..................................................................


WIND (MPH)
  HIGHEST WIND SPEED     8   HIGHEST WIND DIRECTION     W (280)
  HIGHEST GUST SPEED    10   HIGHEST GUST DIRECTION    SE (150)
  AVERAGE WIND SPEED     3.0


SKY COVER
  AVERAGE SKY COVER 0.6


WEATHER CONDITIONS
 THE FOLLOWING WEATHER WAS RECORDED TODAY.
  FOG


RELATIVE HUMIDITY (PERCENT)
 HIGHEST    97           600 AM
 LOWEST     48           200 PM

..........................................................


THE INDIANAPOLIS IN CLIMATE NORMALS FOR TOMORROW
                         NORMAL    RECORD    YEAR
 MAXIMUM TEMPERATURE (F)   85       106      1934
 MINIMUM TEMPERATURE (F)   66        46      1944


SUNRISE AND SUNSET
JULY 20 2014..........SUNRISE   634 AM EDT   SUNSET   909 PM EDT
JULY 21 2014..........SUNRISE   634 AM EDT   SUNSET   908 PM EDT


-  INDICATES NEGATIVE NUMBERS.
R  INDICATES RECORD WAS SET OR TIED.
MM INDICATES DATA IS MISSING.
T  INDICATES TRACE AMOUNT.




$$
