000
CDUS43 KIND 172333
CLIIND


CLIMATE REPORT
NATIONAL WEATHER SERVICE INDIANAPOLIS IN
733 PM EDT SUN AUG 17 2014


...................................

...THE INDIANAPOLIS IN CLIMATE SUMMARY FOR AUGUST 17 2014...
VALID AS OF 0700 PM LOCAL TIME.

CLIMATE NORMAL PERIOD 1981 TO 2010
CLIMATE RECORD PERIOD 1871 TO 2014


WEATHER ITEM   OBSERVED TIME   RECORD YEAR NORMAL DEPARTURE LAST
                VALUE   (LST)  VALUE       VALUE  FROM      YEAR
                                                  NORMAL
..................................................................
TEMPERATURE (F)
 TODAY
  MAXIMUM         81    251 PM  99    1988  84     -3       81
  MINIMUM         65    133 AM  52    1963  65      0       60
  AVERAGE         73                        74     -1       71

PRECIPITATION (IN)
  TODAY            0.03          3.18 1935   0.11  -0.08     0.00
  MONTH TO DATE    0.39                      1.71  -1.32     0.85
  SINCE JUN 1     10.53                     10.51   0.02     7.80
  SINCE JAN 1     27.96                     27.91   0.05    29.63

SNOWFALL (IN)
  TODAY            0.0           T    2000   0.0    0.0      0.0
  MONTH TO DATE    0.0                       0.0    0.0      0.0
  SINCE JUN 1      0.0                       0.0    0.0      0.0
  SINCE JUL 1      0.0                       0.0    0.0      0.0
  SNOW DEPTH       0

..................................................................


WIND (MPH)
  HIGHEST WIND SPEED    17   HIGHEST WIND DIRECTION     E (110)
  HIGHEST GUST SPEED    21   HIGHEST GUST DIRECTION     E (110)
  AVERAGE WIND SPEED     8.6


SKY COVER
  AVERAGE SKY COVER 1.0


WEATHER CONDITIONS
 THE FOLLOWING WEATHER WAS RECORDED TODAY.
  LIGHT RAIN
  FOG


RELATIVE HUMIDITY (PERCENT)
 HIGHEST    93           200 AM
 LOWEST     62           200 PM

..........................................................


THE INDIANAPOLIS IN CLIMATE NORMALS FOR TOMORROW
                         NORMAL    RECORD    YEAR
 MAXIMUM TEMPERATURE (F)   84        98      1936
 MINIMUM TEMPERATURE (F)   65        48      1963


SUNRISE AND SUNSET
AUGUST 17 2014........SUNRISE   659 AM EDT   SUNSET   839 PM EDT
AUGUST 18 2014........SUNRISE   700 AM EDT   SUNSET   837 PM EDT


-  INDICATES NEGATIVE NUMBERS.
R  INDICATES RECORD WAS SET OR TIED.
MM INDICATES DATA IS MISSING.
T  INDICATES TRACE AMOUNT.




$$
