000
CDUS43 KIND 262335
CLIIND


CLIMATE REPORT
NATIONAL WEATHER SERVICE INDIANAPOLIS IN
735 PM EDT SAT JUL 26 2014


...................................

...THE INDIANAPOLIS IN CLIMATE SUMMARY FOR JULY 26 2014...
VALID AS OF 0700 PM LOCAL TIME.

CLIMATE NORMAL PERIOD 1981 TO 2010
CLIMATE RECORD PERIOD 1871 TO 2014


WEATHER ITEM   OBSERVED TIME   RECORD YEAR NORMAL DEPARTURE LAST
                VALUE   (LST)  VALUE       VALUE  FROM      YEAR
                                                  NORMAL
..................................................................
TEMPERATURE (F)
 TODAY
  MAXIMUM         82    403 PM  98    1941  85     -3       79
                                      1936
                                      1934
  MINIMUM         67    806 AM  51    1911  66      1       60
  AVERAGE         75                        75      0       70

PRECIPITATION (IN)
  TODAY            T             2.41 1984   0.13  -0.13     0.06
  MONTH TO DATE    2.55                      3.93  -1.38     2.67
  SINCE JUN 1      9.59                      8.18   1.41     6.33
  SINCE JAN 1     27.02                     25.58   1.44    28.16

SNOWFALL (IN)
  TODAY            0.0           0.0    MM   0.0    0.0      0.0
  MONTH TO DATE    0.0                       0.0    0.0      0.0
  SINCE JUN 1      0.0                       0.0    0.0      0.0
  SINCE JUL 1      0.0                       0.0    0.0      0.0
  SNOW DEPTH       0

..................................................................


WIND (MPH)
  HIGHEST WIND SPEED    16   HIGHEST WIND DIRECTION     S (190)
  HIGHEST GUST SPEED    21   HIGHEST GUST DIRECTION    SW (210)
  AVERAGE WIND SPEED     8.9


SKY COVER
  AVERAGE SKY COVER 0.9


WEATHER CONDITIONS
 THE FOLLOWING WEATHER WAS RECORDED TODAY.
  THUNDERSTORM
  LIGHT RAIN


RELATIVE HUMIDITY (PERCENT)
 HIGHEST    87           800 AM
 LOWEST     69           100 PM

..........................................................


THE INDIANAPOLIS IN CLIMATE NORMALS FOR TOMORROW
                         NORMAL    RECORD    YEAR
 MAXIMUM TEMPERATURE (F)   85       100      1916
 MINIMUM TEMPERATURE (F)   66        51      1962


SUNRISE AND SUNSET
JULY 26 2014..........SUNRISE   639 AM EDT   SUNSET   904 PM EDT
JULY 27 2014..........SUNRISE   640 AM EDT   SUNSET   903 PM EDT


-  INDICATES NEGATIVE NUMBERS.
R  INDICATES RECORD WAS SET OR TIED.
MM INDICATES DATA IS MISSING.
T  INDICATES TRACE AMOUNT.




$$
