000
CDUS43 KIND 300544
CLIIND


CLIMATE REPORT
NATIONAL WEATHER SERVICE INDIANAPOLIS IN
1244 AM EST WED NOV 30 2016


...................................

...THE INDIANAPOLIS IN CLIMATE SUMMARY FOR NOVEMBER 29 2016...

CLIMATE NORMAL PERIOD 1981 TO 2010
CLIMATE RECORD PERIOD 1871 TO 2016


WEATHER ITEM   OBSERVED TIME   RECORD YEAR NORMAL DEPARTURE LAST
                VALUE   (LST)  VALUE       VALUE  FROM      YEAR
                                                  NORMAL
..................................................................
TEMPERATURE (F)
 YESTERDAY
  MAXIMUM         61    322 PM  70    1927  45     16       42
  MINIMUM         48    631 AM  -1    1872  30     18       36
  AVERAGE         55                        37     18       39

PRECIPITATION (IN)
  YESTERDAY        0.00          1.00 1919   0.12  -0.12      T
  MONTH TO DATE    2.77                      3.58  -0.81     2.86
  SINCE SEP 1      9.40                      9.82  -0.42     6.38
  SINCE JAN 1     44.42                     39.15   5.27    42.56

SNOWFALL (IN)
  YESTERDAY        0.0           1.6  1942   0.0    0.0      0.0
  MONTH TO DATE    T                         0.6   -0.6      1.3
  SINCE SEP 1      T                         1.0   -1.0      1.3
  SINCE JUL 1      T                         1.0   -1.0      1.3
  SNOW DEPTH       0

DEGREE DAYS
 HEATING
  YESTERDAY       10                        28    -18       26
  MONTH TO DATE  484                       613   -129      486
  SINCE SEP 1    672                      1010   -338      763
  SINCE JUL 1    674                      1014   -340      765

 COOLING
  YESTERDAY        0                         0      0        0
  MONTH TO DATE    5                         0      5        4
  SINCE SEP 1    263                       144    119      209
  SINCE JAN 1   1443                      1065    378     1164
..................................................................


WIND (MPH)
  HIGHEST WIND SPEED    25   HIGHEST WIND DIRECTION    SW (220)
  HIGHEST GUST SPEED    31   HIGHEST GUST DIRECTION    SW (220)
  AVERAGE WIND SPEED    12.4


SKY COVER
  AVERAGE SKY COVER 0.8


WEATHER CONDITIONS
 THE FOLLOWING WEATHER WAS RECORDED YESTERDAY.
  NO SIGNIFICANT WEATHER WAS OBSERVED.


RELATIVE HUMIDITY (PERCENT)
 HIGHEST    93           500 AM
 LOWEST     51           400 PM
 AVERAGE    72

..........................................................


THE INDIANAPOLIS IN CLIMATE NORMALS FOR TODAY
                         NORMAL    RECORD    YEAR
 MAXIMUM TEMPERATURE (F)   45        68      1927
 MINIMUM TEMPERATURE (F)   29        -2      1958
                                             1874


SUNRISE AND SUNSET
NOVEMBER 30 2016......SUNRISE   746 AM EST   SUNSET   521 PM EST
DECEMBER  1 2016......SUNRISE   747 AM EST   SUNSET   521 PM EST


-  INDICATES NEGATIVE NUMBERS.
R  INDICATES RECORD WAS SET OR TIED.
MM INDICATES DATA IS MISSING.
T  INDICATES TRACE AMOUNT.




$$
