000
CDUS43 KIND 142131
CLIIND


CLIMATE REPORT
NATIONAL WEATHER SERVICE INDIANAPOLIS IN
431 PM EST TUE NOV 14 2017


...................................

...THE INDIANAPOLIS IN CLIMATE SUMMARY FOR NOVEMBER 14 2017...
VALID TODAY AS OF 0400 PM LOCAL TIME.

CLIMATE NORMAL PERIOD 1981 TO 2010
CLIMATE RECORD PERIOD 1871 TO 2017


WEATHER ITEM   OBSERVED TIME   RECORD YEAR NORMAL DEPARTURE LAST
                VALUE   (LST)  VALUE       VALUE  FROM      YEAR
                                                  NORMAL
..................................................................
TEMPERATURE (F)
 TODAY
  MAXIMUM         51    337 PM  76    1971  53     -2       60
  MINIMUM         32    302 AM  11    1986  36     -4       31
  AVERAGE         42                        44     -2       46

PRECIPITATION (IN)
  TODAY            0.00          4.15 1993   0.14  -0.14     0.00
  MONTH TO DATE    2.32                      1.66   0.66     0.11
  SINCE SEP 1      5.93                      7.90  -1.97     6.74
  SINCE JAN 1     44.69                     37.23   7.46    41.76

SNOWFALL (IN)
  TODAY            0.0           0.6  1916   0.0    0.0      0.0
  MONTH TO DATE    T                         0.2   -0.2      0.0
  SINCE SEP 1      T                         0.6   -0.6       T
  SINCE JUL 1      T                         0.6   -0.6       T
  SNOW DEPTH       0

..................................................................


WIND (MPH)
  HIGHEST WIND SPEED    15   HIGHEST WIND DIRECTION    SE (140)
  HIGHEST GUST SPEED    18   HIGHEST GUST DIRECTION    SE (130)
  AVERAGE WIND SPEED     6.6


SKY COVER
  AVERAGE SKY COVER 0.4


WEATHER CONDITIONS
 THE FOLLOWING WEATHER WAS RECORDED TODAY.
  FOG


RELATIVE HUMIDITY (PERCENT)
 HIGHEST   100           100 AM
 LOWEST     52           400 PM

..........................................................


THE INDIANAPOLIS IN CLIMATE NORMALS FOR TOMORROW
                         NORMAL    RECORD    YEAR
 MAXIMUM TEMPERATURE (F)   53        74      1971
 MINIMUM TEMPERATURE (F)   36        12      1933


SUNRISE AND SUNSET
NOVEMBER 14 2017......SUNRISE   729 AM EST   SUNSET   530 PM EST
NOVEMBER 15 2017......SUNRISE   730 AM EST   SUNSET   529 PM EST


-  INDICATES NEGATIVE NUMBERS.
R  INDICATES RECORD WAS SET OR TIED.
MM INDICATES DATA IS MISSING.
T  INDICATES TRACE AMOUNT.




$$
