000
CDUS43 KIND 190000
CLIIND


CLIMATE REPORT
NATIONAL WEATHER SERVICE INDIANAPOLIS IN
800 PM EDT THU MAY 18 2017


...................................

...THE INDIANAPOLIS IN CLIMATE SUMMARY FOR MAY 18 2017...
VALID AS OF 0700 PM LOCAL TIME.

CLIMATE NORMAL PERIOD 1981 TO 2010
CLIMATE RECORD PERIOD 1871 TO 2017


WEATHER ITEM   OBSERVED TIME   RECORD YEAR NORMAL DEPARTURE LAST
                VALUE   (LST)  VALUE       VALUE  FROM      YEAR
                                                  NORMAL
..................................................................
TEMPERATURE (F)
 TODAY
  MAXIMUM         85    346 PM  90    1962  73     12       69
  MINIMUM         71    615 AM  35    1973  53     18       52
  AVERAGE         78                        63     15       61

PRECIPITATION (IN)
  TODAY            0.00          2.36 1929   0.17  -0.17      T
  MONTH TO DATE    4.66                      2.95   1.71     3.21
  SINCE MAR 1     14.98                     10.32   4.66    13.27
  SINCE JAN 1     20.43                     15.30   5.13    16.98

SNOWFALL (IN)
  TODAY            0.0           0.0    MM   0.0    0.0      0.0
  MONTH TO DATE    0.0                       0.0    0.0       T
  SINCE MAR 1      1.0                       2.8   -1.8      1.2
  SINCE JUL 1      9.7                      25.9  -16.2     13.3
  SNOW DEPTH       0

..................................................................


WIND (MPH)
  HIGHEST WIND SPEED    25   HIGHEST WIND DIRECTION     S (200)
  HIGHEST GUST SPEED    32   HIGHEST GUST DIRECTION    SW (220)
  AVERAGE WIND SPEED    16.4


SKY COVER
  AVERAGE SKY COVER 0.6


WEATHER CONDITIONS
 THE FOLLOWING WEATHER WAS RECORDED TODAY.
  NO SIGNIFICANT WEATHER WAS OBSERVED.


RELATIVE HUMIDITY (PERCENT)
 HIGHEST    73           700 AM
 LOWEST     48           300 PM

..........................................................


THE INDIANAPOLIS IN CLIMATE NORMALS FOR TOMORROW
                         NORMAL    RECORD    YEAR
 MAXIMUM TEMPERATURE (F)   74        90      1977
 MINIMUM TEMPERATURE (F)   54        32      2002


SUNRISE AND SUNSET
MAY 18 2017...........SUNRISE   628 AM EDT   SUNSET   856 PM EDT
MAY 19 2017...........SUNRISE   627 AM EDT   SUNSET   857 PM EDT


-  INDICATES NEGATIVE NUMBERS.
R  INDICATES RECORD WAS SET OR TIED.
MM INDICATES DATA IS MISSING.
T  INDICATES TRACE AMOUNT.




$$
