000
CDUS43 KIND 270540
CLIIND


CLIMATE REPORT
NATIONAL WEATHER SERVICE INDIANAPOLIS IN
135 AM EDT MON JUL 27 2015


...................................

...THE INDIANAPOLIS IN CLIMATE SUMMARY FOR JULY 26 2015...

CLIMATE NORMAL PERIOD 1981 TO 2010
CLIMATE RECORD PERIOD 1871 TO 2015


WEATHER ITEM   OBSERVED TIME   RECORD YEAR NORMAL DEPARTURE LAST
                VALUE   (LST)  VALUE       VALUE  FROM      YEAR
                                                  NORMAL
..................................................................
TEMPERATURE (F)
 YESTERDAY
  MAXIMUM         88    151 PM  98    1941  85      3       82
                                      1936
                                      1934
  MINIMUM         71   1159 PM  51    1911  66      5       67
  AVERAGE         80                        75      5       75

PRECIPITATION (IN)
  YESTERDAY        1.25          2.41 1984   0.13   1.12     0.10
  MONTH TO DATE   13.13                      3.93   9.20     2.65
  SINCE JUN 1     21.49                      8.18  13.31     9.69
  SINCE JAN 1     34.62                     25.58   9.04    27.12

SNOWFALL (IN)
  YESTERDAY        0.0           0.0    MM   0.0    0.0      0.0
  MONTH TO DATE    0.0                       0.0    0.0      0.0
  SINCE JUN 1      T                         0.0    0.0      0.0
  SINCE JUL 1      0.0                       0.0    0.0      0.0
  SNOW DEPTH       0

DEGREE DAYS
 HEATING
  YESTERDAY        0                         0      0        0
  MONTH TO DATE    0                         0      0        3
  SINCE JUN 1     16                        16      0        5
  SINCE JUL 1      0                         0      0        3

 COOLING
  YESTERDAY       15                        10      5       10
  MONTH TO DATE  233                       275    -42      153
  SINCE JUN 1    484                       501    -17      391
  SINCE JAN 1    632                       585     47      495
..................................................................


WIND (MPH)
  HIGHEST WIND SPEED    22   HIGHEST WIND DIRECTION     N (360)
  HIGHEST GUST SPEED    28   HIGHEST GUST DIRECTION     N (10)
  AVERAGE WIND SPEED     7.2


SKY COVER
  AVERAGE SKY COVER 0.8


WEATHER CONDITIONS
 THE FOLLOWING WEATHER WAS RECORDED YESTERDAY.
  THUNDERSTORM
  HEAVY RAIN
  RAIN
  LIGHT RAIN
  FOG
  HAZE


RELATIVE HUMIDITY (PERCENT)
 HIGHEST    93           900 PM
 LOWEST     55           200 PM
 AVERAGE    74

..........................................................


THE INDIANAPOLIS IN CLIMATE NORMALS FOR TODAY
                         NORMAL    RECORD    YEAR
 MAXIMUM TEMPERATURE (F)   85       100      1916
 MINIMUM TEMPERATURE (F)   66        51      1962


SUNRISE AND SUNSET
JULY 27 2015..........SUNRISE   639 AM EDT   SUNSET   903 PM EDT
JULY 28 2015..........SUNRISE   640 AM EDT   SUNSET   902 PM EDT


-  INDICATES NEGATIVE NUMBERS.
R  INDICATES RECORD WAS SET OR TIED.
MM INDICATES DATA IS MISSING.
T  INDICATES TRACE AMOUNT.




$$
