195
CDUS43 KIND 122133
CLIIND


CLIMATE REPORT
NATIONAL WEATHER SERVICE INDIANAPOLIS IN
433 PM EST THU JAN 12 2017


...................................

...THE INDIANAPOLIS IN CLIMATE SUMMARY FOR JANUARY 12 2017...
VALID TODAY AS OF 0400 PM LOCAL TIME.

CLIMATE NORMAL PERIOD 1981 TO 2010
CLIMATE RECORD PERIOD 1871 TO 2017


WEATHER ITEM   OBSERVED TIME   RECORD YEAR NORMAL DEPARTURE LAST
                VALUE   (LST)  VALUE       VALUE  FROM      YEAR
                                                  NORMAL
..................................................................
TEMPERATURE (F)
 TODAY
  MAXIMUM         65    352 AM  69    1890  35     30       31
  MINIMUM         37    350 PM -19    1918  20     17        5
  AVERAGE         51                        28     23       18

PRECIPITATION (IN)
  TODAY            0.61          1.28 2013   0.09   0.52     0.04
  MONTH TO DATE    2.07                      1.13   0.94     1.13
  SINCE DEC 1      3.59                      4.30  -0.71     6.72
  SINCE JAN 1      2.07                      1.13   0.94     1.13

SNOWFALL (IN)
  TODAY            0.0           6.9  1964   0.3   -0.3      1.6
  MONTH TO DATE    1.2                       3.2   -2.0      3.4
  SINCE DEC 1      6.1                      10.1   -4.0      4.0
  SINCE JUL 1      6.1                      11.2   -5.1      5.3
  SNOW DEPTH       0

..................................................................


WIND (MPH)
  HIGHEST WIND SPEED    37   HIGHEST WIND DIRECTION    SW (230)
  HIGHEST GUST SPEED    51   HIGHEST GUST DIRECTION    SW (230)
  AVERAGE WIND SPEED    19.1


SKY COVER
  AVERAGE SKY COVER 1.0


WEATHER CONDITIONS
 THE FOLLOWING WEATHER WAS RECORDED TODAY.
  THUNDERSTORM
  HEAVY RAIN
  RAIN
  LIGHT RAIN
  FOG


RELATIVE HUMIDITY (PERCENT)
 HIGHEST    92           100 PM
 LOWEST     73           100 AM

..........................................................


THE INDIANAPOLIS IN CLIMATE NORMALS FOR TOMORROW
                         NORMAL    RECORD    YEAR
 MAXIMUM TEMPERATURE (F)   35        64      1995
                                             1950
 MINIMUM TEMPERATURE (F)   20       -10      1997


SUNRISE AND SUNSET
JANUARY 12 2017.......SUNRISE   805 AM EST   SUNSET   542 PM EST
JANUARY 13 2017.......SUNRISE   805 AM EST   SUNSET   543 PM EST


-  INDICATES NEGATIVE NUMBERS.
R  INDICATES RECORD WAS SET OR TIED.
MM INDICATES DATA IS MISSING.
T  INDICATES TRACE AMOUNT.




$$
