868
CDUS43 KIND 210532
CLIIND


CLIMATE REPORT
NATIONAL WEATHER SERVICE INDIANAPOLIS IN
132 AM EDT THU JUL 21 2016


...................................

...THE INDIANAPOLIS IN CLIMATE SUMMARY FOR JULY 20 2016...

CLIMATE NORMAL PERIOD 1981 TO 2010
CLIMATE RECORD PERIOD 1871 TO 2016


WEATHER ITEM   OBSERVED TIME   RECORD YEAR NORMAL DEPARTURE LAST
                VALUE   (LST)  VALUE       VALUE  FROM      YEAR
                                                  NORMAL
..................................................................
TEMPERATURE (F)
 YESTERDAY
  MAXIMUM         87    442 PM 103    1934  85      2       86
  MINIMUM         71    537 AM  49    1947  66      5       70
  AVERAGE         79                        75      4       78

PRECIPITATION (IN)
  YESTERDAY        0.04          4.00 1969   0.13  -0.09     0.27
  MONTH TO DATE    5.37                      3.11   2.26    11.88
  SINCE JUN 1      9.90                      7.36   2.54    20.24
  SINCE JAN 1     27.41                     24.76   2.65    33.37

SNOWFALL (IN)
  YESTERDAY        0.0           0.0    MM   0.0    0.0      0.0
  MONTH TO DATE    0.0                       0.0    0.0      0.0
  SINCE JUN 1      0.0                       0.0    0.0       T
  SINCE JUL 1      0.0                       0.0    0.0      0.0
  SNOW DEPTH       0

DEGREE DAYS
 HEATING
  YESTERDAY        0                         0      0        0
  MONTH TO DATE    2                         0      2        0
  SINCE JUN 1      3                        16    -13       16
  SINCE JUL 1      2                         0      2        0

 COOLING
  YESTERDAY       14                        10      4       13
  MONTH TO DATE  199                       215    -16      170
  SINCE JUN 1    494                       441     53      421
  SINCE JAN 1    595                       525     70      569
..................................................................


WIND (MPH)
  HIGHEST WIND SPEED    18   HIGHEST WIND DIRECTION    SW (240)
  HIGHEST GUST SPEED    24   HIGHEST GUST DIRECTION    SW (240)
  AVERAGE WIND SPEED     5.8


SKY COVER
  AVERAGE SKY COVER 0.7


WEATHER CONDITIONS
 THE FOLLOWING WEATHER WAS RECORDED YESTERDAY.
  LIGHT RAIN


RELATIVE HUMIDITY (PERCENT)
 HIGHEST    87           400 AM
 LOWEST     61           400 PM
 AVERAGE    74

..........................................................


THE INDIANAPOLIS IN CLIMATE NORMALS FOR TODAY
                         NORMAL    RECORD    YEAR
 MAXIMUM TEMPERATURE (F)   85       106      1934
 MINIMUM TEMPERATURE (F)   66        46      1944


SUNRISE AND SUNSET
JULY 21 2016..........SUNRISE   635 AM EDT   SUNSET   908 PM EDT
JULY 22 2016..........SUNRISE   636 AM EDT   SUNSET   907 PM EDT


-  INDICATES NEGATIVE NUMBERS.
R  INDICATES RECORD WAS SET OR TIED.
MM INDICATES DATA IS MISSING.
T  INDICATES TRACE AMOUNT.




$$
