000
CXUS53 KIND 011516
CLMIND
CLIMATE REPORT
NATIONAL WEATHER SERVICE INDIANAPOLIS IN
1116 AM EDT TUE AUG 01 2023
...................................
...THE INDIANAPOLIS IN CLIMATE SUMMARY FOR THE MONTH OF JULY 2023...
CLIMATE NORMAL PERIOD 1991 TO 2020
CLIMATE RECORD PERIOD 1871 TO 2023
WEATHER OBSERVED NORMAL DEPART LAST YEAR`S
VALUE DATE(S) VALUE FROM VALUE DATE(S)
NORMAL
................................................................
TEMPERATURE (F)
RECORD
HIGH 106 07/14/1936
07/21/1934
07/22/1901
LOW 46 07/23/1947
07/21/1944
HIGHEST 91 07/28 99 07/05
LOWEST 60 07/09 60 07/30
AVG. MAXIMUM 85.4 85.2 0.2 87.1
AVG. MINIMUM 66.7 66.4 0.3 69.0
MEAN 76.0 75.8 0.2 78.0
DAYS MAX >= 90 3 7.4 -4.4 9
DAYS MAX <= 32 0 0.0 0.0 0
DAYS MIN <= 32 0 0.0 0.0 0
DAYS MIN <= 0 0 0.0 0.0 0
PRECIPITATION (INCHES)
RECORD
MAXIMUM 13.14 2015
MINIMUM 0.47 2011
TOTALS 6.06 4.42 1.64 3.10
DAILY AVG. 0.20 0.14 0.06 0.10
DAYS >= .01 13 10.3 2.7 11
DAYS >= .10 12 6.6 5.4 7
DAYS >= .50 5 2.7 2.3 3
DAYS >= 1.00 1 1.3 -0.3 0
GREATEST
24 HR. TOTAL 1.59 07/08 TO 07/08
SNOWFALL (INCHES)
RECORDS
TOTAL T 2015
SNOW DEPTH MM MM
TOTALS 0.0 0.0 0.0 0.0
SINCE 7/1 0.0 0.0 0.0 MM
SNOWDEPTH AVG. 0
DAYS >= 1.0 0 0.0 0.0 0
GREATEST
SNOW DEPTH 0 0 MM
24 HR TOTAL MM MM
DEGREE DAYS
HEATING TOTAL 0 1 -1 0
SINCE 7/1 0 0 0 MM
COOLING TOTAL 353 336 17 410
SINCE 1/1 674 675 -1 MM
................................................................
WIND (MPH)
AVERAGE WIND SPEED 7.8
HIGHEST WIND SPEED/DIRECTION 44/340 DATE 07/29
HIGHEST GUST SPEED/DIRECTION 63/270 DATE 07/02
SKY COVER
AVERAGE SKY COVER 0.54
AVERAGE RH (PERCENT) 72
WEATHER CONDITIONS. NUMBER OF DAYS WITH
THUNDERSTORM 15 MIXED PRECIP 0
HEAVY RAIN 6 RAIN 6
LIGHT RAIN 18 FREEZING RAIN 0
LT FREEZING RAIN 0 HAIL 0
HEAVY SNOW 0 SNOW 0
LIGHT SNOW 0 SLEET 0
FOG 16 FOG W/VIS <= 1/4 MILE 0
HAZE 5
- INDICATES NEGATIVE NUMBERS.
R INDICATES RECORD WAS SET OR TIED.
MM INDICATES DATA IS MISSING.
T INDICATES TRACE AMOUNT.
$$