000
CXUS54 KMAF 011110
CF6INK
PRELIMINARY LOCAL CLIMATOLOGICAL DATA (WS FORM: F-6)
STATION: WINK
MONTH: MARCH
YEAR: 2020
LATITUDE: 31 46 N
LONGITUDE: 103 12 W
TEMPERATURE IN F: :PCPN: SNOW: WIND :SUNSHINE: SKY :PK WND
================================================================================
1 2 3 4 5 6A 6B 7 8 9 10 11 12 13 14 15 16 17 18
12Z AVG MX 2MIN
DY MAX MIN AVG DEP HDD CDD WTR SNW DPTH SPD SPD DIR MIN PSBL S-S WX SPD DR
================================================================================
1 73 44 59 6 6 0 0.00 M M 10.5 26 270 M M 0 33 270
2 74 53 64 11 1 0 0.00 0.0 0 7.4 18 200 M M 0 23 240
3 61 51 56 2 9 0 0.99 0.0 0 7.8 23 90 M M 10 27 200
4 54 40 47 -7 18 0 0.56 0.0 0 11.7 35 30 M M 7 1 43 30
5 72 33 53 -1 12 0 0.00 M M 6.0 16 40 M M 1 12 20 20
6 69 42 56 2 9 0 0.00 M M 10.9 28 140 M M 0 34 130
7 75 47 61 7 4 0 0.00 M M 14.8 24 130 M M 0 29 150
8 66 52 59 4 6 0 0.03 M M 17.4 26 130 M M 6 1 34 130
9 75 50 63 8 2 0 0.01 M M 7.6 20 250 M M 2 23 270
10 80 50 65 10 0 0 0.00 M M 6.9 16 160 M M 2 128 23 180
11 85 51 68 12 0 3 0.00 M M 5.3 14 260 M M 3 12 20 270
12 80 60 70 14 0 5 0.17 M M 8.8 20 20 M M 4 13 23 20
13 69 56 63 7 2 0 0.06 0.0 0 9.3 22 260 M M 6 13 40 270
14 77 55 66 10 0 1 0.00 0.0 0 7.1 16 110 M M 4 12 20 90
15 60 52 56 0 9 0 T M M 12.8 24 100 M M 10 13 28 100
16 76 49 63 6 2 0 0.00 M M 6.1 14 120 M M 5 1 18 30
17 74 58 66 9 0 1 0.00 M M 8.6 18 250 M M 5 1 24 240
18 80 52 66 9 0 1 0.02 M M 7.1 31 190 M M 5 12 36 190
19 73 53 63 5 2 0 0.00 M M 15.3 30 290 M M 1 8 37 290
20 64 43 54 -4 11 0 0.00 M M 11.2 22 30 M M 0 8 28 40
21 48 42 45 -13 20 0 0.00 M M 9.1 16 70 M M 8 18 20 100
22 78 46 62 4 3 0 0.00 M M 5.8 12 130 M M 5 1 17 210
23 89 44 67 8 0 2 0.00 M M 7.2 21 270 M M 1 12 26 260
24 83 50 67 8 0 2 0.00 M M 9.7 21 260 M M 0 25 270
25 92 49 71 12 0 6 0.00 M M 12.4 28 250 M M 0 34 260
26 97 50 74 15 0 9 0.00 M M 8.2 24 270 M M 0 33 240
27 81 57 69 9 0 4 0.00 M M 13.6 31 280 M M 1 40 290
28 71 41 56 -4 9 0 0.00 M M 11.6 24 280 M M 0 33 270
29 76 37 57 -3 8 0 0.00 M M 10.5 23 140 M M 0 31 140
30 81 54 68 8 0 3 0.00 M M 13.4 37 270 M M 0 45 270
31 80 39 60 -1 5 0 0.00 M M 6.7 13 300 M M 0 18 180
================================================================================
SM 2313 1500 138 37 1.84 0.0 300.8 M 86
================================================================================
AV 74.6 48.4 9.7 FASTST M M 3 MAX(MPH)
MISC ----> 37 270 45 270
================================================================================
NOTES:
# LAST OF SEVERAL OCCURRENCES
COLUMN 17 PEAK WIND IN M.P.H.
PRELIMINARY LOCAL CLIMATOLOGICAL DATA (WS FORM: F-6) , PAGE 2
STATION: WINK
MONTH: MARCH
YEAR: 2020
LATITUDE: 31 46 N
LONGITUDE: 103 12 W
[TEMPERATURE DATA] [PRECIPITATION DATA] SYMBOLS USED IN COLUMN 16
AVERAGE MONTHLY: 61.5 TOTAL FOR MONTH: 1.84 1 = FOG OR MIST
DPTR FM NORMAL: 4.7 DPTR FM NORMAL: 1.09 2 = FOG REDUCING VISIBILITY
HIGHEST: 97 ON 26 GRTST 24HR 0.99 ON 3- 3 TO 1/4 MILE OR LESS
LOWEST: 33 ON 5 3 = THUNDER
SNOW, ICE PELLETS, HAIL 4 = ICE PELLETS
TOTAL MONTH: 0.0 INCH 5 = HAIL
GRTST 24HR 0.0 6 = FREEZING RAIN OR DRIZZLE
GRTST DEPTH: 0 7 = DUSTSTORM OR SANDSTORM:
VSBY 1/2 MILE OR LESS
8 = SMOKE OR HAZE
[NO. OF DAYS WITH] [WEATHER - DAYS WITH] 9 = BLOWING SNOW
X = TORNADO
MAX 32 OR BELOW: 0 0.01 INCH OR MORE: 7
MAX 90 OR ABOVE: 2 0.10 INCH OR MORE: 3
MIN 32 OR BELOW: 0 0.50 INCH OR MORE: 2
MIN 0 OR BELOW: 0 1.00 INCH OR MORE: 0
[HDD (BASE 65) ]
TOTAL THIS MO. 138 CLEAR (SCALE 0-3) 19
DPTR FM NORMAL -135 PTCLDY (SCALE 4-7) 9
TOTAL FM JUL 1 2198 CLOUDY (SCALE 8-10) 3
DPTR FM NORMAL -215
[CDD (BASE 65) ]
TOTAL THIS MO. 37
DPTR FM NORMAL 18 [PRESSURE DATA]
TOTAL FM JAN 1 37 HIGHEST SLP 30.45 ON 6
DPTR FM NORMAL 17 LOWEST SLP 29.56 ON 27
[REMARKS]
#FINAL-03-20#