000
CXUS55 KPSR 011005
CF6IPL
PRELIMINARY LOCAL CLIMATOLOGICAL DATA (WS FORM: F-6)
STATION: IMPERIAL CA
MONTH: SEPTEMBER
YEAR: 2020
LATITUDE: 32 50 N
LONGITUDE: 115 35 W
TEMPERATURE IN F: :PCPN: SNOW: WIND :SUNSHINE: SKY :PK WND
================================================================================
1 2 3 4 5 6A 6B 7 8 9 10 11 12 13 14 15 16 17 18
12Z AVG MX 2MIN
DY MAX MIN AVG DEP HDD CDD WTR SNW DPTH SPD SPD DIR MIN PSBL S-S WX SPD DR
================================================================================
1 108 81 95 4 0 30 0.00 M M 5.8 17 140 M M 3 22 140
2 107 83 95 5 0 30 0.00 M M 4.6 15 140 M M 2 17 140
3 109 78 94 4 0 29 0.00 M M 3.9 9 20 M M 3 12 70
4 114 79 97 7 0 32 0.00 M M 4.0 9 220 M M 3 12 90
5 121 82 102 12 0 37 0.00 M M 5.6 18 130 M M 4 24 120
6 118 83 101 12 0 36 0.00 M M 4.8 13 160 M M 4 8 16 160
7 113 82 98 9 0 33 0.00 M M 7.9 16 140 M M 3 20 150
8 101 74 88 -1 0 23 0.00 M M 8.5 18 60 M M 1 8 22 60
9 94 66 80 -8 0 15 0.00 M M 8.6 21 350 M M 0 8 27 350
10 94 60 77 -11 0 12 0.00 M M 4.8 12 330 M M 0 18 70
11 94 64 79 -9 0 14 0.00 M M 4.1 8 290 M M 0 10 270
12 101 64 83 -5 0 18 0.00 M M 3.6 9 260 M M 0 11 50
13 100 66 83 -4 0 18 0.00 M M 3.1 9 230 M M 0 12 220
14 105 68 87 0 0 22 0.00 M M 3.5 10 270 M M 2 14 130
15 109 71 90 4 0 25 0.00 M M 5.1 13 250 M M 2 8 17 250
16 110 71 91 5 0 26 0.00 M M 5.7 13 280 M M 3 8 15 280
17 111 72 92 6 0 27 0.00 M M 4.6 10 250 M M 3 13 240
18 109 73 91 6 0 26 0.00 M M 5.0 14 140 M M 3 17 120
19 107 71 89 4 0 24 0.00 M M 5.1 12 160 M M 3 8 15 150
20 107 73 90 6 0 25 0.00 M M 3.6 13 240 M M 3 19 220
21 106 69 88 4 0 23 0.00 M M 4.3 13 140 M M 0 8 17 130
22 104 73 89 5 0 24 0.00 M M 7.1 18 260 M M 0 23 260
23 103 70 87 4 0 22 0.00 M M 3.7 12 250 M M 0 13 260
24 106 70 88 5 0 23 0.00 M M 4.4 12 270 M M 0 14 270
25 104 69 87 5 0 22 0.00 M M M 13 280 M M 0 17 280
26 102 70 86 4 0 21 0.00 M M 3.9 10 80 M M 0 8 13 80
27 101 74 88 6 0 23 0.00 M M 3.4 10 80 M M 0 13 80
28 104 69 87 6 0 22 0.00 M M 3.7 10 20 M M 0 15 40
29 105 68 87 6 0 22 0.00 M M 4.0 9 260 M M 0 8 12 360
30 108 69 89 9 0 24 0.00 M M 5.3 9 270 M M 0 13 330
================================================================================
SM 3175 2162 0 728 0.00 M 141.7 M 42
================================================================================
AV105.8 72.1 4.9 FASTST M M 1 MAX(MPH)
MISC ----> 21 350 27 350
================================================================================
NOTES:
# LAST OF SEVERAL OCCURRENCES
COLUMN 17 PEAK WIND IN M.P.H.
PRELIMINARY LOCAL CLIMATOLOGICAL DATA (WS FORM: F-6) , PAGE 2
STATION: IMPERIAL CA
MONTH: SEPTEMBER
YEAR: 2020
LATITUDE: 32 50 N
LONGITUDE: 115 35 W
[TEMPERATURE DATA] [PRECIPITATION DATA] SYMBOLS USED IN COLUMN 16
AVERAGE MONTHLY: 89.0 TOTAL FOR MONTH: 0.00 1 = FOG OR MIST
DPTR FM NORMAL: 2.9 DPTR FM NORMAL: -0.31 2 = FOG REDUCING VISIBILITY
HIGHEST: 121 ON 5 GRTST 24HR 0.00 ON 1- 1 TO 1/4 MILE OR LESS
LOWEST: 60 ON 10 3 = THUNDER
SNOW, ICE PELLETS, HAIL 4 = ICE PELLETS
TOTAL MONTH: M 5 = HAIL
GRTST 24HR M ON M 6 = FREEZING RAIN OR DRIZZLE
GRTST DEPTH: M ON M 7 = DUSTSTORM OR SANDSTORM:
VSBY 1/2 MILE OR LESS
8 = SMOKE OR HAZE
[NO. OF DAYS WITH] [WEATHER - DAYS WITH] 9 = BLOWING SNOW
X = TORNADO
MAX 32 OR BELOW: 0 0.01 INCH OR MORE: 0
MAX 90 OR ABOVE: 30 0.10 INCH OR MORE: 0
MIN 32 OR BELOW: 0 0.50 INCH OR MORE: 0
MIN 0 OR BELOW: 0 1.00 INCH OR MORE: 0
[HDD (BASE 65) ]
TOTAL THIS MO. 0 CLEAR (SCALE 0-3) 27
DPTR FM NORMAL 0 PTCLDY (SCALE 4-7) 3
TOTAL FM JUL 1 0 CLOUDY (SCALE 8-10) 0
DPTR FM NORMAL 0
[CDD (BASE 65) ]
TOTAL THIS MO. 728
DPTR FM NORMAL 98 [PRESSURE DATA]
TOTAL FM JAN 1 4065 HIGHEST SLP M ON M
DPTR FM NORMAL 434 LOWEST SLP 29.47 ON 8
[REMARKS]
#FINAL-09-20#