000
CXUS53 KGRB 291256
CF6ISW
PRELIMINARY LOCAL CLIMATOLOGICAL DATA (WS FORM: F-6)
STATION: WISCONSIN RAPIDS ASOS
MONTH: FEBRUARY
YEAR: 2022
LATITUDE: 44 22 N
LONGITUDE: 89 50 W
TEMPERATURE IN F: :PCPN: SNOW: WIND :SUNSHINE: SKY :PK WND
================================================================================
1 2 3 4 5 6A 6B 7 8 9 10 11 12 13 14 15 16 17 18
12Z AVG MX 2MIN
DY MAX MIN AVG DEP HDD CDD WTR SNW DPTH SPD SPD DIR MIN PSBL S-S WX SPD DR
================================================================================
1 37 11 24 8 41 0 0.00 0.0 8 11.4 22 270 M M 2 31 270
2 11 3 7 -9 58 0 0.00 0.0 7 10.4 16 290 M M 0 25 320
3 11 -9 1 -16 64 0 0.00 0.0 7 5.7 14 350 M M 0 8 21 360
4 13 -12 1 -16 64 0 T T 7 2.4 9 360 M M 5 8 12 350
5 20 -8 6 -11 59 0 0.02 0.5 7 7.7 17 160 M M 5 8 26 200
6 30 10 20 3 45 0 T T 6 6.9 18 330 M M 8 168 25 320
7 24 11 18 1 47 0 0.00 0.0 6 6.2 15 340 M M 7 21 320
8 38 14 26 8 39 0 0.00 0.0 6 6.4 15 170 M M 2 19 170
9 37 23 30 12 35 0 0.01 T 5 11.4 22 310 M M 10 18 32 320
10 31 18 25 7 40 0 0.13 1.0 6 12.4 23 210 M M 9 1 31 220
11 38 8 23 5 42 0 0.07 T 6 14.3 26 330 M M 10 1 38 330
12 10 -2 4 -15 61 0 0.00 0.0 6 7.1 17 330 M M 3 25 330
13 13 -7 3 -16 62 0 T T 6 3.9 10 330 M M 5 14 340
14 20 2 11 -8 54 0 0.02 0.5 6 3.2 10 310 M M 5 1 15 290
15 30 0 15 -5 50 0 0.00 0.0 6 8.7 21 120 M M 3 31 130
16 39 25 32 12 33 0 0.00 0.0 6 8.6 18 340 M M 2 8 26 310
17 25 -2 12 -8 53 0 0.00 0.0 5 11.1 18 340 M M 2 27 360
18 31 -9 11 -10 54 0 0.08 0.9 5 12.4 36 310 M M 6 129 63 260
19 16 -3 7 -14 58 0 0.00 0.0 5 12.0 23 300 M M 1 33 300
20 47 16 32 11 33 0 0.00 0.0 5 11.7 24 220 M M 0 37 220
21 30 15 23 1 42 0 0.04 0.1 5 14.8 25 80 M M 9 168 36 70
22 19 9 14 -8 51 0 0.09 0.7 6 11.4 20 350 M M 10 1268 28 330
23 17 1 9 -13 56 0 0.00 0.0 6 6.4 14 320 M M 1 20 320
24 20 4 12 -11 53 0 0.09 0.9 6 7.7 15 80 M M 8 18 20 60
25 23 6 15 -8 50 0 T T 6 7.0 13 250 M M 5 1 19 230
26 33 4 19 -5 46 0 0.00 0.0 5 11.2 21 240 M M 0 1 30 230
27 33 17 25 1 40 0 0.00 0.0 5 6.1 14 320 M M 1 20 330
28 44 19 32 7 33 0 0.00 0.0 5 5.8 15 300 M M 3 19 310
================================================================================
SM 740 164 1363 0 0.55 4.6 244.3 M 122
================================================================================
AV 26.4 5.9 8.7 FASTST M M 4 MAX(MPH)
MISC ----> 36 310 63 260
================================================================================
NOTES:
# LAST OF SEVERAL OCCURRENCES
COLUMN 17 PEAK WIND IN M.P.H.
PRELIMINARY LOCAL CLIMATOLOGICAL DATA (WS FORM: F-6) , PAGE 2
STATION: WISCONSIN RAPIDS ASOS
MONTH: FEBRUARY
YEAR: 2022
LATITUDE: 44 22 N
LONGITUDE: 89 50 W
[TEMPERATURE DATA] [PRECIPITATION DATA] SYMBOLS USED IN COLUMN 16
AVERAGE MONTHLY: 16.1 TOTAL FOR MONTH: 0.55 1 = FOG OR MIST
DPTR FM NORMAL: -3.7 DPTR FM NORMAL: -0.35 2 = FOG REDUCING VISIBILITY
HIGHEST: 47 ON 20 GRTST 24HR 0.13 ON 10-10 TO 1/4 MILE OR LESS
LOWEST: -12 ON 4 3 = THUNDER
SNOW, ICE PELLETS, HAIL 4 = ICE PELLETS
TOTAL MONTH: 4.6 INCHES 5 = HAIL
GRTST 24HR 1.0 ON 10-10 6 = FREEZING RAIN OR DRIZZLE
GRTST DEPTH: 8 ON 1 7 = DUSTSTORM OR SANDSTORM:
VSBY 1/2 MILE OR LESS
8 = SMOKE OR HAZE
[NO. OF DAYS WITH] [WEATHER - DAYS WITH] 9 = BLOWING SNOW
X = TORNADO
MAX 32 OR BELOW: 19 0.01 INCH OR MORE: 9
MAX 90 OR ABOVE: 0 0.10 INCH OR MORE: 1
MIN 32 OR BELOW: 28 0.50 INCH OR MORE: 0
MIN 0 OR BELOW: 9 1.00 INCH OR MORE: 0
[HDD (BASE 65) ]
TOTAL THIS MO. 1363 CLEAR (SCALE 0-3) 12
DPTR FM NORMAL 97 PTCLDY (SCALE 4-7) 9
TOTAL FM JUL 1 5612 CLOUDY (SCALE 8-10) 7
DPTR FM NORMAL -212
[CDD (BASE 65) ]
TOTAL THIS MO. 0
DPTR FM NORMAL 0 [PRESSURE DATA]
TOTAL FM JAN 1 0 HIGHEST SLP 30.71 ON 3
DPTR FM NORMAL 0 LOWEST SLP 29.30 ON 11
[REMARKS]
#FINAL-02-22#