000
CXCA52 TJSJ 052108
CLMISX
CLIMATE REPORT
NATIONAL WEATHER SERVICE SAN JUAN PR
508 PM AST WED JUL 05 2023
...................................
...THE HENRY E. ROHLSEN AP/ST CROIX CLIMATE SUMMARY FOR THE MONTH OF JUNE 2023...
CLIMATE NORMAL PERIOD: 1991 TO 2020
CLIMATE RECORD PERIOD: 1951 TO 2023
WEATHER OBSERVED NORMAL DEPART LAST YEAR`S
VALUE DATE(S) VALUE FROM VALUE
NORMAL
..............................................................
TEMPERATURE (F)
RECORD
HIGH 97 06/18/1993
LOW 62 06/11/2007
HIGHEST 92 06/12 92 0 92
06/22
06/27
LOWEST 74 06/29 81 -7 74
AVG. MAXIMUM 90.4 88.7 1.7 90.0
AVG. MINIMUM 79.6 76.9 2.7 77.7
MEAN 85.0 82.8 2.2 83.9
DAYS MAX >= 90 25 9.9 15.1 20
DAYS MAX <= 32 0 0.0 0.0 0
DAYS MIN <= 32 0 0.0 0.0 0
DAYS MIN <= 0 0 0.0 0.0 0
PRECIPITATION (INCHES)
RECORD
MAXIMUM 7.83 1987
MINIMUM 0.10 2001
TOTALS 3.87 1.92 1.95 0.73
DAILY AVG. 0.13 0.06 0.07 0.02
DAYS >= .01 9 11.3 -2.3 7
DAYS >= .10 4 4.6 -0.6 3
DAYS >= .50 1 0.9 0.1 0
DAYS >= 1.00 1 0.2 0.8 0
GREATEST
24 HR. TOTAL 3.19 06/29 TO 06/29
STORM TOTAL 3.19
DEGREE DAYS
HEATING TOTAL 0 0 0 0
SINCE 7/1 0
COOLING TOTAL 608 534 74 571
SINCE 1/1 2812
FREEZE DATES
EARLIEST 03/30
LATEST 03/30
..............................................................
WIND (MPH)
AVERAGE WIND SPEED 12.1
HIGHEST WIND SPEED/DIRECTION 25/100 DATE 06/12
25/090 06/21
25/120 06/23
HIGHEST GUST SPEED/DIRECTION 32/090 DATE 06/12
32/100 06/13
SKY COVER
AVERAGE SKY COVER 0.46
AVERAGE RH (PERCENT) 75
WEATHER CONDITIONS. NUMBER OF DAYS WITH
THUNDERSTORM 2 MIXED PRECIP 0
HEAVY RAIN 2 RAIN 2
LIGHT RAIN 8 FREEZING RAIN 0
LT FREEZING RAIN 0 HAIL 0
HEAVY SNOW 0 SNOW 0
LIGHT SNOW 0 SLEET 0
FOG 5 FOG W/VIS <= 1/4 MILE 0
HAZE 6
- INDICATES NEGATIVE NUMBERS.
R INDICATES RECORD WAS SET OR TIED.
MM INDICATES DATA IS MISSING.
T INDICATES TRACE AMOUNT.
$$