000
CXUS55 KGLD 030125
CLAITR
CLIMATE REPORT
NATIONAL WEATHER SERVICE GOODLAND
623 PM MST THU JAN 2 2020
...................................
...THE BURLINGTON CLIMATE SUMMARY FOR THE YEAR OF 2019...
CLIMATE NORMAL PERIOD 1981 TO 2010
CLIMATE RECORD PERIOD 1896 TO 2019
WEATHER OBSERVED NORMAL DEPART LAST YEAR`S
VALUE DATE(S) VALUE FROM VALUE DATE(S)
NORMAL
................................................................
TEMPERATURE (F)
RECORD
HIGH 112 06/15/1952
LOW -25 01/04/1959
HIGHEST 104 07/19 102 2 102 06/28
LOWEST -11 03/04 -9 -2 -8 02/21
02/20
AVG. MAXIMUM 65.4 64.4 1.0 66.4
AVG. MINIMUM 36.3 36.4 -0.1 36.2
MEAN 50.8 50.4 0.4 51.3
DAYS MAX >= 90 56 37.7 18.3 55
DAYS MAX <= 32 26 24.0 2.0 14
DAYS MIN <= 32 173 162.5 10.5 172
DAYS MIN <= 0 6 4.0 2.0 6
PRECIPITATION (INCHES)
RECORD
MAXIMUM 25.24 2017
MINIMUM 10.70 2006
TOTALS 15.43 17.46 -2.03
DAYS >= .01 74 MM MM 75
DAYS >= .10 36 MM MM 39
DAYS >= .50 7 MM MM 10
DAYS >= 1.00 2 MM MM 2
GREATEST
24 HR. TOTAL 1.57 2.19
.................................................................
- INDICATES NEGATIVE NUMBERS.
R INDICATES RECORD WAS SET OR TIED.
MM INDICATES DATA IS MISSING.
T INDICATES TRACE AMOUNT.
$$