000
CXUS53 KEAX 010736
CF6IXD
PRELIMINARY LOCAL CLIMATOLOGICAL DATA (WS FORM: F-6)
STATION: NEW CENTURY AIR CENTER KS
MONTH: OCTOBER
YEAR: 2022
LATITUDE: 38 49 N
LONGITUDE: 94 54 W
TEMPERATURE IN F: :PCPN: SNOW: WIND :SUNSHINE: SKY :PK WND
================================================================================
1 2 3 4 5 6A 6B 7 8 9 10 11 12 13 14 15 16 17 18
12Z AVG MX 2MIN
DY MAX MIN AVG DEP HDD CDD WTR SNW DPTH SPD SPD DIR MIN PSBL S-S WX SPD DR
================================================================================
1 79 50 65 2 0 0 0.00 M M 6.4 13 100 M M 0 20 110
2 81 48 65 3 0 0 0.00 M M 4.8 10 120 M M 0 17 90
3 82 52 67 5 0 2 0.00 M M 6.1 14 160 M M 0 18 160
4 83 54 69 8 0 4 0.00 M M 7.6 13 160 M M 0 19 160
5 83 60 72 11 0 7 T M M 7.3 18 290 M M 5 8 24 290
6 82 52 67 6 0 2 0.00 M M 9.0 23 10 M M 1 32 10
7 59 38 49 -11 16 0 0.00 M M 9.5 17 20 M M 3 26 340
8 64 36 50 -10 15 0 0.00 M M 3.8 10 240 M M 1 15 260
9 77 37 57 -2 8 0 0.00 M M 6.0 17 250 M M 1 30 230
10 82 45 64 5 1 0 0.00 M M 5.4 15 220 M M 1 1 21 250
11 80 63 72 13 0 7 0.03 M M 16.5 30 190 M M 4 1 40 190
12 73 50 62 4 3 0 0.46 M M 12.9 32 330 M M 3 13 43 330
13 66 42 54 -4 11 0 0.00 M M 12.3 31 310 M M 0 44 310
14 77 40 59 2 6 0 T M M 11.5 31 280 M M 2 43 280
15 71 36 54 -3 11 0 0.00 M M 3.6 12 240 M M 0 16 220
16 68 42 55 -1 10 0 0.00 M M 10.3 23 330 M M 0 29 340
17 51 26 39 -17 26 0 0.00 M M 11.8 24 340 M M 0 32 310
18 44 23 34 -22 31 0 0.00 M M 9.8 18 330 M M 0 25 360
19 57 24 41 -14 24 0 0.00 M M 5.1 13 270 M M 0 20 230
20 77 34 56 1 9 0 0.00 M M 8.1 16 300 M M 0 8 23 270
21 86 44 65 11 0 0 0.00 M M 12.8 26 200 M M 0 35 190
22 81 61 71 17 0 6 0.00 M M 14.9 26 190 M M 0 40 190
23 84 69 77 23 0 12 T M M 20.9 31 190 M M 1 3 50 190
24 M 46 M M M M 1.05 M M 13.7 26 290 M M 8 1 41 190
25 56 41 49 -4 16 0 0.00 M M 11.6 30 320 M M 0 42 330
26 65 37 51 -1 14 0 0.00 M M 4.8 10 40 M M 0 16 50
27 62 45 54 2 11 0 0.00 M M 9.8 21 130 M M 0 27 130
28 69 44 57 5 8 0 T M M 6.4 13 40 M M 2 18 40
29 70 41 56 5 9 0 0.00 M M 5.7 10 30 M M 0 15 50
30 67 48 58 7 7 0 0.00 M M 6.5 13 350 M M 5 16 340
31 69 41 55 5 10 0 0.00 M M 5.5 14 300 M M 1 18 300
================================================================================
SM 2145 1369 246 40 1.54 M 280.4 M 38
================================================================================
AV 71.5 44.2 9.0 FASTST M M 1 MAX(MPH)
MISC ----> 32 330 50 190
================================================================================
NOTES:
# LAST OF SEVERAL OCCURRENCES
COLUMN 17 PEAK WIND IN M.P.H.
PRELIMINARY LOCAL CLIMATOLOGICAL DATA (WS FORM: F-6) , PAGE 2
STATION: NEW CENTURY AIR CENTER KS
MONTH: OCTOBER
YEAR: 2022
LATITUDE: 38 49 N
LONGITUDE: 94 54 W
[TEMPERATURE DATA] [PRECIPITATION DATA] SYMBOLS USED IN COLUMN 16
AVERAGE MONTHLY: 57.8 TOTAL FOR MONTH: 1.54 1 = FOG OR MIST
DPTR FM NORMAL: 1.3 DPTR FM NORMAL: -1.73 2 = FOG REDUCING VISIBILITY
HIGHEST: 86 ON 21 GRTST 24HR 1.05 ON 24-24 TO 1/4 MILE OR LESS
LOWEST: 23 ON 18 3 = THUNDER
SNOW, ICE PELLETS, HAIL 4 = ICE PELLETS
TOTAL MONTH: M 5 = HAIL
GRTST 24HR M ON M 6 = FREEZING RAIN OR DRIZZLE
GRTST DEPTH: M ON M 7 = DUSTSTORM OR SANDSTORM:
VSBY 1/2 MILE OR LESS
8 = SMOKE OR HAZE
[NO. OF DAYS WITH] [WEATHER - DAYS WITH] 9 = BLOWING SNOW
X = TORNADO
MAX 32 OR BELOW: 0 0.01 INCH OR MORE: 3
MAX 90 OR ABOVE: 0 0.10 INCH OR MORE: 2
MIN 32 OR BELOW: 3 0.50 INCH OR MORE: 1
MIN 0 OR BELOW: 0 1.00 INCH OR MORE: 1
[HDD (BASE 65) ]
TOTAL THIS MO. 246 CLEAR (SCALE 0-3) 26
DPTR FM NORMAL -46 PTCLDY (SCALE 4-7) 5
TOTAL FM JUL 1 263 CLOUDY (SCALE 8-10) 0
DPTR FM NORMAL -84
[CDD (BASE 65) ]
TOTAL THIS MO. 40
DPTR FM NORMAL 11 [PRESSURE DATA]
TOTAL FM JAN 1 1667 HIGHEST SLP M ON M
DPTR FM NORMAL 252 LOWEST SLP 29.51 ON 23
[REMARKS]
#FINAL-10-22#