000
CXUS54 KMEG 050537
CF6JBR
PRELIMINARY LOCAL CLIMATOLOGICAL DATA (WS FORM: F-6)
STATION: JONESBORO
MONTH: FEBRUARY
YEAR: 2022
LATITUDE: 35 49 N
LONGITUDE: 90 39 W
TEMPERATURE IN F: :PCPN: SNOW: WIND :SUNSHINE: SKY :PK WND
================================================================================
1 2 3 4 5 6A 6B 7 8 9 10 11 12 13 14 15 16 17 18
12Z AVG MX 2MIN
DY MAX MIN AVG DEP HDD CDD WTR SNW DPTH SPD SPD DIR MIN PSBL S-S WX SPD DR
================================================================================
1 66 37 52 12 13 0 0.30 M M 7.8 22 170 M M 7 1 26 170
2 53 28 41 1 24 0 0.28 M M 13.8 22 30 M M 10 16 27 20
3 28 24 26 -14 39 0 T M M 12.5 24 20 M M 10 168 33 20
4 34 23 29 -11 36 0 M M M 8.0 16 330 M M 6 18 22 360
5 33 22 28 -12 37 0 0.00 M M 4.5 13 60 M M 0 15 40
6 42 20 31 -10 34 0 0.00 M M 2.3 10 170 M M 0 1 13 170
7 44 24 34 -7 31 0 0.00 M M 3.8 14 40 M M 0 18 18 30
8 55 30 43 2 22 0 0.00 M M 9.4 21 200 M M 0 26 210
9 65 38 52 11 13 0 0.00 M M 9.2 20 260 M M 0 27 260
10 58 34 46 5 19 0 0.00 M M 3.5 10 140 M M 1 13 140
11 64 37 51 9 14 0 0.00 M M 10.1 24 220 M M 2 30 230
12 50 26 38 -4 27 0 T M M 9.4 20 350 M M 2 25 350
13 47 20 34 -8 31 0 0.00 M M 5.6 18 210 M M 0 22 210
14 55 24 40 -2 25 0 0.00 M M 5.5 12 210 M M 0 17 210
15 65 31 48 5 17 0 0.00 M M 9.3 26 210 M M 0 33 220
16 69 45 57 14 8 0 0.00 M M 14.5 28 180 M M 8 40 200
17 66 30 48 5 17 0 1.66 M M 16.3 37 260 M M 10 13 49 250
18 41 22 32 -11 33 0 0.00 M M 5.8 16 350 M M 1 21 350
19 47 30 39 -5 26 0 0.00 M M 7.5 18 60 M M 0 23 70
20 62 29 46 2 19 0 0.00 M M 10.0 26 200 M M 0 33 200
21 60 45 53 9 12 0 T M M 13.7 26 180 M M 8 1 35 180
22 65 36 51 7 14 0 1.69 M M 13.8 32 290 M M 7 13 41 300
23 36 28 32 -13 33 0 M M M 12.4 23 40 M M 10 136 28 40
24 33 26 30 -15 35 0 M M M 8.2 16 10 M M 10 16 21 10
25 32 26 29 -16 36 0 0.00 M M 9.1 16 40 M M 10 22 340
26 34 26 30 -16 35 0 0.05 M M 8.0 15 40 M M 9 18 19 40
27 50 32 41 -5 24 0 0.01 M M 5.0 13 340 M M 4 17 320
28 57 27 42 -4 23 0 0.00 M M 5.2 14 220 M M 0 19 210
================================================================================
SM 1411 820 697 0 3.99 M 244.2 M 115
================================================================================
AV 50.4 29.3 8.7 FASTST M M 4 MAX(MPH)
MISC ----> 37 260 49 250
================================================================================
NOTES:
# LAST OF SEVERAL OCCURRENCES
COLUMN 17 PEAK WIND IN M.P.H.
PRELIMINARY LOCAL CLIMATOLOGICAL DATA (WS FORM: F-6) , PAGE 2
STATION: JONESBORO
MONTH: FEBRUARY
YEAR: 2022
LATITUDE: 35 49 N
LONGITUDE: 90 39 W
[TEMPERATURE DATA] [PRECIPITATION DATA] SYMBOLS USED IN COLUMN 16
AVERAGE MONTHLY: 39.8 TOTAL FOR MONTH: 3.99 1 = FOG OR MIST
DPTR FM NORMAL: -2.8 DPTR FM NORMAL: 0.20 2 = FOG REDUCING VISIBILITY
HIGHEST: 69 ON 16 GRTST 24HR 1.69 ON 22-22 TO 1/4 MILE OR LESS
LOWEST: 20 ON 13, 6 3 = THUNDER
SNOW, ICE PELLETS, HAIL 4 = ICE PELLETS
TOTAL MONTH: M 5 = HAIL
GRTST 24HR M ON M 6 = FREEZING RAIN OR DRIZZLE
GRTST DEPTH: M ON M 7 = DUSTSTORM OR SANDSTORM:
VSBY 1/2 MILE OR LESS
8 = SMOKE OR HAZE
[NO. OF DAYS WITH] [WEATHER - DAYS WITH] 9 = BLOWING SNOW
X = TORNADO
MAX 32 OR BELOW: 2 0.01 INCH OR MORE: 6
MAX 90 OR ABOVE: 0 0.10 INCH OR MORE: 4
MIN 32 OR BELOW: 21 0.50 INCH OR MORE: 2
MIN 0 OR BELOW: 0 1.00 INCH OR MORE: 2
[HDD (BASE 65) ]
TOTAL THIS MO. 697 CLEAR (SCALE 0-3) 15
DPTR FM NORMAL 69 PTCLDY (SCALE 4-7) 6
TOTAL FM JUL 1 2570 CLOUDY (SCALE 8-10) 7
DPTR FM NORMAL -228
[CDD (BASE 65) ]
TOTAL THIS MO. 0
DPTR FM NORMAL -1 [PRESSURE DATA]
TOTAL FM JAN 1 0 HIGHEST SLP 30.62 ON 25
DPTR FM NORMAL 0 LOWEST SLP 29.57 ON 17
[REMARKS]
#FINAL-02-22#