000
CXUS51 KOKX 010910
CF6JFK
PRELIMINARY LOCAL CLIMATOLOGICAL DATA (WS FORM: F-6)
STATION: KENNEDY NY
MONTH: APRIL
YEAR: 2023
LATITUDE: 40 39 N
LONGITUDE: 73 47 W
TEMPERATURE IN F: :PCPN: SNOW: WIND :SUNSHINE: SKY :PK WND
================================================================================
1 2 3 4 5 6A 6B 7 8 9 10 11 12 13 14 15 16 17 18
12Z AVG MX 2MIN
DY MAX MIN AVG DEP HDD CDD WTR SNW DPTH SPD SPD DIR MIN PSBL S-S WX SPD DR
================================================================================
1 61 49 55 9 10 0 0.22 0.0 0 17.6 32 290 M M 8 138 42 300
2 52 37 45 -1 20 0 0.00 0.0 0 19.2 39 310 M M 3 49 290
3 53 33 43 -3 22 0 0.00 0.0 0 13.6 35 180 M M 3 42 190
4 64 43 54 7 11 0 0.00 0.0 0 8.2 26 180 M M 5 2 33 190
5 54 48 51 4 14 0 T 0.0 0 11.4 25 90 M M 10 12 31 100
6 74 48 61 13 4 0 0.02 0.0 0 8.2 23 330 M M 9 128 29 340
7 58 43 51 3 14 0 0.00 0.0 0 16.8 24 320 M M 10 32 310
8 51 38 45 -3 20 0 0.00 0.0 0 10.7 18 330 M M 8 23 330
9 51 38 45 -4 20 0 0.00 0.0 0 9.8 22 130 M M 3 25 130
10 58 38 48 -1 17 0 0.00 0.0 0 11.7 21 180 M M 2 23 190
11 73 45 59 10 6 0 0.00 0.0 0 14.2 24 230 M M 6 29 230
12 84 56 70 20 0 5 0.00 0.0 0 12.9 25 310 M M 5 30 300
13 85 53 69 19 0 4 0.00 0.0 0 11.1 21 180 M M 1 24 240
14 82 55 69 19 0 4 0.00 0.0 0 9.3 22 180 M M 5 27 180
15 65 54 60 9 5 0 0.02 0.0 0 6.7 13 110 M M 9 1 16 100
16 66 52 59 8 6 0 0.00 0.0 0 7.0 16 200 M M 9 18 19 120
17 67 53 60 9 5 0 0.01 0.0 0 13.2 25 270 M M 9 12 35 270
18 58 45 52 0 13 0 0.00 0.0 0 19.2 28 280 M M 4 45 220
19 64 43 54 2 11 0 0.00 0.0 0 11.8 23 300 M M 5 29 300
20 59 43 51 -1 14 0 T 0.0 0 6.9 15 30 M M 5 17 30
21 66 47 57 4 8 0 0.00 0.0 0 11.5 22 100 M M 6 26 110
22 65 53 59 6 6 0 1.02 0.0 0 12.4 22 110 M M 9 138 29 110
23 69 51 60 6 5 0 1.26 0.0 0 10.4 20 300 M M 8 13 28 300
24 59 44 52 -2 13 0 0.00 0.0 0 11.4 20 200 M M 5 24 200
25 58 45 52 -2 13 0 0.00 0.0 0 8.4 14 200 M M 5 18 220
26 56 42 49 -5 16 0 0.00 0.0 0 9.3 16 120 M M 6 20 120
27 57 48 53 -2 12 0 T 0.0 0 7.5 14 150 M M 8 16 150
28 54 46 50 -5 15 0 0.37 0.0 0 12.2 24 100 M M 10 30 100
29 52 48 50 -5 15 0 1.75 0.0 0 18.3 30 90 M M 10 1 41 100
30 59 50 55 -1 10 0 1.36 0.0 0 10.9 23 120 M M 10 12 35 110
================================================================================
SM 1874 1388 325 13 6.03 0.0 351.8 M 196
================================================================================
AV 62.5 46.3 11.7 FASTST M M 7 MAX(MPH)
MISC ----> 39 310 49 290
================================================================================
NOTES:
# LAST OF SEVERAL OCCURRENCES
COLUMN 17 PEAK WIND IN M.P.H.
PRELIMINARY LOCAL CLIMATOLOGICAL DATA (WS FORM: F-6) , PAGE 2
STATION: KENNEDY NY
MONTH: APRIL
YEAR: 2023
LATITUDE: 40 39 N
LONGITUDE: 73 47 W
[TEMPERATURE DATA] [PRECIPITATION DATA] SYMBOLS USED IN COLUMN 16
AVERAGE MONTHLY: 54.4 TOTAL FOR MONTH: 6.03 1 = FOG OR MIST
DPTR FM NORMAL: 3.5 DPTR FM NORMAL: 2.48 2 = FOG REDUCING VISIBILITY
HIGHEST: 85 ON 13 GRTST 24HR 2.28 ON 22-23 TO 1/4 MILE OR LESS
LOWEST: 33 ON 3 3 = THUNDER
SNOW, ICE PELLETS, HAIL 4 = ICE PELLETS
TOTAL MONTH: 0.0 INCH 5 = HAIL
GRTST 24HR 0.0 6 = FREEZING RAIN OR DRIZZLE
GRTST DEPTH: 0 7 = DUSTSTORM OR SANDSTORM:
VSBY 1/2 MILE OR LESS
8 = SMOKE OR HAZE
[NO. OF DAYS WITH] [WEATHER - DAYS WITH] 9 = BLOWING SNOW
X = TORNADO
MAX 32 OR BELOW: 0 0.01 INCH OR MORE: 9
MAX 90 OR ABOVE: 0 0.10 INCH OR MORE: 6
MIN 32 OR BELOW: 0 0.50 INCH OR MORE: 4
MIN 0 OR BELOW: 0 1.00 INCH OR MORE: 4
[HDD (BASE 65) ]
TOTAL THIS MO. 325 CLEAR (SCALE 0-3) 4
DPTR FM NORMAL -102 PTCLDY (SCALE 4-7) 13
TOTAL FM JUL 1 3997 CLOUDY (SCALE 8-10) 13
DPTR FM NORMAL -682
[CDD (BASE 65) ]
TOTAL THIS MO. 13
DPTR FM NORMAL 11 [PRESSURE DATA]
TOTAL FM JAN 1 13 HIGHEST SLP M ON M
DPTR FM NORMAL 11 LOWEST SLP 29.31 ON 1
[REMARKS]
#FINAL-04-23#