000
CXUS51 KOKX 011434
CLSJFK
CLIMATE REPORT
NATIONAL WEATHER SERVICE NEW YORK, NY
923 AM EST THU DEC 01 2022
...................................
...THE KENNEDY NY CLIMATE SUMMARY FOR THE SEASON, FROM
9/1/2022 TO 11/30/2022...
CLIMATE NORMAL PERIOD 1991 TO 2020
CLIMATE RECORD PERIOD 1948 TO 2022
WEATHER OBSERVED NORMAL DEPART LAST YEAR`S
VALUE DATE(S) VALUE FROM VALUE
NORMAL
..............................................................
TEMPERATURE (F)
RECORD
HIGH 98 09/10/1983
LOW 15 11/23/2018
HIGHEST 89 09/01 MM MM
LOWEST 28 11/21 MM MM
AVG. MAXIMUM 66.7 64.7 2.0
AVG. MINIMUM 51.7 50.2 1.5
MEAN 59.2 57.5 1.7
DAYS MAX >= 90 0 1.0 -1.0
DAYS MAX <= 32 0 0.0 0.0
DAYS MIN <= 32 3 4.0 -1.0
DAYS MIN <= 0 0 0.0 0.0
PRECIPITATION (INCHES)
RECORD
MAXIMUM 21.18 2005
MINIMUM 4.17 1965
TOTALS 9.89 10.37 -0.48 9.58
DAILY AVG. 0.11 0.11 -0.00
DAYS >= .01 30 26.5 3.5
DAYS >= .10 18 16.6 1.4
DAYS >= .50 8 7.2 0.8
DAYS >= 1.00 2 2.8 -0.8
GREATEST
24 HR. TOTAL 2.06 10/03 TO 10/04
STORM TOTAL 1.38
(MM/DD(HH))
SNOWFALL (INCHES)
RECORDS
TOTAL 4.8 2018
24 HR TOTAL 4.8 11/15/2008 TO 11/15/2018
TOTALS T 0.4 -0.4
LIQUID EQUIV T 0.00 0.00
SINCE 7/1 T 0.4 -0.4
LIQUID 7/1 -0.10
DAYS >= TRACE 1 0.0 1.0
DAYS >= 1.0 0 0.0 0.0
GREATEST
SNOW DEPTH 0
24 HR TOTAL MM
STORM TOTAL 0.0
(MM/DD(HH))
DEGREE DAYS
HEATING TOTAL 705 835 -130
SINCE 7/1 705 836 -131
COOLING TOTAL 201 151 50
SINCE 1/1 1305 1016 289
..............................................................
WIND (MPH)
AVERAGE WIND SPEED 11.1
HIGHEST WIND SPEED/DIRECTION 37/190 DATE 11/30
HIGHEST GUST SPEED/DIRECTION 47/180 DATE 11/30
SKY COVER
POSSIBLE SUNSHINE (PERCENT) MM
AVERAGE SKY COVER 0.53
NUMBER OF DAYS FAIR 33
NUMBER OF DAYS PC 31
NUMBER OF DAYS CLOUDY 27
AVERAGE RH (PERCENT) 66
WEATHER CONDITIONS. NUMBER OF DAYS WITH
THUNDERSTORM 6 MIXED PRECIP 0
HEAVY RAIN 11 RAIN 18
LIGHT RAIN 34 FREEZING RAIN 0
LT FREEZING RAIN 0 HAIL 0
HEAVY SNOW 0 SNOW 0
LIGHT SNOW 1 SLEET 0
FOG 30 FOG W/VIS <= 1/4 MILE 3
HAZE 4
- INDICATES NEGATIVE NUMBERS.
R INDICATES RECORD WAS SET OR TIED.
MM INDICATES DATA IS MISSING.
T INDICATES TRACE AMOUNT.
$$