000
CXUS55 KJKL 011310
CF6JKL
PRELIMINARY LOCAL CLIMATOLOGICAL DATA (WS FORM: F-6)
STATION: JACKSON KY
MONTH: MARCH
YEAR: 2022
LATITUDE: 37 35 N
LONGITUDE: 83 19 W
TEMPERATURE IN F: :PCPN: SNOW: WIND :SUNSHINE: SKY :PK WND
================================================================================
1 2 3 4 5 6A 6B 7 8 9 10 11 12 13 14 15 16 17 18
12Z AVG MX 2MIN
DY MAX MIN AVG DEP HDD CDD WTR SNW DPTH SPD SPD DIR MIN PSBL S-S WX SPD DR
================================================================================
1 67 38 53 10 12 0 0.00 0.0 0 6.4 14 240 M M 0 25 220
2 69 47 58 14 7 0 0.00 0.0 0 5.8 13 310 M M 0 25 260
3 63 37 50 6 15 0 0.00 0.0 0 5.8 12 250 M M 3 21 230
4 68 33 51 7 14 0 0.00 0.0 0 3.8 8 70 M M 0 16 60
5 79 51 65 21 0 0 0.00 0.0 0 7.8 22 180 M M 1 41 170
6 76 57 67 22 0 2 0.32 0.0 0 8.1 17 240 M M 7 3 35 220
7 70 39 55 10 10 0 0.64 0.0 0 9.3 24 280 M M 6 42 290
8 47 33 40 -5 25 0 0.07 0.0 0 3.3 9 20 M M 8 15 20
9 46 37 42 -4 23 0 0.26 0.0 0 3.4 12 320 M M 10 19 290
10 54 35 45 -1 20 0 0.00 0.0 0 2.5 8 300 M M 3 16 90
11 67 32 50 4 15 0 T T 0 6.3 17 330 M M 3 30 320
12 32 19 26 -20 39 0 0.57 6.3 6 9.5 22 300 M M 7 128 34 300
13 49 15 32 -15 33 0 0.00 0.0 3 6.9 15 230 M M 1 27 250
14 66 37 52 5 13 0 0.00 0.0 0 5.4 12 210 M M 0 19 210
15 68 47 58 11 7 0 0.00 0.0 0 3.0 10 250 M M 3 16 260
16 65 48 57 9 8 0 T 0.0 0 3.3 8 110 M M 3 13 110
17 73 51 62 14 3 0 0.00 0.0 0 2.5 10 300 M M 5 15 310
18 70 55 63 15 2 0 0.00 0.0 0 5.6 18 140 M M 3 31 120
19 61 42 52 3 13 0 0.01 0.0 0 8.9 20 250 M M 8 1 31 220
20 62 41 52 3 13 0 T 0.0 0 5.6 14 310 M M 4 24 300
21 72 41 57 8 8 0 0.00 0.0 0 3.3 8 180 M M 0 14 220
22 78 54 66 16 0 1 0.00 0.0 0 4.5 15 160 M M 1 23 180
23 76 53 65 15 0 0 0.22 0.0 0 9.9 23 250 M M 7 3 44 260
24 62 46 54 4 11 0 0.00 0.0 0 6.6 18 230 M M 5 32 270
25 47 39 43 -8 22 0 T 0.0 0 5.8 15 250 M M 7 26 250
26 47 32 40 -11 25 0 0.08 T 0 9.5 17 290 M M 6 1 39 310
27 45 27 36 -15 29 0 0.00 0.0 0 6.2 15 260 M M 3 23 280
28 46 26 36 -16 29 0 0.00 0.0 0 3.9 14 300 M M 0 20 330
29 49 31 40 -12 25 0 0.00 0.0 0 4.3 9 50 M M 7 15 50
30 82 45 64 12 1 0 0.00 0.0 0 10.6 24 190 M M 0 8 44 200
31 75 43 59 6 6 0 0.04 0.0 0 10.9 25 190 M M 9 50 210
================================================================================
SM 1931 1231 428 3 2.21 6.3 188.7 M 120
================================================================================
AV 62.3 39.7 6.1 FASTST M M 4 MAX(MPH)
MISC ----> 25 190 50 210
================================================================================
NOTES:
# LAST OF SEVERAL OCCURRENCES
COLUMN 17 PEAK WIND IN M.P.H.
PRELIMINARY LOCAL CLIMATOLOGICAL DATA (WS FORM: F-6) , PAGE 2
STATION: JACKSON KY
MONTH: MARCH
YEAR: 2022
LATITUDE: 37 35 N
LONGITUDE: 83 19 W
[TEMPERATURE DATA] [PRECIPITATION DATA] SYMBOLS USED IN COLUMN 16
AVERAGE MONTHLY: 51.0 TOTAL FOR MONTH: 2.21 1 = FOG OR MIST
DPTR FM NORMAL: 3.2 DPTR FM NORMAL: -2.50 2 = FOG REDUCING VISIBILITY
HIGHEST: 82 ON 30 GRTST 24HR 0.96 ON 6- 7 TO 1/4 MILE OR LESS
LOWEST: 15 ON 13 3 = THUNDER
SNOW, ICE PELLETS, HAIL 4 = ICE PELLETS
TOTAL MONTH: 6.3 INCHES 5 = HAIL
GRTST 24HR 6.3 ON 12-12 6 = FREEZING RAIN OR DRIZZLE
GRTST DEPTH: 6 ON 12 7 = DUSTSTORM OR SANDSTORM:
VSBY 1/2 MILE OR LESS
8 = SMOKE OR HAZE
[NO. OF DAYS WITH] [WEATHER - DAYS WITH] 9 = BLOWING SNOW
X = TORNADO
MAX 32 OR BELOW: 1 0.01 INCH OR MORE: 9
MAX 90 OR ABOVE: 0 0.10 INCH OR MORE: 5
MIN 32 OR BELOW: 7 0.50 INCH OR MORE: 2
MIN 0 OR BELOW: 0 1.00 INCH OR MORE: 0
[HDD (BASE 65) ]
TOTAL THIS MO. 428 CLEAR (SCALE 0-3) 14
DPTR FM NORMAL -113 PTCLDY (SCALE 4-7) 15
TOTAL FM JUL 1 3260 CLOUDY (SCALE 8-10) 2
DPTR FM NORMAL -465
[CDD (BASE 65) ]
TOTAL THIS MO. 3
DPTR FM NORMAL -5 [PRESSURE DATA]
TOTAL FM JAN 1 3 HIGHEST SLP 30.42 ON 14
DPTR FM NORMAL -6 LOWEST SLP 29.44 ON 31
[REMARKS]
#FINAL-03-22#