907
CXUS55 KJKL 041510 CCA
CF6JKL
PRELIMINARY LOCAL CLIMATOLOGICAL DATA (WS FORM: F-6)
STATION: JACKSON KY
MONTH: DECEMBER
YEAR: 2020
LATITUDE: 37 35 N
LONGITUDE: 83 19 W
TEMPERATURE IN F: :PCPN: SNOW: WIND :SUNSHINE: SKY :PK WND
================================================================================
1 2 3 4 5 6A 6B 7 8 9 10 11 12 13 14 15 16 17 18
12Z AVG MX 2MIN
DY MAX MIN AVG DEP HDD CDD WTR SNW DPTH SPD SPD DIR MIN PSBL S-S WX SPD DR
================================================================================
1 31 28 30 -12 35 0 0.03 0.4 2 M 15 260 M M 5 22 270
2 40 22 31 -11 34 0 0.00 0.0 1 3.3 8 250 M M 0 14 240
3 54 27 41 -1 24 0 T 0.0 0 2.2 7 200 M M 3 11 200
4 49 40 45 4 20 0 0.73 0.0 0 4.8 15 300 M M 10 1 33 300
5 45 35 40 -1 25 0 T 0.0 0 3.9 12 310 M M 9 1 18 270
6 48 31 40 -1 25 0 T T 0 1.2 6 50 M M 5 1 10 50
7 37 30 34 -6 31 0 0.05 T 0 4.1 10 320 M M 10 1 16 320
8 37 28 33 -7 32 0 0.00 0.0 0 3.0 9 220 M M 6 14 230
9 56 28 42 2 23 0 0.00 0.0 0 5.8 13 240 M M 0 20 240
10 61 41 51 12 14 0 0.00 0.0 0 3.2 8 200 M M 0 12 210
11 67 48 58 19 7 0 0.00 0.0 0 5.3 10 190 M M 0 19 200
12 62 51 57 18 8 0 0.18 0.0 0 6.4 14 280 M M 6 1 29 200
13 51 40 46 8 19 0 0.02 0.0 0 2.4 14 290 M M 6 1 23 300
14 41 30 36 -2 29 0 1.17 T 0 3.6 12 310 M M 10 12 17 330
15 39 26 33 -5 32 0 0.00 0.0 0 4.6 8 50 M M 2 14 60
16 39 31 35 -3 30 0 0.36 T 0 2.6 12 270 M M 9 126 19 260
17 37 30 34 -4 31 0 0.03 0.2 T 5.2 12 300 M M 10 168 19 300
18 38 30 34 -3 31 0 T T T 2.1 7 260 M M 7 13 130
19 47 29 38 1 27 0 T 0.0 0 3.8 10 270 M M 4 19 260
20 45 38 42 5 23 0 0.11 0.0 0 3.9 10 230 M M 10 1 20 270
21 52 36 44 7 21 0 0.00 0.0 0 6.6 16 240 M M 6 30 250
22 48 37 43 7 22 0 0.00 0.0 0 5.6 18 270 M M 2 29 280
23 61 32 47 11 18 0 T 0.0 0 5.9 16 190 M M 2 30 210
24 54 21 38 2 27 0 1.48 7.0 0 7.5 16 310 M M 10 126 28 310
25 21 13 17 -19 48 0 0.07 2.0 7 5.7 16 280 M M 10 1 26 290
26 35 9 22 -14 43 0 0.00 0.0 6 5.2 12 230 M M 1 18 240
27 51 28 40 4 25 0 0.00 0.0 4 6.5 12 200 M M 1 21 200
28 52 32 42 6 23 0 T 0.0 1 5.7 13 310 M M 7 21 180
29 41 29 35 0 30 0 0.00 0.0 0 3.5 7 60 M M 4 13 80
30 62 33 48 13 17 0 0.01 0.0 0 7.3 16 200 M M 4 32 190
31 56 36 46 11 19 0 0.67 0.0 0 3.9 13 330 M M 10 12 22 320
================================================================================
SM 1457 969 793 0 4.91 9.6 134.8 M 169
================================================================================
AV 47.0 31.3 4.5 FASTST M M 5 MAX(MPH)
MISC ----> 18 270 33 300
================================================================================
NOTES:
# LAST OF SEVERAL OCCURRENCES
COLUMN 17 PEAK WIND IN M.P.H.
PRELIMINARY LOCAL CLIMATOLOGICAL DATA (WS FORM: F-6) , PAGE 2
STATION: JACKSON KY
MONTH: DECEMBER
YEAR: 2020
LATITUDE: 37 35 N
LONGITUDE: 83 19 W
[TEMPERATURE DATA] [PRECIPITATION DATA] SYMBOLS USED IN COLUMN 16
AVERAGE MONTHLY: 39.1 TOTAL FOR MONTH: 4.91 1 = FOG OR MIST
DPTR FM NORMAL: 1.0 DPTR FM NORMAL: 0.73 2 = FOG REDUCING VISIBILITY
HIGHEST: 67 ON 11 GRTST 24HR 1.48 ON 23-24 TO 1/4 MILE OR LESS
LOWEST: 9 ON 26 3 = THUNDER
SNOW, ICE PELLETS, HAIL 4 = ICE PELLETS
TOTAL MONTH: 9.6 INCHES 5 = HAIL
GRTST 24HR 7.0 ON 24-24 6 = FREEZING RAIN OR DRIZZLE
GRTST DEPTH: 7 ON 25 7 = DUSTSTORM OR SANDSTORM:
VSBY 1/2 MILE OR LESS
8 = SMOKE OR HAZE
[NO. OF DAYS WITH] [WEATHER - DAYS WITH] 9 = BLOWING SNOW
X = TORNADO
MAX 32 OR BELOW: 2 0.01 INCH OR MORE: 13
MAX 90 OR ABOVE: 0 0.10 INCH OR MORE: 7
MIN 32 OR BELOW: 20 0.50 INCH OR MORE: 4
MIN 0 OR BELOW: 0 1.00 INCH OR MORE: 2
[HDD (BASE 65) ]
TOTAL THIS MO. 793 CLEAR (SCALE 0-3) 9
DPTR FM NORMAL -41 PTCLDY (SCALE 4-7) 12
TOTAL FM JUL 1 1396 CLOUDY (SCALE 8-10) 10
DPTR FM NORMAL -239
[CDD (BASE 65) ]
TOTAL THIS MO. 0
DPTR FM NORMAL -1 [PRESSURE DATA]
TOTAL FM JAN 1 1386 HIGHEST SLP 30.57 ON 29
DPTR FM NORMAL 231 LOWEST SLP 29.62 ON 24
[REMARKS]
CORRECTED SNOWFALL TOTAL
#FINAL-12-20#