000
CXUS53 KJKL 251310
CF6JKL
PRELIMINARY LOCAL CLIMATOLOGICAL DATA (WS FORM: F-6)
STATION: JACKSON KY
MONTH: APRIL
YEAR: 2024
LATITUDE: 37 35 N
LONGITUDE: 83 19 W
TEMPERATURE IN F: :PCPN: SNOW: WIND :SUNSHINE: SKY :PK WND
================================================================================
1 2 3 4 5 6A 6B 7 8 9 10 11 12 13 14 15 16 17 18
12Z AVG MX 2MIN
DY MAX MIN AVG DEP HDD CDD WTR SNW DPTH SPD SPD DIR MIN PSBL S-S WX SPD DR
================================================================================
1 81 65 73 20 0 8 T 0.0 0 6.6 15 230 M M 5 29 250
2 73 63 68 14 0 3 0.51 0.0 0 7.1 20 190 M M 8 138 37 200
3 63 40 52 -2 13 0 0.08 0.0 0 6.1 21 290 M M 9 13 37 270
4 46 36 41 -13 24 0 0.03 T 0 8.2 16 260 M M 10 1 30 250
5 45 34 40 -15 25 0 0.07 T 0 5.1 12 290 M M 10 1 22 290
6 55 34 45 -10 20 0 0.00 0.0 0 4.0 9 360 M M 2 18 330
7 70 38 54 -2 11 0 0.00 0.0 0 2.8 9 140 M M 2 18 150
8 76 59 68 12 0 3 T 0.0 0 5.3 14 190 M M 7 25 170
9 64 57 61 5 4 0 0.09 0.0 0 5.0 13 180 M M 8 1 22 170
10 73 55 64 7 1 0 0.14 0.0 0 2.6 9 230 M M 8 1 17 180
11 72 50 61 4 4 0 1.37 0.0 0 5.7 20 290 M M 10 13 35 280
12 54 41 48 -9 17 0 0.31 T 0 7.5 18 280 M M 9 13 35 290
13 69 45 57 -1 8 0 T 0.0 0 5.6 16 300 M M 0 28 310
14 83 53 68 10 0 3 0.00 0.0 0 7.9 18 230 M M 0 37 260
15 85 64 75 17 0 10 0.00 0.0 0 4.9 13 280 M M 2 8 21 230
16 86 65 76 17 0 11 0.00 0.0 0 4.7 14 180 M M 1 25 160
17 76 64 70 11 0 5 T 0.0 0 7.0 22 190 M M 4 40 200
18 85 60 73 14 0 8 0.00 0.0 0 2.2 9 220 M M 2 1 18 230
19 71 55 63 3 2 0 0.32 0.0 0 3.4 12 290 M M 9 12 22 300
20 65 48 57 -3 8 0 0.00 0.0 0 5.1 14 300 M M 2 1 23 300
21 57 41 49 -11 16 0 0.00 0.0 0 3.6 13 300 M M 2 19 320
22 63 33 48 -12 17 0 0.00 0.0 0 1.7 10 160 M M 0 15 320
23 73 43 58 -3 7 0 T 0.0 0 4.7 14 180 M M 2 27 220
24 71 50 61 0 4 0 0.02 0.0 0 3.5 13 290 M M 6 21 290
================================================================================
SM 1656 1193 181 51 2.94 T 120.3 M 118
================================================================================
AV 69.0 49.7 5.0 FASTST M M 5 MAX(MPH)
MISC ----> 22 190 40 200
================================================================================
NOTES:
# LAST OF SEVERAL OCCURRENCES
COLUMN 17 PEAK WIND IN M.P.H.
PRELIMINARY LOCAL CLIMATOLOGICAL DATA (WS FORM: F-6) , PAGE 2
STATION: JACKSON KY
MONTH: APRIL
YEAR: 2024
LATITUDE: 37 35 N
LONGITUDE: 83 19 W
[TEMPERATURE DATA] [PRECIPITATION DATA] SYMBOLS USED IN COLUMN 16
AVERAGE MONTHLY: 59.4 TOTAL FOR MONTH: 2.94 1 = FOG OR MIST
DPTR FM NORMAL: 2.0 DPTR FM NORMAL: -0.64 2 = FOG REDUCING VISIBILITY
HIGHEST: 86 ON 16 GRTST 24HR 1.46 ON 11-12 TO 1/4 MILE OR LESS
LOWEST: 33 ON 22 3 = THUNDER
SNOW, ICE PELLETS, HAIL 4 = ICE PELLETS
TOTAL MONTH: T 5 = HAIL
GRTST 24HR T ON 4- 4 6 = FREEZING RAIN OR DRIZZLE
GRTST DEPTH: 0 7 = DUSTSTORM OR SANDSTORM:
VSBY 1/2 MILE OR LESS
8 = SMOKE OR HAZE
[NO. OF DAYS WITH] [WEATHER - DAYS WITH] 9 = BLOWING SNOW
X = TORNADO
MAX 32 OR BELOW: 0 0.01 INCH OR MORE: 10
MAX 90 OR ABOVE: 0 0.10 INCH OR MORE: 5
MIN 32 OR BELOW: 0 0.50 INCH OR MORE: 2
MIN 0 OR BELOW: 0 1.00 INCH OR MORE: 1
[HDD (BASE 65) ]
TOTAL THIS MO. 181 CLEAR (SCALE 0-3) 11
DPTR FM NORMAL -32 PTCLDY (SCALE 4-7) 7
TOTAL FM JUL 1 3283 CLOUDY (SCALE 8-10) 6
DPTR FM NORMAL -655
[CDD (BASE 65) ]
TOTAL THIS MO. 51
DPTR FM NORMAL 20 [PRESSURE DATA]
TOTAL FM JAN 1 59 HIGHEST SLP M ON M
DPTR FM NORMAL 19 LOWEST SLP 29.31 ON 11
[REMARKS]