000
CXUS53 KSGF 010810
CF6JLN
PRELIMINARY LOCAL CLIMATOLOGICAL DATA (WS FORM: F-6)
STATION: JOPLIN MO
MONTH: FEBRUARY
YEAR: 2023
LATITUDE: 37 10 N
LONGITUDE: 94 30 W
TEMPERATURE IN F: :PCPN: SNOW: WIND :SUNSHINE: SKY :PK WND
================================================================================
1 2 3 4 5 6A 6B 7 8 9 10 11 12 13 14 15 16 17 18
12Z AVG MX 2MIN
DY MAX MIN AVG DEP HDD CDD WTR SNW DPTH SPD SPD DIR MIN PSBL S-S WX SPD DR
================================================================================
1 32 14 23 -13 42 0 0.00 M M 1.5 8 230 M M 3 10 200
2 46 21 34 -2 31 0 0.00 M M 4.9 20 10 M M 0 27 10
3 44 17 31 -5 34 0 0.00 M M 8.0 18 200 M M 0 26 200
4 55 38 47 10 18 0 0.00 M M 19.0 28 180 M M 3 37 170
5 63 33 48 11 17 0 0.00 M M 5.8 25 230 M M 0 1 39 210
6 71 42 57 20 8 0 0.02 M M 17.6 37 190 M M 3 51 190
7 49 41 45 8 20 0 0.56 M M 4.8 15 320 M M 9 1 18 320
8 46 41 44 6 21 0 0.69 M M 7.7 16 290 M M 10 13 23 60
9 54 35 45 7 20 0 0.08 M M 9.9 21 270 M M 5 1 31 270
10 37 26 32 -6 33 0 0.00 M M 7.0 17 360 M M 7 1 23 350
11 51 19 35 -3 30 0 0.00 M M 2.7 7 50 M M 0 10 90
12 63 25 44 6 21 0 0.00 M M 10.3 23 200 M M 2 31 200
13 62 31 47 8 18 0 0.00 M M 4.7 17 220 M M 1 22 220
14 60 47 54 15 11 0 0.42 M M 15.7 32 190 M M 7 1 46 240
15 57 38 48 9 17 0 0.24 M M 8.5 18 40 M M 1 13 27 40
16 39 27 33 -7 32 0 0.01 M M 13.5 22 290 M M 10 1 29 290
17 43 21 32 -8 33 0 0.00 M M 7.7 18 330 M M 2 24 320
18 52 31 42 2 23 0 0.00 M M 15.5 25 210 M M 4 32 190
19 62 40 51 11 14 0 0.00 M M 13.1 24 210 M M 3 32 230
20 68 36 52 11 13 0 0.00 M M 2.0 9 350 M M 2 12 30
21 66 39 53 12 12 0 0.00 M M 9.2 24 190 M M 1 32 190
22 68 41 55 14 10 0 0.60 M M 14.5 33 210 M M 5 13 45 200
23 41 25 33 -9 32 0 0.00 M M 11.6 25 300 M M 2 38 290
24 44 22 33 -9 32 0 T M M 9.4 18 50 M M 5 27 50
25 50 33 42 0 23 0 0.00 M M 4.6 12 210 M M 10 15 250
26 66 43 55 12 10 0 0.05 M M 13.7 40 190 M M 9 18 55 190
27 69 45 57 14 8 0 0.11 M M 16.8 44 210 M M 3 18 56 220
28 74 43 59 16 6 0 0.00 M M 11.3 29 240 M M 1 42 250
================================================================================
SM 1532 914 589 0 2.78 M 271.0 M 108
================================================================================
AV 54.7 32.6 9.7 FASTST M M 4 MAX(MPH)
MISC ----> 44 210 56 220
================================================================================
NOTES:
# LAST OF SEVERAL OCCURRENCES
COLUMN 17 PEAK WIND IN M.P.H.
PRELIMINARY LOCAL CLIMATOLOGICAL DATA (WS FORM: F-6) , PAGE 2
STATION: JOPLIN MO
MONTH: FEBRUARY
YEAR: 2023
LATITUDE: 37 10 N
LONGITUDE: 94 30 W
[TEMPERATURE DATA] [PRECIPITATION DATA] SYMBOLS USED IN COLUMN 16
AVERAGE MONTHLY: 43.7 TOTAL FOR MONTH: 2.78 1 = FOG OR MIST
DPTR FM NORMAL: 4.3 DPTR FM NORMAL: 0.80 2 = FOG REDUCING VISIBILITY
HIGHEST: 74 ON 28 GRTST 24HR 0.77 ON 8- 9 TO 1/4 MILE OR LESS
LOWEST: 14 ON 1 3 = THUNDER
SNOW, ICE PELLETS, HAIL 4 = ICE PELLETS
TOTAL MONTH: M 5 = HAIL
GRTST 24HR M ON M 6 = FREEZING RAIN OR DRIZZLE
GRTST DEPTH: M ON M 7 = DUSTSTORM OR SANDSTORM:
VSBY 1/2 MILE OR LESS
8 = SMOKE OR HAZE
[NO. OF DAYS WITH] [WEATHER - DAYS WITH] 9 = BLOWING SNOW
X = TORNADO
MAX 32 OR BELOW: 1 0.01 INCH OR MORE: 10
MAX 90 OR ABOVE: 0 0.10 INCH OR MORE: 6
MIN 32 OR BELOW: 12 0.50 INCH OR MORE: 3
MIN 0 OR BELOW: 0 1.00 INCH OR MORE: 0
[HDD (BASE 65) ]
TOTAL THIS MO. 589 CLEAR (SCALE 0-3) 17
DPTR FM NORMAL -130 PTCLDY (SCALE 4-7) 6
TOTAL FM JUL 1 2941 CLOUDY (SCALE 8-10) 5
DPTR FM NORMAL -328
[CDD (BASE 65) ]
TOTAL THIS MO. 0
DPTR FM NORMAL -1 [PRESSURE DATA]
TOTAL FM JAN 1 0 HIGHEST SLP M ON M
DPTR FM NORMAL 0 LOWEST SLP 29.24 ON 27
[REMARKS]
#FINAL-02-23#