000
CXUS53 KSGF 010810
CF6JLN
PRELIMINARY LOCAL CLIMATOLOGICAL DATA (WS FORM: F-6)
STATION: JOPLIN MO
MONTH: JANUARY
YEAR: 2024
LATITUDE: 37 10 N
LONGITUDE: 94 30 W
TEMPERATURE IN F: :PCPN: SNOW: WIND :SUNSHINE: SKY :PK WND
================================================================================
1 2 3 4 5 6A 6B 7 8 9 10 11 12 13 14 15 16 17 18
12Z AVG MX 2MIN
DY MAX MIN AVG DEP HDD CDD WTR SNW DPTH SPD SPD DIR MIN PSBL S-S WX SPD DR
================================================================================
1 38 21 30 -5 35 0 0.00 M M 3.9 13 350 M M 6 18 17 360
2 46 21 34 -1 31 0 0.00 M M 6.6 20 220 M M 1 18 24 230
3 48 25 37 2 28 0 0.00 M M 4.0 9 350 M M 0 18 13 340
4 44 26 35 0 30 0 0.00 M M 6.0 15 90 M M 0 18 21 120
5 42 32 37 2 28 0 0.02 M M 8.4 15 90 M M 8 1 23 100
6 38 32 35 0 30 0 0.01 M M 9.5 15 300 M M 10 18 20 230
7 50 27 39 4 26 0 0.00 M M 6.2 15 130 M M 3 1 22 120
8 45 34 40 5 25 0 0.89 M M 11.4 24 140 M M 8 1 40 150
9 40 25 33 -2 32 0 0.02 M M 15.1 28 290 M M 10 18 44 300
10 50 20 35 0 30 0 0.00 M M 11.4 29 200 M M 0 8 37 210
11 58 27 43 9 22 0 0.13 M M 10.4 23 180 M M 1 3 33 110
12 52 14 33 -1 32 0 T M M 17.3 28 270 M M 8 18 39 310
13 19 -1 9 -25 56 0 0.00 M M 11.4 20 320 M M 2 25 320
14 1 -4 -1 -35 66 0 0.04 M M 8.3 18 360 M M 5 25 330
15 9 -6 2 -32 63 0 T M M 8.5 18 320 M M 6 24 330
16 13 -7 3 -31 62 0 0.00 M M 8.1 16 220 M M 0 20 220
17 36 11 24 -11 41 0 0.00 M M 13.1 22 190 M M 0 28 200
18 42 25 34 -1 31 0 0.00 M M 6.3 28 320 M M 1 38 330
19 25 6 16 -19 49 0 T M M 12.6 26 330 M M 4 36 330
20 22 3 13 -22 52 0 0.00 M M 5.8 9 110 M M 1 14 20
21 35 16 26 -9 39 0 T M M 13.1 20 170 M M 6 26 150
22 39 31 35 0 30 0 0.73 M M 5.5 16 180 M M 10 16 23 190
23 44 36 40 5 25 0 0.01 M M 3.1 10 40 M M 10 12 M M
24 45 37 41 6 24 0 0.00 M M 1.5 9 310 M M 10 12 11 90
25 45 40 43 8 22 0 0.14 M M 3.6 13 280 M M 10 12 16 260
26 42 37 40 5 25 0 0.00 M M 5.4 10 10 M M 10 12 17 20
27 38 33 36 1 29 0 0.01 M M 10.4 17 360 M M 10 1 22 360
28 51 31 41 5 24 0 0.00 M M 5.7 14 290 M M 5 1 19 300
29 62 33 48 12 17 0 0.00 M M 7.1 16 240 M M 0 21 240
30 60 34 47 11 18 0 0.00 M M 5.1 15 290 M M 0 19 300
31 66 32 49 13 16 0 0.00 M M 6.2 12 180 M M 0 17 240
================================================================================
SM 1245 691 1038 0 2.00 M 251.0 M 145
================================================================================
AV 40.2 22.3 8.1 FASTST M M 5 MAX(MPH)
MISC ----> 29 200 44 300
================================================================================
NOTES:
# LAST OF SEVERAL OCCURRENCES
COLUMN 17 PEAK WIND IN M.P.H.
PRELIMINARY LOCAL CLIMATOLOGICAL DATA (WS FORM: F-6) , PAGE 2
STATION: JOPLIN MO
MONTH: JANUARY
YEAR: 2024
LATITUDE: 37 10 N
LONGITUDE: 94 30 W
[TEMPERATURE DATA] [PRECIPITATION DATA] SYMBOLS USED IN COLUMN 16
AVERAGE MONTHLY: 31.2 TOTAL FOR MONTH: 2.00 1 = FOG OR MIST
DPTR FM NORMAL: -3.7 DPTR FM NORMAL: 0.08 2 = FOG REDUCING VISIBILITY
HIGHEST: 66 ON 31 GRTST 24HR 0.89 ON 8- 8 TO 1/4 MILE OR LESS
LOWEST: -7 ON 16 3 = THUNDER
SNOW, ICE PELLETS, HAIL 4 = ICE PELLETS
TOTAL MONTH: M 5 = HAIL
GRTST 24HR M ON M 6 = FREEZING RAIN OR DRIZZLE
GRTST DEPTH: M ON M 7 = DUSTSTORM OR SANDSTORM:
VSBY 1/2 MILE OR LESS
8 = SMOKE OR HAZE
[NO. OF DAYS WITH] [WEATHER - DAYS WITH] 9 = BLOWING SNOW
X = TORNADO
MAX 32 OR BELOW: 6 0.01 INCH OR MORE: 10
MAX 90 OR ABOVE: 0 0.10 INCH OR MORE: 4
MIN 32 OR BELOW: 23 0.50 INCH OR MORE: 2
MIN 0 OR BELOW: 4 1.00 INCH OR MORE: 0
[HDD (BASE 65) ]
TOTAL THIS MO. 1038 CLEAR (SCALE 0-3) 14
DPTR FM NORMAL 105 PTCLDY (SCALE 4-7) 8
TOTAL FM JUL 1 2356 CLOUDY (SCALE 8-10) 9
DPTR FM NORMAL -189
[CDD (BASE 65) ]
TOTAL THIS MO. 0
DPTR FM NORMAL 0 [PRESSURE DATA]
TOTAL FM JAN 1 0 HIGHEST SLP M ON M
DPTR FM NORMAL 0 LOWEST SLP 29.29 ON 12
[REMARKS]
#FINAL-01-24#