000
CXUS51 KCTP 010800
CF6JST
PRELIMINARY LOCAL CLIMATOLOGICAL DATA (WS FORM: F-6)
STATION: JOHNSTOWN
MONTH: MARCH
YEAR: 2023
LATITUDE: 40 18 N
LONGITUDE: 78 50 W
TEMPERATURE IN F: :PCPN: SNOW: WIND :SUNSHINE: SKY :PK WND
================================================================================
1 2 3 4 5 6A 6B 7 8 9 10 11 12 13 14 15 16 17 18
12Z AVG MX 2MIN
DY MAX MIN AVG DEP HDD CDD WTR SNW DPTH SPD SPD DIR MIN PSBL S-S WX SPD DR
================================================================================
1 61 27 44 12 21 0 T M M 10.2 23 180 M M 2 1 35 170
2 56 34 45 13 20 0 0.01 M M 13.9 25 290 M M 3 33 300
3 36 29 33 1 32 0 0.42 M M 11.8 35 150 M M 6 136 51 140
4 40 31 36 3 29 0 0.28 M M 18.0 37 290 M M 7 1 49 270
5 48 32 40 7 25 0 0.00 M M 10.4 23 310 M M 3 29 310
6 50 26 38 5 27 0 0.03 M M 6.1 18 40 M M 3 22 40
7 39 24 32 -2 33 0 0.05 M M 15.9 32 310 M M 4 1 43 310
8 41 22 32 -2 33 0 0.00 M M 13.6 20 300 M M 0 27 290
9 46 21 34 0 31 0 0.00 M M 6.5 15 350 M M 0 18 350
10 37 27 32 -2 33 0 0.23 M M 13.9 33 300 M M 9 18 43 280
11 29 25 27 -8 38 0 T M M 12.8 29 310 M M 10 1 38 320
12 29 24 27 -8 38 0 T M M 8.2 16 150 M M 8 18 22 140
13 32 24 28 -7 37 0 0.03 M M 9.6 23 270 M M 10 1 31 270
14 24 20 22 -14 43 0 0.02 M M 21.0 30 300 M M 10 1 41 270
15 37 20 29 -7 36 0 T M M 18.7 31 300 M M 4 189 42 300
16 55 28 42 6 23 0 T 0.0 0 8.7 15 240 M M 0 20 250
17 50 31 41 5 24 0 0.16 M M 12.5 29 290 M M 10 1 37 280
18 35 17 26 -11 39 0 T M M 17.4 28 270 M M 10 1 37 250
19 28 12 20 -17 45 0 T M M 15.8 26 290 M M 6 37 280
20 44 21 33 -4 32 0 0.00 M M 11.3 18 250 M M 0 24 220
21 54 29 42 4 23 0 0.00 M M 8.3 16 230 M M 0 20 290
22 55 42 49 11 16 0 0.09 M M 8.3 15 230 M M 9 1 21 200
23 62 44 53 15 12 0 1.24 M M 13.0 24 320 M M 10 123 36 250
24 44 38 41 2 24 0 0.27 M M 4.4 12 120 M M 10 1 18 70
25 61 37 49 10 16 0 0.26 M M 15.9 31 260 M M 8 12 43 260
26 52 34 43 3 22 0 0.00 M M 12.9 24 310 M M 2 33 220
27 59 39 49 9 16 0 0.01 M M 9.9 22 310 M M 6 1 26 290
28 44 32 38 -2 27 0 0.00 M M 9.6 18 300 M M 9 1 24 310
29 49 27 38 -3 27 0 0.03 M M 11.7 40 300 M M 4 1 50 300
30 43 20 32 -9 33 0 0.00 M M 6.0 16 320 M M 1 22 340
31 56 36 46 4 19 0 0.35 M M 10.0 16 210 M M 7 1 24 200
================================================================================
SM 1396 873 874 0 3.48 0.0 366.3 M 171
================================================================================
AV 45.0 28.2 11.8 FASTST M M 6 MAX(MPH)
MISC ----> 40 300 51 140
================================================================================
NOTES:
# LAST OF SEVERAL OCCURRENCES
COLUMN 17 PEAK WIND IN M.P.H.
PRELIMINARY LOCAL CLIMATOLOGICAL DATA (WS FORM: F-6) , PAGE 2
STATION: JOHNSTOWN
MONTH: MARCH
YEAR: 2023
LATITUDE: 40 18 N
LONGITUDE: 78 50 W
[TEMPERATURE DATA] [PRECIPITATION DATA] SYMBOLS USED IN COLUMN 16
AVERAGE MONTHLY: 36.6 TOTAL FOR MONTH: 3.48 1 = FOG OR MIST
DPTR FM NORMAL: 0.2 DPTR FM NORMAL: 0.36 2 = FOG REDUCING VISIBILITY
HIGHEST: 62 ON 23 GRTST 24HR 1.33 ON 23-24 TO 1/4 MILE OR LESS
LOWEST: 12 ON 19 3 = THUNDER
SNOW, ICE PELLETS, HAIL 4 = ICE PELLETS
TOTAL MONTH: 0.0 INCH 5 = HAIL
GRTST 24HR 0.0 6 = FREEZING RAIN OR DRIZZLE
GRTST DEPTH: 0 7 = DUSTSTORM OR SANDSTORM:
VSBY 1/2 MILE OR LESS
8 = SMOKE OR HAZE
[NO. OF DAYS WITH] [WEATHER - DAYS WITH] 9 = BLOWING SNOW
X = TORNADO
MAX 32 OR BELOW: 5 0.01 INCH OR MORE: 16
MAX 90 OR ABOVE: 0 0.10 INCH OR MORE: 8
MIN 32 OR BELOW: 23 0.50 INCH OR MORE: 1
MIN 0 OR BELOW: 0 1.00 INCH OR MORE: 1
[HDD (BASE 65) ]
TOTAL THIS MO. 874 CLEAR (SCALE 0-3) 11
DPTR FM NORMAL -14 PTCLDY (SCALE 4-7) 10
TOTAL FM JUL 1 4940 CLOUDY (SCALE 8-10) 10
DPTR FM NORMAL -583
[CDD (BASE 65) ]
TOTAL THIS MO. 0
DPTR FM NORMAL 0 [PRESSURE DATA]
TOTAL FM JAN 1 0 HIGHEST SLP 30.40 ON 21
DPTR FM NORMAL 0 LOWEST SLP 29.26 ON 3
[REMARKS]
#FINAL-03-23#