000
CXUS51 KCTP 010900
CF6JST
PRELIMINARY LOCAL CLIMATOLOGICAL DATA (WS FORM: F-6)
STATION: JOHNSTOWN
MONTH: NOVEMBER
YEAR: 2020
LATITUDE: 40 18 N
LONGITUDE: 78 50 W
TEMPERATURE IN F: :PCPN: SNOW: WIND :SUNSHINE: SKY :PK WND
================================================================================
1 2 3 4 5 6A 6B 7 8 9 10 11 12 13 14 15 16 17 18
12Z AVG MX 2MIN
DY MAX MIN AVG DEP HDD CDD WTR SNW DPTH SPD SPD DIR MIN PSBL S-S WX SPD DR
================================================================================
1 52 28 40 -5 25 0 0.08 M M 16.1 36 290 M M 7 8 49 300
2 37 27 32 -13 33 0 T M M 19.1 33 290 M M 8 43 270
3 51 33 42 -3 23 0 0.00 M M 14.1 25 250 M M 1 38 250
4 66 42 54 10 11 0 0.00 M M 8.6 16 200 M M 0 22 190
5 66 48 57 13 8 0 0.00 M M 7.9 17 230 M M 0 21 230
6 65 47 56 12 9 0 0.00 M M 7.6 14 280 M M 0 19 240
7 69 46 58 15 7 0 0.00 M M 5.0 8 240 M M 0 10 230
8 74 47 61 18 4 0 0.00 M M 3.8 8 170 M M 0 10 160
9 72 50 61 19 4 0 0.00 M M 5.6 13 150 M M 0 17 140
10 72 54 63 21 2 0 0.00 M M 9.3 16 170 M M 0 21 170
11 63 53 58 16 7 0 1.51 M M 8.3 16 180 M M 9 12 22 190
12 53 35 44 3 21 0 0.00 M M 6.9 14 310 M M 5 17 330
13 49 33 41 0 24 0 0.00 M M 9.4 20 270 M M 4 26 250
14 46 31 39 -1 26 0 0.00 M M 6.7 13 160 M M 3 8 21 160
15 57 40 49 9 16 0 0.15 M M 18.7 47 270 M M 8 1 57 280
16 45 34 40 0 25 0 0.01 M M 16.2 36 260 M M 5 13 51 250
17 41 25 33 -6 32 0 0.04 M M 15.0 29 310 M M 10 128 35 310
18 33 25 29 -10 36 0 T M M 12.3 26 300 M M 5 8 34 320
19 58 29 44 6 21 0 0.00 M M 10.9 17 210 M M 0 25 220
20 62 52 57 19 8 0 0.00 M M 12.7 23 250 M M 3 32 240
21 54 41 48 11 17 0 0.03 M M 6.6 15 290 M M 9 18 19 280
22 48 39 44 7 21 0 0.21 M M 10.4 20 160 M M 8 18 28 160
23 47 32 40 4 25 0 0.07 M M 14.8 24 280 M M 10 128 31 290
24 41 28 35 -1 30 0 T M M 6.3 16 150 M M 5 23 160
25 54 35 45 9 20 0 0.13 M M 9.6 17 170 M M 6 1 23 160
26 52 45 49 14 16 0 0.25 M M 10.7 22 250 M M 9 128 31 270
27 47 41 44 9 21 0 0.03 M M 7.0 17 290 M M 10 12 22 280
28 43 32 38 4 27 0 T M M 9.8 23 280 M M 5 8 29 290
29 53 31 42 8 23 0 0.00 M M 6.7 12 140 M M 0 15 150
30 48 32 40 7 25 0 0.26 M M 11.5 25 250 M M 9 12 34 260
================================================================================
SM 1618 1135 567 0 2.77 M 307.6 M 139
================================================================================
AV 53.9 37.8 10.3 FASTST M M 5 MAX(MPH)
MISC ----> 47 270 57 280
================================================================================
NOTES:
# LAST OF SEVERAL OCCURRENCES
COLUMN 17 PEAK WIND IN M.P.H.
PRELIMINARY LOCAL CLIMATOLOGICAL DATA (WS FORM: F-6) , PAGE 2
STATION: JOHNSTOWN
MONTH: NOVEMBER
YEAR: 2020
LATITUDE: 40 18 N
LONGITUDE: 78 50 W
[TEMPERATURE DATA] [PRECIPITATION DATA] SYMBOLS USED IN COLUMN 16
AVERAGE MONTHLY: 45.9 TOTAL FOR MONTH: 2.77 1 = FOG OR MIST
DPTR FM NORMAL: 6.4 DPTR FM NORMAL: -0.93 2 = FOG REDUCING VISIBILITY
HIGHEST: 74 ON 8 GRTST 24HR 1.51 ON 11-11 TO 1/4 MILE OR LESS
LOWEST: 25 ON 18,17 3 = THUNDER
SNOW, ICE PELLETS, HAIL 4 = ICE PELLETS
TOTAL MONTH: M 5 = HAIL
GRTST 24HR M ON M 6 = FREEZING RAIN OR DRIZZLE
GRTST DEPTH: M ON M 7 = DUSTSTORM OR SANDSTORM:
VSBY 1/2 MILE OR LESS
8 = SMOKE OR HAZE
[NO. OF DAYS WITH] [WEATHER - DAYS WITH] 9 = BLOWING SNOW
X = TORNADO
MAX 32 OR BELOW: 0 0.01 INCH OR MORE: 12
MAX 90 OR ABOVE: 0 0.10 INCH OR MORE: 6
MIN 32 OR BELOW: 11 0.50 INCH OR MORE: 1
MIN 0 OR BELOW: 0 1.00 INCH OR MORE: 1
[HDD (BASE 65) ]
TOTAL THIS MO. 567 CLEAR (SCALE 0-3) 12
DPTR FM NORMAL -197 PTCLDY (SCALE 4-7) 10
TOTAL FM JUL 1 1127 CLOUDY (SCALE 8-10) 8
DPTR FM NORMAL -336
[CDD (BASE 65) ]
TOTAL THIS MO. 0
DPTR FM NORMAL 0 [PRESSURE DATA]
TOTAL FM JAN 1 645 HIGHEST SLP 30.57 ON 18
DPTR FM NORMAL 257 LOWEST SLP 29.32 ON 30
[REMARKS]
#FINAL-11-20#