000
CXUS51 KCTP 010725
CLSJST
CLIMATE REPORT
NATIONAL WEATHER SERVICE STATE COLLEGE PA
325 AM EDT FRI SEP 01 2023
...................................
...THE JOHNSTOWN CLIMATE SUMMARY FOR THE SEASON, FROM
6/1/2023 TO 8/31/2023...
CLIMATE NORMAL PERIOD 1991 TO 2020
CLIMATE RECORD PERIOD 1892 TO 2023
WEATHER OBSERVED NORMAL DEPART LAST YEAR`S
VALUE DATE(S) VALUE FROM VALUE DATE(S)
NORMAL
................................................................
TEMPERATURE (F)
RECORD
HIGH 104 07/09/1936
LOW 32 08/31/1894
HIGHEST 86 07/28 88 06/22
LOWEST 44 06/08 45 06/19
AVG. MAXIMUM 75.9 76.9 -1.0 77.4
AVG. MINIMUM 59.1 59.4 -0.3 60.7
MEAN 67.5 68.2 -0.7 69.0
DAYS MAX >= 90 0 0.4 -0.4 0
DAYS MAX <= 32 0 0.0 0.0 0
DAYS MIN <= 32 0 0.0 0.0 0
DAYS MIN <= 0 0 0.0 0.0 0
PRECIPITATION (INCHES)
RECORD
MAXIMUM 26.89 1980
MINIMUM 6.25 1894
TOTALS 16.21 12.57 3.64 12.52
DAILY AVG. 0.18 0.14 0.04 0.13
DAYS >= .01 54 42.7 11.3 40
DAYS >= .10 34 25.9 8.1 26
DAYS >= .50 14 8.9 5.1 10
DAYS >= 1.00 1 3.1 -2.1 2
GREATEST
24 HR. TOTAL 1.66 0MM14 TO 08/15 1.23
STORM TOTAL 1.41 1.11
(MM/DD(HH)) MM
DEGREE DAYS
HEATING TOTAL 105 96 9 67
SINCE 7/1 16 37 -21 MM
COOLING TOTAL 362 390 -28 458
SINCE 1/1 383 428 -45 MM
FREEZE DATES
RECORD
EARLIEST 08/31/1894
LATEST 05/27/1915
EARLIEST MM
LATEST 05/03
................................................................
WIND (MPH)
AVERAGE WIND SPEED 7.0
RESULTANT WIND SPEED/DIRECTION 3/250
HIGHEST WIND SPEED/DIRECTION 26/310 DATE 07/20
HIGHEST GUST SPEED/DIRECTION 37/010 DATE 07/20
SKY COVER
POSSIBLE SUNSHINE (PERCENT) MM
AVERAGE SKY COVER 0.46
NUMBER OF DAYS FAIR 36
NUMBER OF DAYS PC 42
NUMBER OF DAYS CLOUDY 14
WEATHER CONDITIONS. NUMBER OF DAYS WITH
THUNDERSTORM 28 MIXED PRECIP 0
HEAVY RAIN 30 RAIN 31
LIGHT RAIN 60 FREEZING RAIN 0
LT FREEZING RAIN 0 HAIL 0
HEAVY SNOW 0 SNOW 0
LIGHT SNOW 0 SLEET 0
FOG 63 FOG W/VIS <= 1/4 MILE 16
HAZE 15
- INDICATES NEGATIVE NUMBERS.
R INDICATES RECORD WAS SET OR TIED.
MM INDICATES DATA IS MISSING.
T INDICATES TRACE AMOUNT.
$$