000
CXUS54 KFWD 010731
CF6JWY
PRELIMINARY LOCAL CLIMATOLOGICAL DATA (WS FORM: F-6)
STATION: WAXAHACHIE
MONTH: MAY
YEAR: 2020
LATITUDE: 32 27 N
LONGITUDE: 96 54 W
TEMPERATURE IN F: :PCPN: SNOW: WIND :SUNSHINE: SKY :PK WND
================================================================================
1 2 3 4 5 6A 6B 7 8 9 10 11 12 13 14 15 16 17 18
12Z AVG MX 2MIN
DY MAX MIN AVG DEP HDD CDD WTR SNW DPTH SPD SPD DIR MIN PSBL S-S WX SPD DR
================================================================================
1 85 56 71 3 0 6 0.00 0.0 0 11.0 23 180 M M 0 28 160
2 87 64 76 7 0 11 0.00 0.0 0 13.3 24 180 M M 2 31 180
3 88 67 78 9 0 13 0.00 0.0 0 12.5 22 190 M M 1 25 190
4 90 68 79 10 0 14 0.00 0.0 0 12.0 21 200 M M 2 27 200
5 79 60 70 0 0 5 0.08 0.0 0 9.8 21 360 M M 4 32 350
6 82 52 67 -3 0 2 0.00 0.0 0 2.5 7 360 M M 0 M M
7 84 55 70 0 0 5 0.18 0.0 0 10.1 25 180 M M 4 35 170
8 72 55 64 -6 1 0 0.00 0.0 0 13.5 24 360 M M 5 33 360
9 73 52 63 -8 2 0 0.00 0.0 0 3.8 8 70 M M 2 M M
10 76 48 62 -9 3 0 0.00 0.0 0 2.3 8 80 M M 0 M M
11 80 55 68 -3 0 3 0.00 0.0 0 5.4 10 150 M M 0 18 140
12 78 66 72 0 0 7 0.09 0.0 0 8.6 13 160 M M 7 17 180
13 84 64 74 2 0 9 0.00 0.0 0 9.0 14 160 M M 8 1 21 170
14 91 69 80 8 0 15 0.00 0.0 0 10.1 17 160 M M 4 22 170
15 88 63 76 4 0 11 0.30 0.0 0 9.2 16 80 M M 8 32 80
16 66 62 64 -9 1 0 3.86 0.0 0 11.7 25 330 M M 10 3 36 340
17 83 64 74 1 0 9 0.29 0.0 0 8.9 16 320 M M 3 22 320
18 89 60 75 2 0 10 0.00 0.0 0 2.8 8 180 M M 0 M M
19 93 66 80 7 0 15 0.00 0.0 0 4.5 12 50 M M 0 17 50
20 80 68 74 0 0 9 0.00 0.0 0 6.0 9 60 M M 5 M M
21 87 68 78 4 0 13 0.00 0.0 0 6.4 14 170 M M 7 1 20 170
22 92 73 83 9 0 18 M 0.0 0 11.1 21 190 M M 5 27 190
23 91 65 78 4 0 13 0.05 0.0 0 8.6 20 350 M M 6 30 350
24 87 62 75 0 0 10 0.23 0.0 0 8.1 16 170 M M 6 21 170
25 70 62 66 -9 0 1 0.95 0.0 0 5.2 14 320 M M 7 22 320
26 75 60 68 -7 0 3 0.04 0.0 0 4.7 10 300 M M 5 M M
27 84 57 71 -5 0 6 0.00 0.0 0 1.4 9 240 M M 1 M M
28 85 63 74 -2 0 9 0.00 0.0 0 3.3 12 350 M M 3 M M
29 87 64 76 0 0 11 0.00 0.0 0 5.0 13 50 M M 0 20 50
30 87 64 76 0 0 11 0.00 0.0 0 3.2 7 110 M M 1 M M
31 87 65 76 0 0 11 0.00 0.0 0 2.1 8 90 M M 1 M M
================================================================================
SM 2580 1917 7 250 6.07 0.0 226.1 M 107
================================================================================
AV 83.2 61.8 7.3 FASTST M M 3 MAX(MPH)
MISC ----> # 25 180 # 36 340
================================================================================
NOTES:
# LAST OF SEVERAL OCCURRENCES
COLUMN 17 PEAK WIND IN M.P.H.
PRELIMINARY LOCAL CLIMATOLOGICAL DATA (WS FORM: F-6) , PAGE 2
STATION: WAXAHACHIE
MONTH: MAY
YEAR: 2020
LATITUDE: 32 27 N
LONGITUDE: 96 54 W
[TEMPERATURE DATA] [PRECIPITATION DATA] SYMBOLS USED IN COLUMN 16
AVERAGE MONTHLY: 72.5 TOTAL FOR MONTH: 6.07 1 = FOG OR MIST
DPTR FM NORMAL: -0.1 DPTR FM NORMAL: 2.08 2 = FOG REDUCING VISIBILITY
HIGHEST: 93 ON 19 GRTST 24HR 3.86 ON 16-16 TO 1/4 MILE OR LESS
LOWEST: 48 ON 10 3 = THUNDER
SNOW, ICE PELLETS, HAIL 4 = ICE PELLETS
TOTAL MONTH: 0.0 INCH 5 = HAIL
GRTST 24HR 0.0 6 = FREEZING RAIN OR DRIZZLE
GRTST DEPTH: 0 7 = DUSTSTORM OR SANDSTORM:
VSBY 1/2 MILE OR LESS
8 = SMOKE OR HAZE
[NO. OF DAYS WITH] [WEATHER - DAYS WITH] 9 = BLOWING SNOW
X = TORNADO
MAX 32 OR BELOW: 0 0.01 INCH OR MORE: 10
MAX 90 OR ABOVE: 5 0.10 INCH OR MORE: 6
MIN 32 OR BELOW: 0 0.50 INCH OR MORE: 2
MIN 0 OR BELOW: 0 1.00 INCH OR MORE: 1
[HDD (BASE 65) ]
TOTAL THIS MO. 7 CLEAR (SCALE 0-3) 16
DPTR FM NORMAL -4 PTCLDY (SCALE 4-7) 14
TOTAL FM JUL 1 1766 CLOUDY (SCALE 8-10) 1
DPTR FM NORMAL -768
[CDD (BASE 65) ]
TOTAL THIS MO. 250
DPTR FM NORMAL 5 [PRESSURE DATA]
TOTAL FM JAN 1 398 HIGHEST SLP M ON M
DPTR FM NORMAL 62 LOWEST SLP M ON M
[REMARKS]
#FINAL-05-20#