000
CXUS55 KPUB 022228
CF6LAA
PRELIMINARY LOCAL CLIMATOLOGICAL DATA (WS FORM: F-6)
STATION: LAMAR CO
MONTH: JUNE
YEAR: 2022
LATITUDE: 38 4 N
LONGITUDE: 102 41 W
TEMPERATURE IN F: :PCPN: SNOW: WIND :SUNSHINE: SKY :PK WND
================================================================================
1 2 3 4 5 6A 6B 7 8 9 10 11 12 13 14 15 16 17 18
12Z AVG MX 2MIN
DY MAX MIN AVG DEP HDD CDD WTR SNW DPTH SPD SPD DIR MIN PSBL S-S WX SPD DR
================================================================================
1 66 52 59 -10 6 0 0.00 M M 9.6 22 20 M M 9 30 30
2 72 49 61 -9 4 0 0.00 M M 9.9 21 150 M M 9 30 160
3 83 55 69 -1 0 4 0.03 M M 14.9 38 280 M M 5 3 50 290
4 91 48 70 0 0 5 0.00 M M 5.9 15 60 M M 0 22 90
5 89 61 75 4 0 10 0.00 M M 8.2 46 50 M M 3 13 64 50
6 89 56 73 2 0 8 0.91 M M 4.8 60 220 M M 5 1238 81 220
7 85 55 70 -2 0 5 1.97 M M 20.8 33 80 M M 4 13 45 70
8 76 55 66 -6 0 1 0.27 M M 7.9 16 40 M M 4 13 19 140
9 91 60 76 4 0 11 0.00 M M 9.5 37 210 M M 1 46 220
10 89 56 73 1 0 8 0.00 M M 6.5 13 150 M M 0 19 120
11 103 60 82 9 0 17 0.00 M M 7.7 18 280 M M 0 18 25 290
12 101 63 82 9 0 17 0.00 M M 7.4 25 150 M M 0 3 35 150
13 104 62 83 10 0 18 0.00 M M 17.5 36 210 M M 0 45 240
14 92 61 77 3 0 12 0.00 M M 10.7 22 350 M M 0 29 340
15 87 55 71 -3 0 6 0.00 M M 8.5 22 20 M M 0 29 20
16 97 58 78 4 0 13 0.06 M M 10.1 41 180 M M 0 3 55 170
17 97 68 83 9 0 18 0.00 M M 18.9 31 170 M M 0 42 170
18 96 71 84 9 0 19 0.00 M M 23.6 32 180 M M 0 43 180
19 95 72 84 9 0 19 0.00 M M 23.0 32 190 M M 0 43 180
20 93 67 80 5 0 15 0.05 M M M M M M M 0 3 M M
21 73 55 64 -12 1 0 0.17 M M 6.6 12 300 M M 5 15 310
22 76 57 67 -9 0 2 T M M 7.0 24 180 M M 7 1 35 180
23 96 64 80 4 0 15 0.00 M M 11.0 28 180 M M 0 37 190
24 98 58 78 2 0 13 0.00 M M 9.3 28 350 M M 0 36 360
25 76 62 69 -7 0 4 T M M 9.9 25 360 M M 3 31 20
26 69 57 63 -14 2 0 T M M 8.7 18 110 M M 3 25 110
27 68 53 61 -16 4 0 0.33 M M 11.1 22 180 M M 6 1 30 180
28 89 46 68 -9 0 3 0.00 M M 6.8 18 130 M M 0 18 23 130
29 97 59 78 1 0 13 0.00 M M 12.5 24 180 M M 0 38 210
30 100 61 81 4 0 16 0.77 M M 13.5 48 290 M M 1 38 64 290
================================================================================
SM 2638 1756 17 272 4.56 M 321.8 M 65
================================================================================
AV 87.9 58.5 11.1 FASTST M M 2 MAX(MPH)
MISC ----> 60 220 81 220
================================================================================
NOTES:
# LAST OF SEVERAL OCCURRENCES
COLUMNS 2,3; USED COOP STATION 05-4770 TO SUPPLEMENT HIGHS ON 19-21 AND LOWS ON
THE 18TH. LOW ON 21ST OCCURRED IN THE EVENING AFTER THE ASOS WAS RESTORED.
COLUMN 7; USED COMBINATION OF COOP STATION 05-4770 (FOR AMOUNTS) AND RADAR (TO
DETERMINE TIMES AND DATES) TO SUPPLEMENTED PRECIP FOR THE 9,19,20 AND 29.
COLUMN 17 PEAK WIND IN M.P.H.
PRELIMINARY LOCAL CLIMATOLOGICAL DATA (WS FORM: F-6) , PAGE 2
STATION: LAMAR CO
MONTH: JUNE
YEAR: 2022
LATITUDE: 38 4 N
LONGITUDE: 102 41 W
[TEMPERATURE DATA] [PRECIPITATION DATA] SYMBOLS USED IN COLUMN 16
AVERAGE MONTHLY: 73.2 TOTAL FOR MONTH: 4.56 1 = FOG OR MIST
DPTR FM NORMAL: -0.7 DPTR FM NORMAL: 2.47 2 = FOG REDUCING VISIBILITY
HIGHEST: 104 ON 13 GRTST 24HR 2.23 ON 7- 8 TO 1/4 MILE OR LESS
LOWEST: 46 ON 28 3 = THUNDER
SNOW, ICE PELLETS, HAIL 4 = ICE PELLETS
TOTAL MONTH: M 5 = HAIL
GRTST 24HR M ON M 6 = FREEZING RAIN OR DRIZZLE
GRTST DEPTH: M ON M 7 = DUSTSTORM OR SANDSTORM:
VSBY 1/2 MILE OR LESS
8 = SMOKE OR HAZE
[NO. OF DAYS WITH] [WEATHER - DAYS WITH] 9 = BLOWING SNOW
X = TORNADO
MAX 32 OR BELOW: 0 0.01 INCH OR MORE: 9
MAX 90 OR ABOVE: 15 0.10 INCH OR MORE: 6
MIN 32 OR BELOW: 0 0.50 INCH OR MORE: 3
MIN 0 OR BELOW: 0 1.00 INCH OR MORE: 1
[HDD (BASE 65) ]
TOTAL THIS MO. 17 CLEAR (SCALE 0-3) 21
DPTR FM NORMAL 5 PTCLDY (SCALE 4-7) 7
TOTAL FM JUL 1 4983 CLOUDY (SCALE 8-10) 2
DPTR FM NORMAL -299
[CDD (BASE 65) ]
TOTAL THIS MO. 272
DPTR FM NORMAL -6 [PRESSURE DATA]
TOTAL FM JAN 1 401 HIGHEST SLP M ON M
DPTR FM NORMAL 43 LOWEST SLP 29.29 ON 13
[REMARKS]
#FINAL-06-22#