000
CXUS55 KPUB 011210
CF6LAA
PRELIMINARY LOCAL CLIMATOLOGICAL DATA (WS FORM: F-6)
STATION: LAMAR CO
MONTH: JUNE
YEAR: 2020
LATITUDE: 38 4 N
LONGITUDE: 102 41 W
TEMPERATURE IN F: :PCPN: SNOW: WIND :SUNSHINE: SKY :PK WND
================================================================================
1 2 3 4 5 6A 6B 7 8 9 10 11 12 13 14 15 16 17 18
12Z AVG MX 2MIN
DY MAX MIN AVG DEP HDD CDD WTR SNW DPTH SPD SPD DIR MIN PSBL S-S WX SPD DR
================================================================================
1 102 60 81 14 0 16 0.00 M M 13.3 28 170 M M M 39 160
2 100 55 78 10 0 13 T 0.0 M 8.2 24 20 M M 0 31 30
3 100 56 78 10 0 13 0.06 0.0 M 6.9 31 230 M M 0 3 44 240
4 101 58 80 12 0 15 T M M 10.4 32 10 M M 0 44 360
5 105 60 83 14 0 18 0.00 M M 11.5 31 180 M M 0 43 180
6 104 73 89 20 0 24 0.00 M M 26.2 40 190 M M 0 57 180
7 103 73 88 19 0 23 0.00 M M 29.6 43 190 M M 0 59 190
8 99 58 79 9 0 14 0.00 M M 17.4 46 350 M M 0 8 67 360
9 67 46 57 -13 8 0 0.41 M M 21.5 47 360 M M 6 18 70 360
10 82 42 62 -8 3 0 0.00 M M 7.2 18 230 M M 0 18 25 220
11 93 55 74 4 0 9 0.00 M M 10.4 17 70 M M 0 25 270
12 96 53 75 4 0 10 0.00 M M 8.7 32 210 M M 0 42 220
13 101 51 76 5 0 11 0.00 M M 14.5 33 200 M M 0 45 200
14 100 72 86 15 0 21 T M M 22.9 37 200 M M 0 50 190
15 102 67 85 13 0 20 0.00 M M 18.6 32 190 M M 0 46 180
16 100 70 85 13 0 20 0.00 M M 25.2 37 180 M M 1 3 53 200
17 106 71 89 17 0 24 0.00 M M 20.5 40 180 M M 0 53 180
18 86 64 75 3 0 10 0.00 M M 19.4 38 360 M M 1 50 10
19 77 54 66 -7 0 1 0.49 M M 6.8 26 70 M M 6 13 34 70
20 92 53 73 0 0 8 0.00 M M 8.3 20 190 M M 0 29 170
21 98 64 81 8 0 16 T M M 8.9 24 80 M M 1 33 80
22 93 56 75 1 0 10 T 0.0 M 6.0 24 40 M M 1 33 50
23 93 60 77 3 0 12 0.28 M M 8.3 29 330 M M 2 3 35 330
24 98 60 79 5 0 14 0.00 0.0 0 6.0 23 260 M M 0 30 250
25 105 63 84 10 0 19 0.03 M M 9.6 31 210 M M 0 3 40 210
26 96 65 81 7 0 16 0.42 M M 11.6 45 210 M M 1 38 56 360
27 100 62 81 6 0 16 0.13 M M 9.4 35 350 M M 1 38 46 350
28 101 58 80 5 0 15 0.00 M M 9.3 25 170 M M 0 38 160
29 106 59 83 8 0 18 0.00 M M 10.4 25 190 M M 0 36 170
30 96 56 76 0 0 11 0.00 M M 9.3 26 30 M M 0 35 10
================================================================================
SM 2902 1794 11 417 1.82 0.0 396.3 M 20
================================================================================
AV 96.7 59.8 13.2 FASTST M M 1 MAX(MPH)
MISC ----> 47 360 70 360
================================================================================
NOTES:
# LAST OF SEVERAL OCCURRENCES
COLUMN 17 PEAK WIND IN M.P.H.
PRELIMINARY LOCAL CLIMATOLOGICAL DATA (WS FORM: F-6) , PAGE 2
STATION: LAMAR CO
MONTH: JUNE
YEAR: 2020
LATITUDE: 38 4 N
LONGITUDE: 102 41 W
[TEMPERATURE DATA] [PRECIPITATION DATA] SYMBOLS USED IN COLUMN 16
AVERAGE MONTHLY: 78.3 TOTAL FOR MONTH: 1.82 1 = FOG OR MIST
DPTR FM NORMAL: 6.7 DPTR FM NORMAL: -0.53 2 = FOG REDUCING VISIBILITY
HIGHEST: 106 ON 29,17 GRTST 24HR 0.49 ON 19-19 TO 1/4 MILE OR LESS
LOWEST: 42 ON 10 3 = THUNDER
SNOW, ICE PELLETS, HAIL 4 = ICE PELLETS
TOTAL MONTH: 0.0 INCH 5 = HAIL
GRTST 24HR 0.0 6 = FREEZING RAIN OR DRIZZLE
GRTST DEPTH: 0 7 = DUSTSTORM OR SANDSTORM:
VSBY 1/2 MILE OR LESS
8 = SMOKE OR HAZE
[NO. OF DAYS WITH] [WEATHER - DAYS WITH] 9 = BLOWING SNOW
X = TORNADO
MAX 32 OR BELOW: 0 0.01 INCH OR MORE: 7
MAX 90 OR ABOVE: 26 0.10 INCH OR MORE: 5
MIN 32 OR BELOW: 0 0.50 INCH OR MORE: 0
MIN 0 OR BELOW: 0 1.00 INCH OR MORE: 0
[HDD (BASE 65) ]
TOTAL THIS MO. 11 CLEAR (SCALE 0-3) 27
DPTR FM NORMAL -9 PTCLDY (SCALE 4-7) 2
TOTAL FM JUL 1 5226 CLOUDY (SCALE 8-10) 1
DPTR FM NORMAL -333
[CDD (BASE 65) ]
TOTAL THIS MO. 417
DPTR FM NORMAL 197 [PRESSURE DATA]
TOTAL FM JAN 1 532 HIGHEST SLP 30.16 ON 10
DPTR FM NORMAL 252 LOWEST SLP 29.25 ON 8
[REMARKS]
#FINAL-06-20#