000
CDUS43 KIND 150533
CLILAF


CLIMATE REPORT
NATIONAL WEATHER SERVICE INDIANAPOLIS IN
1231 AM EST MON DEC 15 2014


...................................

...THE LAFAYETTE IN CLIMATE SUMMARY FOR DECEMBER 14 2014...

CLIMATE NORMAL PERIOD 1981 TO 2010
CLIMATE RECORD PERIOD 9999 TO 9999


WEATHER ITEM   OBSERVED TIME   NORMAL DEPARTURE LAST
                VALUE   (LST)  VALUE  FROM      YEAR
                                      NORMAL
......................................................
TEMPERATURE (F)
 YESTERDAY
  MAXIMUM         48    432 PM  38     10       32
  MINIMUM         42    556 AM  23     19       26
  AVERAGE         45            30     15       29

PRECIPITATION (IN)
  YESTERDAY        0.00          0.07  -0.07     0.33
  MONTH TO DATE    0.64          1.24  -0.60     0.63
  SINCE DEC 1      0.64          1.24  -0.60     0.63
  SINCE JAN 1     38.63         35.31   3.32    38.11

DEGREE DAYS
 HEATING
  YESTERDAY       20            35    -15       36
  MONTH TO DATE  449           450     -1      525
  SINCE DEC 1    449           450     -1      525
  SINCE JUL 1   1901          1551    350     1701

 COOLING
  YESTERDAY        0             0      0        0
  MONTH TO DATE    0             0      0        0
  SINCE DEC 1      0             0      0        0
  SINCE JAN 1    743           983   -240      884
......................................................


WIND (MPH)
  HIGHEST WIND SPEED    13   HIGHEST WIND DIRECTION     S (180)
  HIGHEST GUST SPEED    18   HIGHEST GUST DIRECTION     S (180)
  AVERAGE WIND SPEED     5.7


SKY COVER
  AVERAGE SKY COVER 1.0


WEATHER CONDITIONS
 THE FOLLOWING WEATHER WAS RECORDED YESTERDAY.
  FOG


RELATIVE HUMIDITY (PERCENT)
 HIGHEST   100           900 AM
 LOWEST     86          1200 PM
 AVERAGE    93

..........................................................


THE LAFAYETTE IN CLIMATE NORMALS FOR TODAY
                         NORMAL
 MAXIMUM TEMPERATURE (F)   37
 MINIMUM TEMPERATURE (F)   23


SUNRISE AND SUNSET
DECEMBER 15 2014......SUNRISE   804 AM EST   SUNSET   522 PM EST
DECEMBER 16 2014......SUNRISE   804 AM EST   SUNSET   522 PM EST


-  INDICATES NEGATIVE NUMBERS.
R  INDICATES RECORD WAS SET OR TIED.
MM INDICATES DATA IS MISSING.
T  INDICATES TRACE AMOUNT.




$$
