000
CDUS43 KIND 180531
CLILAF


CLIMATE REPORT
NATIONAL WEATHER SERVICE INDIANAPOLIS IN
131 AM EDT FRI JUL 18 2014


...................................

...THE LAFAYETTE IN CLIMATE SUMMARY FOR JULY 17 2014...

CLIMATE NORMAL PERIOD 1981 TO 2010
CLIMATE RECORD PERIOD 9999 TO 9999


WEATHER ITEM   OBSERVED TIME   NORMAL DEPARTURE LAST
                VALUE   (LST)  VALUE  FROM      YEAR
                                      NORMAL
......................................................
TEMPERATURE (F)
 YESTERDAY
  MAXIMUM         76    314 PM  85     -9       92
  MINIMUM         50    351 AM  64    -14       69
  AVERAGE         63            75    -12       81

PRECIPITATION (IN)
  YESTERDAY        0.00          0.14  -0.14     0.00
  MONTH TO DATE    2.85          2.35   0.50     0.98
  SINCE JUN 1      7.32          6.45   0.87     5.25
  SINCE JAN 1     20.15         20.47  -0.32    23.87

DEGREE DAYS
 HEATING
  YESTERDAY        2             0      2        0
  MONTH TO DATE   10             0     10        0
  SINCE JUN 1     16            22     -6       18
  SINCE JUL 1     10             0     10        0

 COOLING
  YESTERDAY        0            10    -10       16
  MONTH TO DATE   77           170    -93      140
  SINCE JUN 1    302           387    -85      318
  SINCE JAN 1    399           464    -65      419
......................................................


WIND (MPH)
  HIGHEST WIND SPEED     8   HIGHEST WIND DIRECTION    NW (300)
  HIGHEST GUST SPEED    10   HIGHEST GUST DIRECTION    NW (330)
  AVERAGE WIND SPEED     1.2


SKY COVER
  AVERAGE SKY COVER 0.5


WEATHER CONDITIONS
 THE FOLLOWING WEATHER WAS RECORDED YESTERDAY.
  NO SIGNIFICANT WEATHER WAS OBSERVED.


RELATIVE HUMIDITY (PERCENT)
 HIGHEST   100          1200 AM
 LOWEST     46           200 PM
 AVERAGE    73

..........................................................


THE LAFAYETTE IN CLIMATE NORMALS FOR TODAY
                         NORMAL
 MAXIMUM TEMPERATURE (F)   85
 MINIMUM TEMPERATURE (F)   64


SUNRISE AND SUNSET
JULY 18 2014..........SUNRISE   633 AM EDT   SUNSET   915 PM EDT
JULY 19 2014..........SUNRISE   633 AM EDT   SUNSET   914 PM EDT


-  INDICATES NEGATIVE NUMBERS.
R  INDICATES RECORD WAS SET OR TIED.
MM INDICATES DATA IS MISSING.
T  INDICATES TRACE AMOUNT.




$$
