869
CDUS43 KIND 130538
CLILAF


CLIMATE REPORT
NATIONAL WEATHER SERVICE INDIANAPOLIS IN
1238 AM EST FRI JAN 13 2017


...................................

...THE LAFAYETTE IN CLIMATE SUMMARY FOR JANUARY 12 2017...

CLIMATE NORMAL PERIOD 1981 TO 2010
CLIMATE RECORD PERIOD 9999 TO 9999


WEATHER ITEM   OBSERVED TIME   NORMAL DEPARTURE LAST
                VALUE   (LST)  VALUE  FROM      YEAR
                                      NORMAL
......................................................
TEMPERATURE (F)
 YESTERDAY
  MAXIMUM         55   1200 AM  34     21       30
  MINIMUM         24   1159 PM  19      5        3
  AVERAGE         40            26     14       17

PRECIPITATION (IN)
  YESTERDAY        0.47          0.06   0.41     0.07
  MONTH TO DATE    1.47          0.77   0.70     0.84
  SINCE DEC 1      3.03          3.28  -0.25     7.60
  SINCE JAN 1      1.47          0.77   0.70     0.84

DEGREE DAYS
 HEATING
  YESTERDAY       25            39    -14       48
  MONTH TO DATE  468           464      4      433
  SINCE DEC 1   1606          1538     68     1165
  SINCE JUL 1   2452          2639   -187     2114

 COOLING
  YESTERDAY        0             0      0        0
  MONTH TO DATE    0             0      0        0
  SINCE DEC 1      0             0      0        0
  SINCE JAN 1      0             0      0        0
......................................................


WIND (MPH)
  HIGHEST WIND SPEED    23   HIGHEST WIND DIRECTION     N (340)
  HIGHEST GUST SPEED    28   HIGHEST GUST DIRECTION    NW (330)
  AVERAGE WIND SPEED     9.1


SKY COVER
  AVERAGE SKY COVER 1.0


WEATHER CONDITIONS
 THE FOLLOWING WEATHER WAS RECORDED YESTERDAY.
  THUNDERSTORM
  HEAVY RAIN
  RAIN
  LIGHT RAIN
  FOG


RELATIVE HUMIDITY (PERCENT)
 HIGHEST   100          1200 AM
 LOWEST     81          1000 PM
 AVERAGE    91

..........................................................


THE LAFAYETTE IN CLIMATE NORMALS FOR TODAY
                         NORMAL
 MAXIMUM TEMPERATURE (F)   34
 MINIMUM TEMPERATURE (F)   19


SUNRISE AND SUNSET
JANUARY 13 2017.......SUNRISE   809 AM EST   SUNSET   544 PM EST
JANUARY 14 2017.......SUNRISE   809 AM EST   SUNSET   545 PM EST


-  INDICATES NEGATIVE NUMBERS.
R  INDICATES RECORD WAS SET OR TIED.
MM INDICATES DATA IS MISSING.
T  INDICATES TRACE AMOUNT.




$$
