104
CDUS43 KIND 180541
CLILAF


CLIMATE REPORT
NATIONAL WEATHER SERVICE INDIANAPOLIS IN
138 AM EDT SAT MAR 18 2017


...................................

...THE LAFAYETTE IN CLIMATE SUMMARY FOR MARCH 17 2017...

CLIMATE NORMAL PERIOD 1981 TO 2010
CLIMATE RECORD PERIOD 9999 TO 9999


WEATHER ITEM   OBSERVED TIME   NORMAL DEPARTURE LAST
                VALUE   (LST)  VALUE  FROM      YEAR
                                      NORMAL
......................................................
TEMPERATURE (F)
 YESTERDAY
  MAXIMUM         45    730 PM  51     -6       60
  MINIMUM         33    620 AM  32      1       38
  AVERAGE         39            41     -2       49

PRECIPITATION (IN)
  YESTERDAY        0.15          0.09   0.06      T
  MONTH TO DATE    1.07          1.39  -0.32     1.81
  SINCE MAR 1      1.07          1.39  -0.32     1.81
  SINCE JAN 1      5.97          5.01   0.96     4.54

DEGREE DAYS
 HEATING
  YESTERDAY       26            24      2       16
  MONTH TO DATE  488           458     30      309
  SINCE MAR 1    488           458     30      309
  SINCE JUL 1   4176          4792   -616     4117

 COOLING
  YESTERDAY        0             0      0        0
  MONTH TO DATE    0             0      0        0
  SINCE MAR 1      0             0      0        0
  SINCE JAN 1      0             0      0        0
......................................................


WIND (MPH)
  HIGHEST WIND SPEED    15   HIGHEST WIND DIRECTION    SW (210)
  HIGHEST GUST SPEED    20   HIGHEST GUST DIRECTION     S (200)
  AVERAGE WIND SPEED     6.8


SKY COVER
  AVERAGE SKY COVER 1.0


WEATHER CONDITIONS
 THE FOLLOWING WEATHER WAS RECORDED YESTERDAY.
  RAIN
  LIGHT RAIN
  FOG
  FOG W/VISIBILITY <= 1/4 MILE


RELATIVE HUMIDITY (PERCENT)
 HIGHEST   100           600 PM
 LOWEST     52          1200 AM
 AVERAGE    76

..........................................................


THE LAFAYETTE IN CLIMATE NORMALS FOR TODAY
                         NORMAL
 MAXIMUM TEMPERATURE (F)   51
 MINIMUM TEMPERATURE (F)   32


SUNRISE AND SUNSET
MARCH 18 2017.........SUNRISE   754 AM EDT   SUNSET   758 PM EDT
MARCH 19 2017.........SUNRISE   752 AM EDT   SUNSET   759 PM EDT


-  INDICATES NEGATIVE NUMBERS.
R  INDICATES RECORD WAS SET OR TIED.
MM INDICATES DATA IS MISSING.
T  INDICATES TRACE AMOUNT.




$$
