000
CDUS43 KIND 260534
CLILAF


CLIMATE REPORT
NATIONAL WEATHER SERVICE INDIANAPOLIS IN
134 AM EDT WED AUG 26 2015


...................................

...THE LAFAYETTE IN CLIMATE SUMMARY FOR AUGUST 25 2015...

CLIMATE NORMAL PERIOD 1981 TO 2010
CLIMATE RECORD PERIOD 9999 TO 9999


WEATHER ITEM   OBSERVED TIME   NORMAL DEPARTURE LAST
                VALUE   (LST)  VALUE  FROM      YEAR
                                      NORMAL
......................................................
TEMPERATURE (F)
 YESTERDAY
  MAXIMUM         74    210 PM  84    -10       89
  MINIMUM         52    557 AM  62    -10       70
  AVERAGE         63            73    -10       80

PRECIPITATION (IN)
  YESTERDAY        0.00          0.12  -0.12     0.11
  MONTH TO DATE    0.74          2.82  -2.08     3.53
  SINCE JUN 1     15.07         10.89   4.18    11.99
  SINCE JAN 1     24.01         24.91  -0.90    24.82

DEGREE DAYS
 HEATING
  YESTERDAY        2             0      2        0
  MONTH TO DATE    3             0      3        6
  SINCE JUN 1     29            23      6       30
  SINCE JUL 1      9             1      8       24

 COOLING
  YESTERDAY        0             8     -8       15
  MONTH TO DATE  141           218    -77      165
  SINCE JUN 1    541           732   -191      516
  SINCE JAN 1    630           809   -179      613
......................................................


WIND (MPH)
  HIGHEST WIND SPEED    21   HIGHEST WIND DIRECTION     W (280)
  HIGHEST GUST SPEED    27   HIGHEST GUST DIRECTION     W (270)
  AVERAGE WIND SPEED     7.8


SKY COVER
  AVERAGE SKY COVER 0.6


WEATHER CONDITIONS
 THE FOLLOWING WEATHER WAS RECORDED YESTERDAY.
  NO SIGNIFICANT WEATHER WAS OBSERVED.


RELATIVE HUMIDITY (PERCENT)
 HIGHEST    93           500 AM
 LOWEST     46           200 PM
 AVERAGE    70

..........................................................


THE LAFAYETTE IN CLIMATE NORMALS FOR TODAY
                         NORMAL
 MAXIMUM TEMPERATURE (F)   84
 MINIMUM TEMPERATURE (F)   62


SUNRISE AND SUNSET
AUGUST 26 2015........SUNRISE   709 AM EDT   SUNSET   829 PM EDT
AUGUST 27 2015........SUNRISE   710 AM EDT   SUNSET   828 PM EDT


-  INDICATES NEGATIVE NUMBERS.
R  INDICATES RECORD WAS SET OR TIED.
MM INDICATES DATA IS MISSING.
T  INDICATES TRACE AMOUNT.




$$
