000
CDUS43 KIND 140537
CLILAF


CLIMATE REPORT
NATIONAL WEATHER SERVICE INDIANAPOLIS IN
136 AM EDT SUN SEP 14 2014


...................................

...THE LAFAYETTE IN CLIMATE SUMMARY FOR SEPTEMBER 13 2014...

CLIMATE NORMAL PERIOD 1981 TO 2010
CLIMATE RECORD PERIOD 9999 TO 9999


WEATHER ITEM   OBSERVED TIME   NORMAL DEPARTURE LAST
                VALUE   (LST)  VALUE  FROM      YEAR
                                      NORMAL
......................................................
TEMPERATURE (F)
 YESTERDAY
  MAXIMUM         62    353 PM  79    -17       68
  MINIMUM         42    736 AM  56    -14       50
  AVERAGE         52            67    -15       59

PRECIPITATION (IN)
  YESTERDAY        0.05          0.10  -0.05     0.00
  MONTH TO DATE    2.67          1.19   1.48     0.80
  SINCE SEP 1      2.67          1.19   1.48     0.80
  SINCE JAN 1     27.99         26.74   1.25    28.43

DEGREE DAYS
 HEATING
  YESTERDAY       13             2     11        6
  MONTH TO DATE   37            13     24        7
  SINCE SEP 1     37            13     24        7
  SINCE JUL 1     61            19     42       27

 COOLING
  YESTERDAY        0             4     -4        0
  MONTH TO DATE   56            70    -14      110
  SINCE SEP 1     56            70    -14      110
  SINCE JAN 1    732           922   -190      836
......................................................


WIND (MPH)
  HIGHEST WIND SPEED    18   HIGHEST WIND DIRECTION    NW (320)
  HIGHEST GUST SPEED    24   HIGHEST GUST DIRECTION     N (340)
  AVERAGE WIND SPEED     7.5


SKY COVER
  AVERAGE SKY COVER 0.3


WEATHER CONDITIONS
 THE FOLLOWING WEATHER WAS RECORDED YESTERDAY.
  LIGHT RAIN
  FOG


RELATIVE HUMIDITY (PERCENT)
 HIGHEST   100          1100 PM
 LOWEST     49           600 PM
 AVERAGE    75

..........................................................


THE LAFAYETTE IN CLIMATE NORMALS FOR TODAY
                         NORMAL
 MAXIMUM TEMPERATURE (F)   79
 MINIMUM TEMPERATURE (F)   55


SUNRISE AND SUNSET
SEPTEMBER 14 2014.....SUNRISE   727 AM EDT   SUNSET   758 PM EDT
SEPTEMBER 15 2014.....SUNRISE   728 AM EDT   SUNSET   757 PM EDT


-  INDICATES NEGATIVE NUMBERS.
R  INDICATES RECORD WAS SET OR TIED.
MM INDICATES DATA IS MISSING.
T  INDICATES TRACE AMOUNT.




$$
