000
CDUS43 KIND 122037
CLILAF


CLIMATE REPORT
NATIONAL WEATHER SERVICE INDIANAPOLIS IN
437 PM EDT TUE JUL 12 2016


...................................

...THE LAFAYETTE IN CLIMATE SUMMARY FOR JULY 12 2016...
VALID TODAY AS OF 0400 PM LOCAL TIME.

CLIMATE NORMAL PERIOD 1981 TO 2010
CLIMATE RECORD PERIOD 9999 TO 9999


WEATHER ITEM   OBSERVED TIME   NORMAL DEPARTURE LAST
                VALUE   (LST)  VALUE  FROM      YEAR
                                      NORMAL
......................................................
TEMPERATURE (F)
 TODAY
  MAXIMUM         88    259 PM  85      3       83
  MINIMUM         67    454 AM  64      3       67
  AVERAGE         78            75      3       75

PRECIPITATION (IN)
  TODAY            0.00          0.15  -0.15     0.04
  MONTH TO DATE    1.03          1.67  -0.64     1.89
  SINCE JUN 1      6.56          5.77   0.79     9.55
  SINCE JAN 1     18.67         19.79  -1.12    18.49

......................................................


WIND (MPH)
  HIGHEST WIND SPEED    20   HIGHEST WIND DIRECTION     S (190)
  HIGHEST GUST SPEED    29   HIGHEST GUST DIRECTION     S (200)
  AVERAGE WIND SPEED     6.9


SKY COVER
  AVERAGE SKY COVER 0.2


WEATHER CONDITIONS
 THE FOLLOWING WEATHER WAS RECORDED TODAY.
  NO SIGNIFICANT WEATHER WAS OBSERVED.


RELATIVE HUMIDITY (PERCENT)
 HIGHEST   100           500 AM
 LOWEST     68           200 PM

..........................................................


THE LAFAYETTE IN CLIMATE NORMALS FOR TOMORROW
                         NORMAL
 MAXIMUM TEMPERATURE (F)   85
 MINIMUM TEMPERATURE (F)   64


SUNRISE AND SUNSET
JULY 12 2016..........SUNRISE   628 AM EDT   SUNSET   918 PM EDT
JULY 13 2016..........SUNRISE   629 AM EDT   SUNSET   918 PM EDT


-  INDICATES NEGATIVE NUMBERS.
R  INDICATES RECORD WAS SET OR TIED.
MM INDICATES DATA IS MISSING.
T  INDICATES TRACE AMOUNT.




$$
