000
CDUS43 KIND 222047
CLILAF


CLIMATE REPORT
NATIONAL WEATHER SERVICE INDIANAPOLIS IN
447 PM EDT SUN MAR 22 2015


...................................

...THE LAFAYETTE IN CLIMATE SUMMARY FOR MARCH 22 2015...
VALID TODAY AS OF 0400 PM LOCAL TIME.

CLIMATE NORMAL PERIOD 1981 TO 2010
CLIMATE RECORD PERIOD 9999 TO 9999


WEATHER ITEM   OBSERVED TIME   NORMAL DEPARTURE LAST
                VALUE   (LST)  VALUE  FROM      YEAR
                                      NORMAL
......................................................
TEMPERATURE (F)
 TODAY
  MAXIMUM         47    222 PM  53     -6       49
  MINIMUM         30    453 AM  33     -3       30
  AVERAGE         39            43     -4       40

PRECIPITATION (IN)
  TODAY            0.00          0.09  -0.09     0.00
  MONTH TO DATE    0.25          1.82  -1.57     1.12
  SINCE MAR 1      0.25          1.82  -1.57     1.12
  SINCE JAN 1      1.98          5.44  -3.46     4.46

......................................................


WIND (MPH)
  HIGHEST WIND SPEED    20   HIGHEST WIND DIRECTION     E (70)
  HIGHEST GUST SPEED    24   HIGHEST GUST DIRECTION     E (70)
  AVERAGE WIND SPEED    10.4


SKY COVER
  AVERAGE SKY COVER 0.0


WEATHER CONDITIONS
 THE FOLLOWING WEATHER WAS RECORDED TODAY.
  NO SIGNIFICANT WEATHER WAS OBSERVED.


RELATIVE HUMIDITY (PERCENT)
 HIGHEST    78           500 AM
 LOWEST     38           200 PM

..........................................................


THE LAFAYETTE IN CLIMATE NORMALS FOR TOMORROW
                         NORMAL
 MAXIMUM TEMPERATURE (F)   54
 MINIMUM TEMPERATURE (F)   34


SUNRISE AND SUNSET
MARCH 22 2015.........SUNRISE   748 AM EDT   SUNSET   802 PM EDT
MARCH 23 2015.........SUNRISE   747 AM EDT   SUNSET   803 PM EDT


-  INDICATES NEGATIVE NUMBERS.
R  INDICATES RECORD WAS SET OR TIED.
MM INDICATES DATA IS MISSING.
T  INDICATES TRACE AMOUNT.




$$
