000
CDUS43 KIND 170548
CLILAF


CLIMATE REPORT
NATIONAL WEATHER SERVICE INDIANAPOLIS IN
147 AM EDT FRI OCT 17 2014


...................................

...THE LAFAYETTE IN CLIMATE SUMMARY FOR OCTOBER 16 2014...

CLIMATE NORMAL PERIOD 1981 TO 2010
CLIMATE RECORD PERIOD 9999 TO 9999


WEATHER ITEM   OBSERVED TIME   NORMAL DEPARTURE LAST
                VALUE   (LST)  VALUE  FROM      YEAR
                                      NORMAL
......................................................
TEMPERATURE (F)
 YESTERDAY
  MAXIMUM         59    204 PM  65     -6       61
  MINIMUM         51   1159 PM  43      8       43
  AVERAGE         55            54      1       52

PRECIPITATION (IN)
  YESTERDAY        0.00          0.08  -0.08     0.04
  MONTH TO DATE    5.08          1.51   3.57     1.86
  SINCE SEP 1      9.88          4.17   5.71     5.79
  SINCE JAN 1     35.20         29.72   5.48    33.42

DEGREE DAYS
 HEATING
  YESTERDAY       10            11     -1       13
  MONTH TO DATE  174           145     29       83
  SINCE SEP 1    300           224     76      142
  SINCE JUL 1    324           230     94      162

 COOLING
  YESTERDAY        0             0      0        0
  MONTH TO DATE    7            13     -6       31
  SINCE SEP 1     67           126    -59      158
  SINCE JAN 1    743           978   -235      884
......................................................


WIND (MPH)
  HIGHEST WIND SPEED    13   HIGHEST WIND DIRECTION     W (260)
  HIGHEST GUST SPEED    16   HIGHEST GUST DIRECTION     W (270)
  AVERAGE WIND SPEED     6.9


SKY COVER
  AVERAGE SKY COVER 0.9


WEATHER CONDITIONS
 THE FOLLOWING WEATHER WAS RECORDED YESTERDAY.
  FOG


RELATIVE HUMIDITY (PERCENT)
 HIGHEST   100          1200 AM
 LOWEST     75           200 PM
 AVERAGE    88

..........................................................


THE LAFAYETTE IN CLIMATE NORMALS FOR TODAY
                         NORMAL
 MAXIMUM TEMPERATURE (F)   65
 MINIMUM TEMPERATURE (F)   43


SUNRISE AND SUNSET
OCTOBER 17 2014.......SUNRISE   801 AM EDT   SUNSET   705 PM EDT
OCTOBER 18 2014.......SUNRISE   802 AM EDT   SUNSET   703 PM EDT


-  INDICATES NEGATIVE NUMBERS.
R  INDICATES RECORD WAS SET OR TIED.
MM INDICATES DATA IS MISSING.
T  INDICATES TRACE AMOUNT.




$$
