534
CDUS43 KIND 270533
CLILAF


CLIMATE REPORT
NATIONAL WEATHER SERVICE INDIANAPOLIS IN
1231 AM EST SUN NOV 27 2016


...................................

...THE LAFAYETTE IN CLIMATE SUMMARY FOR NOVEMBER 26 2016...

CLIMATE NORMAL PERIOD 1981 TO 2010
CLIMATE RECORD PERIOD 9999 TO 9999


WEATHER ITEM   OBSERVED TIME   NORMAL DEPARTURE LAST
                VALUE   (LST)  VALUE  FROM      YEAR
                                      NORMAL
......................................................
TEMPERATURE (F)
 YESTERDAY
  MAXIMUM         46    420 PM  46      0       64
  MINIMUM         35   1140 PM  30      5       50
  AVERAGE         41            38      3       57

PRECIPITATION (IN)
  YESTERDAY        0.00          0.10  -0.10      T
  MONTH TO DATE    2.19          2.57  -0.38     1.58
  SINCE SEP 1      6.23          8.12  -1.89     6.22
  SINCE JAN 1     33.57         33.67  -0.10    30.23

DEGREE DAYS
 HEATING
  YESTERDAY       24            27     -3        8
  MONTH TO DATE  494           554    -60      492
  SINCE SEP 1    756           982   -226      845
  SINCE JUL 1    766           988   -222      854

 COOLING
  YESTERDAY        0             0      0        0
  MONTH TO DATE    3             0      3        0
  SINCE SEP 1    190           130     60      157
  SINCE JAN 1   1102           982    120      816
......................................................


WIND (MPH)
  HIGHEST WIND SPEED    13   HIGHEST WIND DIRECTION    SW (210)
  HIGHEST GUST SPEED    18   HIGHEST GUST DIRECTION     W (250)
  AVERAGE WIND SPEED     5.1


SKY COVER
  AVERAGE SKY COVER 0.7


WEATHER CONDITIONS
 THE FOLLOWING WEATHER WAS RECORDED YESTERDAY.
  NO SIGNIFICANT WEATHER WAS OBSERVED.


RELATIVE HUMIDITY (PERCENT)
 HIGHEST    92           600 AM
 LOWEST     71           300 PM
 AVERAGE    82

..........................................................


THE LAFAYETTE IN CLIMATE NORMALS FOR TODAY
                         NORMAL
 MAXIMUM TEMPERATURE (F)   45
 MINIMUM TEMPERATURE (F)   30


SUNRISE AND SUNSET
NOVEMBER 27 2016......SUNRISE   748 AM EST   SUNSET   523 PM EST
NOVEMBER 28 2016......SUNRISE   749 AM EST   SUNSET   523 PM EST


-  INDICATES NEGATIVE NUMBERS.
R  INDICATES RECORD WAS SET OR TIED.
MM INDICATES DATA IS MISSING.
T  INDICATES TRACE AMOUNT.




$$
