000
CXUS55 KCYS 011610
CF6LAR
PRELIMINARY LOCAL CLIMATOLOGICAL DATA (WS FORM: F-6)
STATION: LARAMIE WYOMING AIRPORT
MONTH: JUNE
YEAR: 2023
LATITUDE: 41 18 N
LONGITUDE: 105 40 W
TEMPERATURE IN F: :PCPN: SNOW: WIND :SUNSHINE: SKY :PK WND
================================================================================
1 2 3 4 5 6A 6B 7 8 9 10 11 12 13 14 15 16 17 18
12Z AVG MX 2MIN
DY MAX MIN AVG DEP HDD CDD WTR SNW DPTH SPD SPD DIR MIN PSBL S-S WX SPD DR
================================================================================
1 67 45 56 2 9 0 0.98 M M 9.2 25 190 M M 4 13 30 190
2 60 45 53 -1 12 0 T M M 8.8 17 230 M M 8 1 24 240
3 60 45 53 -1 12 0 T M M 5.5 16 90 M M 7 20 30
4 58 49 54 0 11 0 0.06 M M 8.6 18 150 M M 8 1 24 140
5 67 46 57 2 8 0 0.01 M M 15.5 29 140 M M 4 13 37 160
6 73 41 57 2 8 0 0.19 M M 7.4 23 130 M M 2 13 28 360
7 69 43 56 1 9 0 0.76 M M 6.1 22 210 M M 3 3 28 200
8 65 43 54 -2 11 0 0.08 M M 4.7 18 290 M M 3 3 23 320
9 68 44 56 0 9 0 0.00 M M 5.0 21 80 M M 1 27 80
10 67 44 56 0 9 0 T M M 7.7 30 220 M M 3 3 37 230
11 63 41 52 -5 13 0 T M M 13.0 26 160 M M 3 3 34 150
12 61 47 54 -3 11 0 0.19 M M 9.7 21 280 M M 7 3 27 310
13 62 46 54 -3 11 0 0.26 M M 3.7 22 30 M M 8 13 31 30
14 69 42 56 -2 9 0 0.01 M M 12.6 28 290 M M 4 3 35 300
15 62 46 54 -4 11 0 0.10 M M 8.0 25 310 M M 6 31 310
16 61 46 54 -4 11 0 0.01 M M 8.8 18 60 M M 7 29 330
17 66 40 53 -5 12 0 T M M 9.9 24 300 M M 5 34 250
18 75 45 60 1 5 0 0.00 M M 15.0 33 240 M M 2 44 230
19 81 48 65 6 0 0 0.00 M M 16.6 30 190 M M 0 39 200
20 79 50 65 6 0 0 0.00 M M 12.3 25 210 M M 1 37 230
21 76 39 58 -2 7 0 0.00 M M 13.8 32 150 M M 1 44 170
22 74 51 63 3 2 0 T M M 15.6 29 130 M M 6 3 40 130
23 80 48 64 4 1 0 0.00 M M 15.6 31 310 M M 2 43 320
24 73 42 58 -2 7 0 0.00 M M 18.2 35 270 M M 1 46 280
25 77 38 58 -3 7 0 0.00 M M 11.0 24 150 M M 1 33 140
26 84 44 64 3 1 0 0.00 M M 13.1 31 240 M M 0 43 250
27 83 45 64 3 1 0 0.00 M M 15.7 37 240 M M 0 50 260
28 83 44 64 2 1 0 0.00 M M 9.8 25 250 M M 2 3 36 230
29 77 48 63 1 2 0 0.77 M M 10.2 28 60 M M 5 135 39 60
30 63 43 53 -9 12 0 0.48 M M 7.2 20 170 M M 3 13 24 70
================================================================================
SM 2103 1338 222 0 3.90 M 318.3 M 107
================================================================================
AV 70.1 44.6 10.6 FASTST M M 4 MAX(MPH)
MISC ----> 37 240 50 260
================================================================================
NOTES:
# LAST OF SEVERAL OCCURRENCES
COLUMN 17 PEAK WIND IN M.P.H.
PRELIMINARY LOCAL CLIMATOLOGICAL DATA (WS FORM: F-6) , PAGE 2
STATION: LARAMIE WYOMING AIRPORT
MONTH: JUNE
YEAR: 2023
LATITUDE: 41 18 N
LONGITUDE: 105 40 W
[TEMPERATURE DATA] [PRECIPITATION DATA] SYMBOLS USED IN COLUMN 16
AVERAGE MONTHLY: 57.4 TOTAL FOR MONTH: 3.90 1 = FOG OR MIST
DPTR FM NORMAL: -0.7 DPTR FM NORMAL: 2.41 2 = FOG REDUCING VISIBILITY
HIGHEST: 84 ON 26 GRTST 24HR 1.16 ON 29-30 TO 1/4 MILE OR LESS
LOWEST: 38 ON 25 3 = THUNDER
SNOW, ICE PELLETS, HAIL 4 = ICE PELLETS
TOTAL MONTH: M 5 = HAIL
GRTST 24HR M ON M 6 = FREEZING RAIN OR DRIZZLE
GRTST DEPTH: M ON M 7 = DUSTSTORM OR SANDSTORM:
VSBY 1/2 MILE OR LESS
8 = SMOKE OR HAZE
[NO. OF DAYS WITH] [WEATHER - DAYS WITH] 9 = BLOWING SNOW
X = TORNADO
MAX 32 OR BELOW: 0 0.01 INCH OR MORE: 13
MAX 90 OR ABOVE: 0 0.10 INCH OR MORE: 8
MIN 32 OR BELOW: 0 0.50 INCH OR MORE: 3
MIN 0 OR BELOW: 0 1.00 INCH OR MORE: 0
[HDD (BASE 65) ]
TOTAL THIS MO. 222 CLEAR (SCALE 0-3) 15
DPTR FM NORMAL 1 PTCLDY (SCALE 4-7) 13
TOTAL FM JUL 1 8607 CLOUDY (SCALE 8-10) 2
DPTR FM NORMAL -68
[CDD (BASE 65) ]
TOTAL THIS MO. 0
DPTR FM NORMAL -10 [PRESSURE DATA]
TOTAL FM JAN 1 0 HIGHEST SLP 30.11 ON 30
DPTR FM NORMAL -10 LOWEST SLP 29.57 ON 19
[REMARKS]
#FINAL-06-23#