000
CXUS55 KVEF 070610
CLMLAS
CLIMATE REPORT
NATIONAL WEATHER SERVICE LAS VEGAS, NV
1010 PM PST TUE FEB 06 2024
...................................
...THE LAS VEGAS NV CLIMATE SUMMARY FOR THE MONTH OF JANUARY 2024...
CLIMATE NORMAL PERIOD: 1991 TO 2020
CLIMATE RECORD PERIOD: 1937 TO 2024
WEATHER OBSERVED NORMAL DEPART LAST YEAR`S
VALUE DATE(S) VALUE FROM VALUE DATE(S)
NORMAL
................................................................
TEMPERATURE (F)
RECORD
HIGH 77 01/26/1975
LOW 8 01/13/1963
01/25/1937
HIGHEST 72 01/29 61 01/10
01/30
LOWEST 31 01/10 31 01/31
AVG. MAXIMUM 58.3 58.5 -0.2 54.7
AVG. MINIMUM 41.5 40.5 1.0 39.4
MEAN 49.9 49.5 0.4 47.0
DAYS MAX >= 90 0 0.0 0.0 0
DAYS MAX <= 32 0 0.0 0.0 0
DAYS MIN <= 32 3 3.3 -0.3 1
DAYS MIN <= 0 0 0.0 0.0 0
PRECIPITATION (INCHES)
RECORD
MAXIMUM 3.00 1995
MINIMUM 0.00 2020
TOTALS 0.26 0.56 -0.30 0.68
DAILY AVG. 0.01 0.02 -0.01 0.02
DAYS >= .01 4 3.1 0.9 7
DAYS >= .10 1 1.6 -0.6 4
DAYS >= .50 0 0.2 -0.2 0
DAYS >= 1.00 0 0.0 0.0 0
GREATEST
24 HR. TOTAL 0.14 01/22 TO 01/22 0.14 01/05 TO 01/05
01/09 TO 01/10
SNOWFALL (INCHES)
RECORDS
TOTAL 16.7 1949
24 HR TOTAL 7.4 01/31/1979
TOTALS T 0.0 0.0 0.0
SINCE 7/1 T
DAYS >= TRACE 1
DAYS >= 1.0 0
GREATEST
SNOW DEPTH 0
24 HR TOTAL T 01/03 TO 01/03
STORM TOTAL 0.0
DEGREE DAYS
HEATING TOTAL 464 480 -16 552
SINCE 7/1 1043 1282 -239 MM
COOLING TOTAL 0 0 0 0
SINCE 1/1 0 0 0 MM
FREEZE DATES
RECORD
EARLIEST 10/21/1949
LATEST 04/12/1967
EARLIEST 01/10 MM
LATEST 02/01
................................................................
WIND (MPH)
AVERAGE WIND SPEED 5.5
HIGHEST WIND SPEED/DIRECTION 35/320 DATE 01/07
HIGHEST GUST SPEED/DIRECTION 47/320 DATE 01/07
47/320 01/11
SKY COVER
POSSIBLE SUNSHINE (PERCENT) MM
AVERAGE SKY COVER 0.53
NUMBER OF DAYS FAIR 7
NUMBER OF DAYS PC 16
NUMBER OF DAYS CLOUDY 8
AVERAGE RH (PERCENT) 46
WEATHER CONDITIONS. NUMBER OF DAYS WITH
THUNDERSTORM 0 MIXED PRECIP 0
HEAVY RAIN 0 RAIN 0
LIGHT RAIN 7 FREEZING RAIN 0
LT FREEZING RAIN 0 HAIL 1
HEAVY SNOW 0 SNOW 0
LIGHT SNOW 0 SLEET 0
FOG 2 FOG W/VIS <= 1/4 MILE 0
HAZE 1
- INDICATES NEGATIVE NUMBERS.
R INDICATES RECORD WAS SET OR TIED.
MM INDICATES DATA IS MISSING.
T INDICATES TRACE AMOUNT.
$$