000
CXUS55 KVEF 011705
CLMLAS
CLIMATE REPORT
NATIONAL WEATHER SERVICE LAS VEGAS, NV
1005 AM PDT MON MAY 01 2023
...................................
...THE LAS VEGAS NV CLIMATE SUMMARY FOR THE MONTH OF APRIL 2023...
CLIMATE NORMAL PERIOD: 1991 TO 2020
CLIMATE RECORD PERIOD: 1937 TO 2023
WEATHER OBSERVED NORMAL DEPART LAST YEAR`S
VALUE DATE(S) VALUE FROM VALUE DATE(S)
NORMAL
................................................................
TEMPERATURE (F)
RECORD
HIGH 99 04/29/2020
04/29/2013
04/22/2012
LOW 31 04/02/1975
04/03/1955
04/04/1945
HIGHEST 98 04/30 MM MM 91 04/09
04/18
LOWEST 40 04/05 MM MM 45 04/13
AVG. MAXIMUM 79.8 78.5 1.3 81.4
AVG. MINIMUM 56.6 56.9 -0.3 58.8
MEAN 68.2 67.7 0.5 70.1
DAYS MAX >= 90 6 3.5 2.5 4
DAYS MAX <= 32 0 0.0 0.0 0
DAYS MIN <= 32 0 0.0 0.0 0
DAYS MIN <= 0 0 0.0 0.0 0
PRECIPITATION (INCHES)
RECORD
MAXIMUM 2.44 1965
MINIMUM 0.00 2018
TOTALS T 0.20 -0.20 T
DAILY AVG. T 0.01 -0.01 T
DAYS >= .01 0 1.6 -1.6 0
DAYS >= .10 0 0.5 -0.5 0
DAYS >= .50 0 0.1 -0.1 0
DAYS >= 1.00 0 0.0 0.0 0
GREATEST
24 HR. TOTAL T 04/03 TO 04/03
SNOWFALL (INCHES)
RECORDS
TOTAL 0.0 2002
24 HR TOTAL 0.0
TOTALS 0.0 0.0 0.0 0.0
SINCE 7/1 T
SNOWDEPTH AVG. 0
DAYS >= TRACE 0
DAYS >= 1.0 0
GREATEST
SNOW DEPTH 0
24 HR TOTAL MM
STORM TOTAL 0.0
DEGREE DAYS
HEATING TOTAL 71 55 16 25
SINCE 7/1 2300 1825 475 MM
COOLING TOTAL 175 136 39 183
SINCE 1/1 178 173 5 MM
FREEZE DATES
RECORD
EARLIEST 10/21/1949
LATEST 04/12/1967
EARLIEST 12/16
LATEST 02/03
................................................................
WIND (MPH)
AVERAGE WIND SPEED 8.3
HIGHEST WIND SPEED/DIRECTION 37/340 DATE 04/03
HIGHEST GUST SPEED/DIRECTION 52/230 DATE 04/03
SKY COVER
POSSIBLE SUNSHINE (PERCENT) MM
AVERAGE SKY COVER 0.32
NUMBER OF DAYS FAIR 16
NUMBER OF DAYS PC 14
NUMBER OF DAYS CLOUDY 0
AVERAGE RH (PERCENT) 18
WEATHER CONDITIONS. NUMBER OF DAYS WITH
THUNDERSTORM 0 MIXED PRECIP 0
HEAVY RAIN 0 RAIN 0
LIGHT RAIN 1 FREEZING RAIN 0
LT FREEZING RAIN 0 HAIL 0
HEAVY SNOW 0 SNOW 0
LIGHT SNOW 0 SLEET 0
FOG 0 FOG W/VIS <= 1/4 MILE 0
HAZE 0
- INDICATES NEGATIVE NUMBERS.
R INDICATES RECORD WAS SET OR TIED.
MM INDICATES DATA IS MISSING.
T INDICATES TRACE AMOUNT.
$$