335
CXUS54 KOUN 011426
CF6LAW
PRELIMINARY LOCAL CLIMATOLOGICAL DATA (WS FORM: F-6)
STATION: LAWTON
MONTH: MARCH
YEAR: 2020
LATITUDE: 34 34 N
LONGITUDE: 98 25 W
TEMPERATURE IN F: :PCPN: SNOW: WIND :SUNSHINE: SKY :PK WND
================================================================================
1 2 3 4 5 6A 6B 7 8 9 10 11 12 13 14 15 16 17 18
12Z AVG MX 2MIN
DY MAX MIN AVG DEP HDD CDD WTR SNW DPTH SPD SPD DIR MIN PSBL S-S WX SPD DR
================================================================================
1 82 43 63 14 2 0 0.00 0.0 0 9.2 20 210 M M 0 26 220
2 62 41 52 3 13 0 0.00 0.0 0 8.4 26 360 M M 0 31 350
3 69 41 55 5 10 0 0.03 0.0 0 6.7 18 360 M M 2 25 360
4 60 40 50 0 15 0 0.01 0.0 0 8.2 20 40 M M 2 8 23 30
5 70 27 49 -1 16 0 0.00 0.0 0 9.6 29 20 M M 0 1 36 10
6 67 25 46 -5 19 0 0.00 0.0 0 3.1 13 160 M M 0 16 170
7 70 29 50 -1 15 0 0.00 0.0 0 11.1 26 170 M M 0 8 33 160
8 59 45 52 1 13 0 0.34 0.0 0 12.6 24 170 M M 6 1 30 170
9 73 49 61 9 4 0 0.03 0.0 0 12.0 22 220 M M 4 32 230
10 76 38 57 5 8 0 0.00 0.0 0 6.8 16 180 M M 0 21 190
11 76 52 64 12 1 0 0.00 0.0 0 4.7 13 220 M M 0 17 10
12 87 49 68 15 0 3 0.00 0.0 0 9.3 25 30 M M 0 18 31 30
13 61 48 55 2 10 0 0.28 0.0 0 14.8 24 60 M M 8 18 33 50
14 59 45 52 -1 13 0 0.22 0.0 0 12.4 18 20 M M 9 13 23 20
15 49 43 46 -8 19 0 T 0.0 0 11.3 20 30 M M 10 1 24 30
16 61 47 54 0 11 0 0.00 0.0 0 5.6 10 170 M M 10 1 13 10
17 58 53 56 2 9 0 1.48 0.0 0 10.8 20 40 M M 10 13 25 40
18 78 55 67 12 0 2 0.01 0.0 0 7.1 20 170 M M 8 12 27 160
19 78 56 67 12 0 2 1.80 0.0 0 10.5 26 230 M M 3 13 35 230
20 61 39 50 -5 15 0 0.00 0.0 0 17.1 29 340 M M 5 38 330
21 60 35 48 -8 17 0 0.23 0.0 0 8.2 17 70 M M 3 1 21 60
22 59 48 54 -2 11 0 0.07 0.0 0 6.6 14 180 M M 9 1 17 180
23 71 53 62 6 3 0 0.00 0.0 0 10.7 22 130 M M 9 12 26 120
24 76 55 66 10 0 1 0.00 0.0 0 9.1 20 170 M M 2 1 26 170
25 85 47 66 9 0 1 0.00 0.0 0 7.6 18 190 M M 0 1 23 210
26 92 52 72 15 0 7 0.00 0.0 0 8.6 21 170 M M 0 28 170
27 81 60 71 14 0 6 0.00 0.0 0 7.9 16 160 M M 3 128 22 160
28 72 53 63 5 2 0 0.01 0.0 0 11.5 22 280 M M 1 138 30 270
29 71 39 55 -3 10 0 0.00 0.0 0 3.7 17 10 M M 0 21 10
30 62 51 57 -1 8 0 0.75 0.0 0 9.8 23 140 M M 9 13 28 130
31 67 49 58 0 7 0 0.00 0.0 0 5.9 16 20 M M 5 1 20 20
================================================================================
SM 2152 1407 251 22 5.26 0.0 280.9 M 118
================================================================================
AV 69.4 45.4 9.1 FASTST M M 4 MAX(MPH)
MISC ----> # 29 20 # 38 330
================================================================================
NOTES:
# LAST OF SEVERAL OCCURRENCES
COLUMN 17 PEAK WIND IN M.P.H.
PRELIMINARY LOCAL CLIMATOLOGICAL DATA (WS FORM: F-6) , PAGE 2
STATION: LAWTON
MONTH: MARCH
YEAR: 2020
LATITUDE: 34 34 N
LONGITUDE: 98 25 W
[TEMPERATURE DATA] [PRECIPITATION DATA] SYMBOLS USED IN COLUMN 16
AVERAGE MONTHLY: 57.4 TOTAL FOR MONTH: 5.26 1 = FOG OR MIST
DPTR FM NORMAL: 3.6 DPTR FM NORMAL: 2.93 2 = FOG REDUCING VISIBILITY
HIGHEST: 92 ON 26 GRTST 24HR 1.80 ON 19-19 TO 1/4 MILE OR LESS
LOWEST: 25 ON 6 3 = THUNDER
SNOW, ICE PELLETS, HAIL 4 = ICE PELLETS
TOTAL MONTH: 0.0 INCH 5 = HAIL
GRTST 24HR 0.0 6 = FREEZING RAIN OR DRIZZLE
GRTST DEPTH: 0 7 = DUSTSTORM OR SANDSTORM:
VSBY 1/2 MILE OR LESS
8 = SMOKE OR HAZE
[NO. OF DAYS WITH] [WEATHER - DAYS WITH] 9 = BLOWING SNOW
X = TORNADO
MAX 32 OR BELOW: 0 0.01 INCH OR MORE: 13
MAX 90 OR ABOVE: 1 0.10 INCH OR MORE: 7
MIN 32 OR BELOW: 3 0.50 INCH OR MORE: 3
MIN 0 OR BELOW: 0 1.00 INCH OR MORE: 2
[HDD (BASE 65) ]
TOTAL THIS MO. 251 CLEAR (SCALE 0-3) 17
DPTR FM NORMAL -113 PTCLDY (SCALE 4-7) 6
TOTAL FM JUL 1 2869 CLOUDY (SCALE 8-10) 8
DPTR FM NORMAL -113
[CDD (BASE 65) ]
TOTAL THIS MO. 22
DPTR FM NORMAL 5 [PRESSURE DATA]
TOTAL FM JAN 1 22 HIGHEST SLP 30.60 ON 6
DPTR FM NORMAL 4 LOWEST SLP 29.55 ON 26
[REMARKS]
#FINAL-03-20#