000
CXUS54 KLUB 010730
CF6LBB
PRELIMINARY LOCAL CLIMATOLOGICAL DATA (WS FORM: F-6)
STATION: LUBBOCK
MONTH: MARCH
YEAR: 2023
LATITUDE: 33 39 N
LONGITUDE: 101 49 W
TEMPERATURE IN F: :PCPN: SNOW: WIND :SUNSHINE: SKY :PK WND
================================================================================
1 2 3 4 5 6A 6B 7 8 9 10 11 12 13 14 15 16 17 18
12Z AVG MX 2MIN
DY MAX MIN AVG DEP HDD CDD WTR SNW DPTH SPD SPD DIR MIN PSBL S-S WX SPD DR
================================================================================
1 66 42 54 6 11 0 0.00 0.0 0 12.5 22 180 M M 6 29 160
2 71 31 51 2 14 0 T 0.0 0 9.6 40 230 M M 6 59 310
3 68 30 49 0 16 0 0.00 0.0 0 11.8 22 240 M M 1 29 270
4 67 35 51 2 14 0 0.00 0.0 0 11.2 25 350 M M 2 32 350
5 82 36 59 9 6 0 0.00 0.0 0 15.4 33 230 M M 4 8 45 210
6 80 42 61 11 4 0 0.00 0.0 0 7.7 15 100 M M 7 21 60
7 76 37 57 7 8 0 0.00 0.0 0 8.5 23 40 M M 6 32 40
8 53 36 45 -6 20 0 0.00 0.0 0 12.0 21 40 M M 9 1 26 30
9 74 44 59 8 6 0 0.00 0.0 0 10.0 23 70 M M 9 1 31 60
10 66 38 52 1 13 0 0.00 0.0 0 13.5 23 180 M M 8 29 190
11 82 49 66 14 0 1 0.00 0.0 0 18.3 36 290 M M 7 8 45 310
12 64 38 51 -1 14 0 0.00 0.0 0 11.0 22 90 M M 6 29 110
13 55 35 45 -7 20 0 T 0.0 0 14.7 23 110 M M 6 30 120
14 63 31 47 -5 18 0 0.00 0.0 0 13.2 24 150 M M 4 29 140
15 81 40 61 8 4 0 0.00 0.0 0 19.6 30 200 M M 7 53 230
16 72 35 54 1 11 0 T 0.0 0 25.2 38 10 M M 8 8 60 240
17 49 33 41 -12 24 0 0.00 0.0 0 8.8 21 30 M M 7 28 30
18 52 26 39 -15 26 0 0.00 0.0 0 8.4 23 60 M M 5 29 50
19 58 25 42 -12 23 0 0.00 0.0 0 12.1 28 210 M M 5 35 190
20 63 35 49 -5 16 0 T 0.0 0 17.2 28 190 M M 8 39 180
21 76 43 60 5 5 0 0.00 0.0 0 14.6 30 220 M M 7 44 210
22 86 52 69 14 0 4 0.00 0.0 0 14.0 30 250 M M 7 37 230
23 79 48 64 9 1 0 0.00 0.0 0 9.0 22 270 M M 7 28 360
24 67 44 56 0 9 0 0.00 0.0 0 17.0 36 270 M M 5 50 300
25 67 41 54 -2 11 0 0.00 0.0 0 17.0 36 290 M M 0 8 51 300
26 63 32 48 -8 17 0 0.00 0.0 0 10.1 24 60 M M 1 30 60
27 66 33 50 -6 15 0 0.00 0.0 0 9.2 36 20 M M 5 8 54 360
28 57 28 43 -14 22 0 0.00 0.0 0 11.1 25 30 M M 5 33 20
29 75 39 57 0 8 0 0.00 0.0 0 12.9 23 180 M M 3 30 150
30 81 49 65 8 0 0 0.00 0.0 0 20.5 33 190 M M 5 8 46 190
31 70 43 57 0 8 0 0.00 0.0 0 20.5 44 270 M M 1 8 59 300
================================================================================
SM 2129 1170 364 5 T 0.0 416.6 M 167
================================================================================
AV 68.7 37.7 13.4 FASTST M M 5 MAX(MPH)
MISC ----> 44 270 60 240
================================================================================
NOTES:
# LAST OF SEVERAL OCCURRENCES
COLUMN 17 PEAK WIND IN M.P.H.
PRELIMINARY LOCAL CLIMATOLOGICAL DATA (WS FORM: F-6) , PAGE 2
STATION: LUBBOCK
MONTH: MARCH
YEAR: 2023
LATITUDE: 33 39 N
LONGITUDE: 101 49 W
[TEMPERATURE DATA] [PRECIPITATION DATA] SYMBOLS USED IN COLUMN 16
AVERAGE MONTHLY: 53.2 TOTAL FOR MONTH: T 1 = FOG OR MIST
DPTR FM NORMAL: 0.2 DPTR FM NORMAL: -1.10 2 = FOG REDUCING VISIBILITY
HIGHEST: 86 ON 22 GRTST 24HR T ON 2- 2 TO 1/4 MILE OR LESS
LOWEST: 25 ON 19 3 = THUNDER
SNOW, ICE PELLETS, HAIL 4 = ICE PELLETS
TOTAL MONTH: 0.0 INCH 5 = HAIL
GRTST 24HR 0.0 6 = FREEZING RAIN OR DRIZZLE
GRTST DEPTH: 0 7 = DUSTSTORM OR SANDSTORM:
VSBY 1/2 MILE OR LESS
8 = SMOKE OR HAZE
[NO. OF DAYS WITH] [WEATHER - DAYS WITH] 9 = BLOWING SNOW
X = TORNADO
MAX 32 OR BELOW: 0 0.01 INCH OR MORE: 0
MAX 90 OR ABOVE: 0 0.10 INCH OR MORE: 0
MIN 32 OR BELOW: 7 0.50 INCH OR MORE: 0
MIN 0 OR BELOW: 0 1.00 INCH OR MORE: 0
[HDD (BASE 65) ]
TOTAL THIS MO. 364 CLEAR (SCALE 0-3) 6
DPTR FM NORMAL -17 PTCLDY (SCALE 4-7) 22
TOTAL FM JUL 1 2871 CLOUDY (SCALE 8-10) 3
DPTR FM NORMAL -160
[CDD (BASE 65) ]
TOTAL THIS MO. 5
DPTR FM NORMAL -5 [PRESSURE DATA]
TOTAL FM JAN 1 5 HIGHEST SLP M ON M
DPTR FM NORMAL -5 LOWEST SLP 29.43 ON 2
[REMARKS]
#FINAL-03-23#