000
CXUS52 KILM 011000
CF6LBT
PRELIMINARY LOCAL CLIMATOLOGICAL DATA (WS FORM: F-6)
STATION: LUMBERTON NORTH CAROLINA
MONTH: AUGUST
YEAR: 2021
LATITUDE: 34 35 N
LONGITUDE: 79 4 W
TEMPERATURE IN F: :PCPN: SNOW: WIND :SUNSHINE: SKY :PK WND
================================================================================
1 2 3 4 5 6A 6B 7 8 9 10 11 12 13 14 15 16 17 18
12Z AVG MX 2MIN
DY MAX MIN AVG DEP HDD CDD WTR SNW DPTH SPD SPD DIR MIN PSBL S-S WX SPD DR
================================================================================
1 95 73 84 3 0 19 0.41 M M M M M M M M M M
2 87 72 80 -1 0 15 0.44 M M M M M M M M M M
3 74 68 71 -10 0 6 0.81 M M M M M M M M M M
4 76 69 73 -8 0 8 0.03 M M M M M M M M M M
5 86 68 77 -4 0 12 0.01 M M M M M M M M M M
6 85 71 78 -3 0 13 0.62 M M M M M M M M M M
7 87 72 80 -1 0 15 1.16 M M M M M M M M M M
8 90 69 80 -1 0 15 0.00 M M M M M M M M M M
9 90 71 81 0 0 16 0.00 M M M M M M M M M M
10 91 72 82 1 0 17 0.00 M M M M M M M M M M
11 93 76 85 4 0 20 0.00 M M M M M M M M M M
12 94 75 85 5 0 20 0.00 M M M M M M M M M M
13 95 75 85 5 0 20 0.00 M M M M M M M M M M
14 93 74 84 4 0 19 0.00 M M M M M M M M M M
15 93 75 84 4 0 19 0.23 M M M M M M M M M M
16 89 74 82 2 0 17 0.00 M M M M M M M M M M
17 83 75 79 -1 0 14 0.30 M M M M M M M M M M
18 91 77 84 4 0 19 0.00 M M M M M M M M M M
19 95 76 86 6 0 21 0.03 M M M M M M M M M M
20 93 74 84 4 0 19 0.00 M M M M M M M M M M
21 91 72 82 2 0 17 0.00 M M M M M M M M M M
22 87 73 80 0 0 15 0.01 M M M M M M M M M M
23 91 73 82 3 0 17 0.05 M M M M M M M M M M
24 95 74 85 6 0 20 0.53 M M M M M M M M M M
25 92 72 82 3 0 17 0.00 M M M M M M M M M M
26 90 72 81 2 0 16 0.00 M M M M M M M M M M
27 93 71 82 3 0 17 0.00 M M M M M M M M M M
28 93 71 82 3 0 17 0.00 M M M M M M M M M M
29 93 71 82 4 0 17 0.00 M M M M M M M M M M
30 93 71 82 4 0 17 0.00 M M M M M M M M M M
31 91 72 82 4 0 17 0.00 M M M M M M M M M M
================================================================================
SM 2789 2248 0 511 4.63 M M M M
================================================================================
AV 90.0 72.5 M FASTST M M M MAX(MPH)
MISC ----> M M M M
================================================================================
NOTES:
# LAST OF SEVERAL OCCURRENCES
COLUMN 17 PEAK WIND IN M.P.H.
PRELIMINARY LOCAL CLIMATOLOGICAL DATA (WS FORM: F-6) , PAGE 2
STATION: LUMBERTON NORTH CAROLINA
MONTH: AUGUST
YEAR: 2021
LATITUDE: 34 35 N
LONGITUDE: 79 4 W
[TEMPERATURE DATA] [PRECIPITATION DATA] SYMBOLS USED IN COLUMN 16
AVERAGE MONTHLY: 81.2 TOTAL FOR MONTH: 4.63 1 = FOG OR MIST
DPTR FM NORMAL: 1.2 DPTR FM NORMAL: -0.14 2 = FOG REDUCING VISIBILITY
HIGHEST: 95 ON 24,19 GRTST 24HR 1.16 ON 7- 7 TO 1/4 MILE OR LESS
LOWEST: 68 ON 5, 3 3 = THUNDER
SNOW, ICE PELLETS, HAIL 4 = ICE PELLETS
TOTAL MONTH: M 5 = HAIL
GRTST 24HR M ON M 6 = FREEZING RAIN OR DRIZZLE
GRTST DEPTH: M ON M 7 = DUSTSTORM OR SANDSTORM:
VSBY 1/2 MILE OR LESS
8 = SMOKE OR HAZE
[NO. OF DAYS WITH] [WEATHER - DAYS WITH] 9 = BLOWING SNOW
X = TORNADO
MAX 32 OR BELOW: 0 0.01 INCH OR MORE: 13
MAX 90 OR ABOVE: 22 0.10 INCH OR MORE: 8
MIN 32 OR BELOW: 0 0.50 INCH OR MORE: 4
MIN 0 OR BELOW: 0 1.00 INCH OR MORE: 1
[HDD (BASE 65) ]
TOTAL THIS MO. 0 CLEAR (SCALE 0-3) 0
DPTR FM NORMAL 0 PTCLDY (SCALE 4-7) 0
TOTAL FM JUL 1 0 CLOUDY (SCALE 8-10) 31
DPTR FM NORMAL 0
[CDD (BASE 65) ]
TOTAL THIS MO. 511
DPTR FM NORMAL 46 [PRESSURE DATA]
TOTAL FM JAN 1 1672 HIGHEST SLP M ON M
DPTR FM NORMAL -21 LOWEST SLP M ON M
[REMARKS]
#FINAL-08-21#