000
CXUS54 KLCH 011340
CF6LCH
PRELIMINARY LOCAL CLIMATOLOGICAL DATA (WS FORM: F-6)
STATION: LAKE CHARLES
MONTH: APRIL
YEAR: 2020
LATITUDE: 30 7 N
LONGITUDE: 93 13 W
TEMPERATURE IN F: :PCPN: SNOW: WIND :SUNSHINE: SKY :PK WND
================================================================================
1 2 3 4 5 6A 6B 7 8 9 10 11 12 13 14 15 16 17 18
12Z AVG MX 2MIN
DY MAX MIN AVG DEP HDD CDD WTR SNW DPTH SPD SPD DIR MIN PSBL S-S WX SPD DR
================================================================================
1 73 46 60 -5 5 0 0.00 0.0 0 5.6 17 120 M M 0 24 120
2 75 56 66 1 0 1 0.00 0.0 0 7.9 20 140 M M 1 25 150
3 80 61 71 6 0 6 T 0.0 0 6.9 17 150 M M 5 23 140
4 77 60 69 4 0 4 0.07 0.0 0 6.2 14 20 M M 7 18 20
5 80 57 69 3 0 4 0.00 0.0 0 6.5 17 60 M M 5 1 24 60
6 77 63 70 4 0 5 0.04 0.0 0 7.2 15 130 M M 6 1 19 120
7 83 70 77 11 0 12 0.01 0.0 0 7.4 14 210 M M 8 1 22 200
8 82 72 77 11 0 12 0.00 0.0 0 6.8 14 240 M M 7 19 210
9 88 65 77 11 0 12 0.61 0.0 0 5.8 25 360 M M 3 13 39 10
10 72 57 65 -2 0 0 0.19 0.0 0 11.1 23 50 M M 2 13 30 60
11 79 54 67 0 0 2 0.00 0.0 0 11.4 20 120 M M 4 27 140
12 83 66 75 8 0 10 0.01 0.0 0 13.1 23 220 M M 7 18 37 230
13 69 50 60 -7 5 0 0.00 0.0 0 12.6 22 10 M M 2 8 30 340
14 71 47 59 -9 6 0 0.00 0.0 0 14.0 21 40 M M 2 29 40
15 69 45 57 -11 8 0 0.00 0.0 0 11.2 23 40 M M 0 30 30
16 74 45 60 -8 5 0 0.00 0.0 0 8.2 18 140 M M 0 8 26 140
17 81 56 69 1 0 4 0.04 0.0 0 6.0 14 140 M M 5 13 19 140
18 78 64 71 2 0 6 0.01 0.0 0 8.1 16 140 M M 9 13 19 140
19 81 67 74 5 0 9 0.01 0.0 0 7.5 20 240 M M 8 1238 31 240
20 81 59 70 1 0 5 0.00 0.0 0 5.0 16 40 M M 1 1 22 50
21 84 60 72 3 0 7 0.00 0.0 0 5.8 14 200 M M 0 1 21 240
22 80 64 72 2 0 7 T 0.0 0 13.2 30 160 M M 6 13 45 150
23 88 61 75 5 0 10 T 0.0 0 9.2 22 320 M M 5 138 30 160
24 84 53 69 -1 0 4 0.00 0.0 0 7.5 15 130 M M 0 1 23 220
25 84 61 73 3 0 8 0.01 0.0 0 8.6 18 300 M M 2 123 26 290
26 84 54 69 -2 0 4 0.00 0.0 0 6.1 16 360 M M 0 23 10
27 82 55 69 -2 0 4 0.00 0.0 0 10.7 22 140 M M 0 30 150
28 80 64 72 1 0 7 1.82 0.0 0 10.2 24 160 M M 8 123 34 160
29 78 56 67 -4 0 2 1.09 0.0 0 8.6 45 20 M M 5 13 61 20
30 81 51 66 -6 0 1 0.00 0.0 0 5.4 15 330 M M 0 21 330
================================================================================
SM 2378 1739 29 146 3.91 0.0 253.8 M 108
================================================================================
AV 79.3 58.0 8.5 FASTST M M 4 MAX(MPH)
MISC ----> # 45 20 # 61 20
================================================================================
NOTES:
# LAST OF SEVERAL OCCURRENCES
COLUMN 17 PEAK WIND IN M.P.H.
PRELIMINARY LOCAL CLIMATOLOGICAL DATA (WS FORM: F-6) , PAGE 2
STATION: LAKE CHARLES
MONTH: APRIL
YEAR: 2020
LATITUDE: 30 7 N
LONGITUDE: 93 13 W
[TEMPERATURE DATA] [PRECIPITATION DATA] SYMBOLS USED IN COLUMN 16
AVERAGE MONTHLY: 68.6 TOTAL FOR MONTH: 3.91 1 = FOG OR MIST
DPTR FM NORMAL: 0.5 DPTR FM NORMAL: 0.58 2 = FOG REDUCING VISIBILITY
HIGHEST: 88 ON 23, 9 GRTST 24HR 1.82 ON 28-28 TO 1/4 MILE OR LESS
LOWEST: 45 ON 16,15 3 = THUNDER
SNOW, ICE PELLETS, HAIL 4 = ICE PELLETS
TOTAL MONTH: 0.0 INCH 5 = HAIL
GRTST 24HR 0.0 6 = FREEZING RAIN OR DRIZZLE
GRTST DEPTH: 0 7 = DUSTSTORM OR SANDSTORM:
VSBY 1/2 MILE OR LESS
8 = SMOKE OR HAZE
[NO. OF DAYS WITH] [WEATHER - DAYS WITH] 9 = BLOWING SNOW
X = TORNADO
MAX 32 OR BELOW: 0 0.01 INCH OR MORE: 12
MAX 90 OR ABOVE: 0 0.10 INCH OR MORE: 4
MIN 32 OR BELOW: 0 0.50 INCH OR MORE: 3
MIN 0 OR BELOW: 0 1.00 INCH OR MORE: 2
[HDD (BASE 65) ]
TOTAL THIS MO. 29 CLEAR (SCALE 0-3) 15
DPTR FM NORMAL -16 PTCLDY (SCALE 4-7) 13
TOTAL FM JUL 1 1014 CLOUDY (SCALE 8-10) 2
DPTR FM NORMAL -475
[CDD (BASE 65) ]
TOTAL THIS MO. 146
DPTR FM NORMAL 10 [PRESSURE DATA]
TOTAL FM JAN 1 411 HIGHEST SLP 30.26 ON 16
DPTR FM NORMAL 203 LOWEST SLP 29.53 ON 12
[REMARKS]
#FINAL-04-20#